{"text_format":"1","workbook":"xlsx","n_sheets":19,"sheets":["Control","CO2FFC","IndirectCO2","Stationary","Mobile Combustion","Coal","Gas and Oil","IP","Agriculture","Forest Management","Waste","Wastewater","Summary by Sector","Summary by Gas","Gas Intensity","Population","GSP from BEA","Factors","Notes"],"not_rendered":{"charts":36,"images":12,"macros":1,"external_links":1,"defined_names":216,"comments":1,"pivot_tables":0},"unopened":[],"bounds":{"document_bytes":16777216,"sheet_cells":100000,"rows_first":2000,"rows_last":500,"rows_between":2000,"halvings":0,"cell_chars":16384,"cell_head_chars":4096},"cells_cut":0,"cells_raw":0,"read":"whole","date_system":"1900"}

{"sheet":"Control","index":0,"n_rows":34,"n_cols":7,"rows_kept":34,"cut":false,"hidden":false,"merged":[[3,0,3,8],[18,3,18,5]]}
["State Inventory Tool - Synthesis Tool"]
[]
["This tool will collect data from the individual sector modules and combine them, the final step in conducting a GHG inventory for your state."]
["Before using this module, the user should conduct greenhouse gas inventories for all applicable sources using the individual sector modules. After completing each sector inventory, the user should export the data using the button provided in the final step of each sector module. The modules will then create an output file using a default file name. Please do not change the file names or alter the output files in any way. Once all ten output files have been generated, the user of this Synthesis module should then begin here by choosing a state. In step 2, when the user clicks on the buttons to get the data, the user will be prompted to locate the output files. This module will then open the specified file and copy the necessary data.  In order to attain correct results, please be sure to choose the proper files when prompted. Please see the User's Guide for the Synthesis Tool for additional information.\n\nNote: The default GWPs used in this module are from the IPCC Fourth Assessment Report (AR4) but can be adjusted in the Factors tab to reflect other sources."]
[]
[]
[null,"1. Choose a State:"]
[]
[null,"2. Locate Output File, Import, and Review Data for Each Module",null,null,null,null,"Summary File Created on:"]
[]
[null,null,"CO2 from Fossil Fuel Combustion",null,null,null,{"$f":"IF(CO2FFC!$AZ$1=0,\"\",CO2FFC!$AZ$1)","v":""}]
[null,null,"CO2 from Electricity Consumption",null,null,null,{"$f":"IF(IndirectCO2!$AZ$1=0,\"\",IndirectCO2!$AZ$1)","v":""}]
[null,null,"Stationary Combustion",null,null,null,{"$f":"IF(Stationary!AZ1=0,\"\",Stationary!AZ1)","v":""}]
[null,null,"Mobile Combustion",null,null,null,{"$f":"IF('Mobile Combustion'!AZ1=0,\"\",'Mobile Combustion'!AZ1)","v":""}]
[null,null,"Coal Mining",null,null,null,{"$f":"IF(Coal!AZ1=0,\"\",Coal!AZ1)","v":""}]
[null,null,"Natural Gas and Oil Systems",null,null,null,{"$f":"IF('Gas and Oil'!AZ1=0,\"\",'Gas and Oil'!AZ1)","v":""}]
[null,null,"Industrial Processes",null,null,null,{"$f":"IF(IP!AZ1=0,\"\",IP!AZ1)","v":""}]
[null,null,"Agriculture",null,null,null,{"$f":"IF(Agriculture!AZ1=0,\"\",Agriculture!AZ1)","v":""}]
[null,null,"Land Use, Land-Use Change, and Forestry",null,null,null,{"$f":"IF('Forest Management'!AZ1=0,\"\",'Forest Management'!AZ1)","v":""}]
[null,null,"Municipal Solid Waste",null,null,null,{"$f":"IF(Waste!AZ1=0,\"\",Waste!AZ1)","v":""}]
[null,null,"Wastewater",null,null,null,{"$f":"IF(Wastewater!AZ1=0,\"\",Wastewater!AZ1)","v":""}]
[]
[null,"3. View the Summary Sheets:"]
[]
[true]
[]
[]
[]
[]
[]
[]
[null,"Global Warming Potential Factors"]
[null,"CH4 GWP",21]
[null,"N2O GWP",310]

{"sheet":"CO2FFC","index":1,"n_rows":41,"n_cols":33,"rows_kept":41,"cut":false,"hidden":false,"merged":[[0,0,0,4]]}
[{"$f":"\"Summary of CO2 Emissions from Fossil Fuel Combustion in \"&StateName&\" (MMTCO2E)\"","v":"Summary of CO2 Emissions from Fossil Fuel Combustion in Select a State . . . (MMTCO2E)"}]
[]
[null,"Emissions (MMTCO2 Eq.)",1990,1991,1992,1993,1994,1995,1996,1997,1998,1999,2000,2001,2002,2003,2004,2005,2006,2007,2008,2009,2010,2011,2012,2013,2014,2015,2016,2017,2018,2019,2020]
[null,"Residential",{"$f":"SUM(C5:C8)","v":0},{"$f":"SUM(D5:D8)","v":0},0,0,0,0,0,0,0,0,0,0,0,0,0,0,0,0,0,0,0,0,0,0,0,0,0,0,0,0,0]
[null,"Coal"]
[null,"Petroleum"]
[null,"Natural Gas"]
[null,"Other"]
[null,"Commercial",{"$f":"SUM(C10:C13)","v":0},{"$f":"SUM(D10:D13)","v":0},0,0,0,0,0,0,0,0,0,0,0,0,0,0,0,0,0,0,0,0,0,0,0,0,0,0,0,0,0]
[null,"Coal"]
[null,"Petroleum"]
[null,"Natural Gas"]
[null,"Other"]
[null,"Industrial",{"$f":"SUM(C15:C18)","v":0},{"$f":"SUM(D15:D18)","v":0},0,0,0,0,0,0,0,0,0,0,0,0,0,0,0,0,0,0,0,0,0,0,0,0,0,0,0,0,0]
[null,"Coal"]
[null,"Petroleum"]
[null,"Natural Gas"]
[null,"Other"]
[null,"Transportation",{"$f":"SUM(C20:C23)","v":0},{"$f":"SUM(D20:D23)","v":0},0,0,0,0,0,0,0,0,0,0,0,0,0,0,0,0,0,0,0,0,0,0,0,0,0,0,0,0,0]
[null,"Coal"]
[null,"Petroleum"]
[null,"Natural Gas"]
[null,"Other"]
[null,"Electric Utilities",{"$f":"SUM(C25:C28)","v":0},{"$f":"SUM(D25:D28)","v":0},0,0,0,0,0,0,0,0,0,0,0,0,0,0,0,0,0,0,0,0,0,0,0,0,0,0,0,0,0]
[null,"Coal"]
[null,"Petroleum"]
[null,"Natural Gas"]
[null,"Other"]
[null,"International Bunker Fuels",{"$f":"C30","v":0},{"$f":"D30","v":0},0,0,0,0,0,0,0,0,{"$f":"M30","v":0},0,0,0,0,0,0,0,0,0,0,0,0,0,0,0,0,0,0,0,0]
[null,"Petroleum"]
[null,"TOTAL",{"$f":"SUM(C32:C34)","v":0},{"$f":"SUM(D32:D34)","v":0},0,0,0,0,0,0,0,0,{"$f":"SUM(M32:M34)","v":0},0,0,0,0,0,{"$f":"SUM(S32:S34)","v":0},0,0,0,0,0,0,0,0,0,0,0,0,0,0]
[null,"Coal",{"$f":"SUMIF($B$4:$B$27,\"Coal\",C$4:C$27)","v":0},{"$f":"SUMIF($B$4:$B$27,\"Coal\",D$4:D$27)","v":0},0,0,0,0,0,0,0,0,{"$f":"SUMIF($B$4:$B$27,\"Coal\",M$4:M$27)","v":0},0,0,0,0,0,0,0,0,0,0,0,0,0,0,0,0,0,0,0,0]
[null,"Petroleum",{"$f":"SUMIF($B$4:$B$27,\"Petroleum\",C$4:C$27)","v":0},{"$f":"SUMIF($B$4:$B$27,\"Petroleum\",D$4:D$27)","v":0},0,0,0,0,0,0,0,0,{"$f":"SUMIF($B$4:$B$27,\"Petroleum\",M$4:M$27)","v":0},0,0,0,0,0,0,0,0,0,0,0,0,0,0,0,0,0,0,0,0]
[null,"Natural Gas",{"$f":"SUMIF($B$4:$B$27,\"Natural Gas\",C$4:C$27)","v":0},{"$f":"SUMIF($B$4:$B$27,\"Natural Gas\",D$4:D$27)","v":0},0,0,0,0,0,0,0,0,{"$f":"SUMIF($B$4:$B$27,\"Natural Gas\",M$4:M$27)","v":0},0,0,0,0,0,0,0,0,0,0,0,0,0,0,0,0,0,0,0,0]
[null,"Other",{"$f":"SUMIF($B$4:$B$28,\"Other\",C$4:C$28)","v":0},{"$f":"SUMIF($B$4:$B$28,\"Other\",D$4:D$28)","v":0},0,0,0,0,0,0,0,0,0,0,0,0,0,0,0,0,0,0,0,0,0,0,0,0,0,0,0,0,0]
[null,null,1,{"$f":"IF(D3<=Factors!$C$21,C36+1,0)","v":2},{"$f":"IF(E3<=Factors!$C$21,D36+1,0)","v":3},{"$f":"IF(F3<=Factors!$C$21,E36+1,0)","v":4},{"$f":"IF(G3<=Factors!$C$21,F36+1,0)","v":5},{"$f":"IF(H3<=Factors!$C$21,G36+1,0)","v":6},{"$f":"IF(I3<=Factors!$C$21,H36+1,0)","v":7},{"$f":"IF(J3<=Factors!$C$21,I36+1,0)","v":8},{"$f":"IF(K3<=Factors!$C$21,J36+1,0)","v":9},{"$f":"IF(L3<=Factors!$C$21,K36+1,0)","v":10},{"$f":"IF(M3<=Factors!$C$21,L36+1,0)","v":11},{"$f":"IF(N3<=Factors!$C$21,M36+1,0)","v":12},{"$f":"IF(O3<=Factors!$C$21,N36+1,0)","v":13},{"$f":"IF(P3<=Factors!$C$21,O36+1,0)","v":14},{"$f":"IF(Q3<=Factors!$C$21,P36+1,0)","v":15},{"$f":"IF(R3<=Factors!$C$21,Q36+1,0)","v":16},{"$f":"IF(S3<=Factors!$C$21,R36+1,0)","v":17},{"$f":"IF(T3<=Factors!$C$21,S36+1,0)","v":18},{"$f":"IF(U3<=Factors!$C$21,T36+1,0)","v":19},{"$f":"IF(V3<=Factors!$C$21,U36+1,0)","v":20},{"$f":"IF(W3<=Factors!$C$21,V36+1,0)","v":21},{"$f":"IF(X3<=Factors!$C$21,W36+1,0)","v":22},{"$f":"IF(Y3<=Factors!$C$21,X36+1,0)","v":23},{"$f":"IF(Z3<=Factors!$C$21,Y36+1,0)","v":24},{"$f":"IF(AA3<=Factors!$C$21,Z36+1,0)","v":25},{"$f":"IF(AB3<=Factors!$C$21,AA36+1,0)","v":26},{"$f":"IF(AC3<=Factors!$C$21,AB36+1,0)","v":27},{"$f":"IF(AD3<=Factors!$C$21,AC36+1,0)","v":28},{"$f":"IF(AE3<=Factors!$C$21,AD36+1,0)","v":29},{"$f":"IF(AF3<=Factors!$C$21,AE36+1,0)","v":0},{"$f":"IF(AG3<=Factors!$C$21,AF36+1,0)","v":0}]
[]
[]
[]
[null,null,null,null,null,null,null,null,null,null,null,null,null,null,null,null,null,null,null,null,null,null,null,null,null,null,{"$f":"\"Emissions by Fuel Type, 1990-\"&Factors!C21","v":"Emissions by Fuel Type, 1990-2018"}]
[null,null,null,null,null,null,null,null,null,null,null,null,null,null,null,null,null,null,null,null,null,null,null,null,null,null,{"$f":"\"Emissions by Sector, 1990-\"&Factors!C21","v":"Emissions by Sector, 1990-2018"}]

{"sheet":"IndirectCO2","index":2,"n_rows":58,"n_cols":33,"rows_kept":58,"cut":false,"hidden":false,"merged":[[0,0,0,14]]}
[{"$f":"\"Summary of Indirect CO2 Emissions from Electricity Consumption in \"&StateName&\" (MMTCO2E)\"","v":"Summary of Indirect CO2 Emissions from Electricity Consumption in Select a State . . . (MMTCO2E)"}]
[]
[null,"Emissions (MMTCO2 Eq.)",1990,1991,1992,1993,1994,1995,1996,1997,1998,1999,2000,2001,2002,2003,2004,2005,2006,2007,2008,2009,2010,2011,2012,2013,2014,2015,2016,2017,2018,2019,2020]
[null,"Residential",{"$f":"SUM(C5:C9)","v":0},0,0,0,0,0,0,0,0,0,{"$f":"SUM(M5:M9)","v":0},{"$f":"SUM(N5:N9)","v":0},0,0,0,0,0,0,0,0,0,0,0,0,0,0,0,0,0,0,0]
[null,"Space Heating"]
[null,"Air-conditioning"]
[null,"Water Heating"]
[null,"Refrigeration"]
[null,"Other Appliances and Lighting"]
[null,"Commercial",{"$f":"SUM(C11:C20)","v":0},0,0,0,0,0,0,0,0,0,{"$f":"SUM(M11:M20)","v":0},{"$f":"SUM(N11:N20)","v":0},0,0,0,0,0,0,0,0,0,0,0,0,0,0,0,0,0,0,0]
[null,"Space Heating"]
[null,"Cooling"]
[null,"Ventilation"]
[null,"Water Heating"]
[null,"Lighting"]
[null,"Cooking"]
[null,"Refrigeration"]
[null,"Office Equipment"]
[null,"Computers"]
[null,"Other"]
[null,"Industrial",{"$f":"SUM(C22,C25,C31,C37)","v":0},0,0,0,0,0,0,0,0,0,{"$f":"SUM(M22,M25,M31,M37)","v":0},{"$f":"SUM(N22,N25,N31,N37)","v":0},0,0,0,0,0,0,0,0,0,0,0,0,0,0,0,0,0,0,0]
[null,"Indirect Uses-Boiler Fuel"]
[null,"  Conventional Boiler Use"]
[null,"  CHP and/or Cogeneration Process"]
[null,"Direct Uses-Total Process"]
[null,"  Process Heating"]
[null,"  Process Cooling and Refrigeration"]
[null,"  Machine Drive"]
[null,"  Electro-Chemical Processes"]
[null,"  Other Process Use"]
[null,"Direct Uses-Total Nonprocess"]
[null,"  Facility HVAC"]
[null,"  Facility Lighting"]
[null,"  Other Facility Support"]
[null,"  Onsite Transportation"]
[null,"  Other Nonprocess Use"]
[null,"Other"]
[null,"Transportation",{"$f":"SUM(C39:C47)","v":0},0,0,0,0,0,0,0,0,0,{"$f":"SUM(M39:M47)","v":0},{"$f":"SUM(N39:N47)","v":0},0,0,0,0,0,0,0,0,0,0,0,0,0,0,0,0,0,0,0]
[null,"Automated Guideway"]
[null,"Bus (charged batteries)"]
[null,"Cable Car"]
[null,"Commuter Rail"]
[null,"Heavy Rail"]
[null,"Inclined Plane"]
[null,"Light Rail"]
[null,"Trolleybus"]
[null,"Other"]
[null,"TOTAL",{"$f":"SUM(C49:C52)","v":0},0,0,0,0,0,0,0,0,0,{"$f":"SUM(M49:M52)","v":0},{"$f":"SUM(N49:N52)","v":0},0,0,0,0,0,0,0,0,0,0,0,0,0,0,0,0,0,0,0]
[null,"Residential",{"$f":"C4","v":0},0,0,0,0,0,0,0,0,0,{"$f":"M4","v":0},{"$f":"N4","v":0},0,0,0,0,0,0,0,0,0,0,0,0,0,0,0,0,0,0,0]
[null,"Commercial",{"$f":"C10","v":0},0,0,0,0,0,0,0,0,0,{"$f":"M10","v":0},{"$f":"N10","v":0},0,0,0,0,0,0,0,0,0,0,0,0,0,0,0,0,0,0,0]
[null,"Industrial",{"$f":"C21","v":0},0,0,0,0,0,0,0,0,0,{"$f":"M21","v":0},{"$f":"N21","v":0},0,0,0,0,0,0,0,0,0,0,0,0,0,0,0,0,0,0,0]
[null,"Transportation",{"$f":"C38","v":0},{"$f":"D38","v":0},0,0,0,0,0,0,0,0,{"$f":"M38","v":0},{"$f":"N38","v":0},0,0,0,0,0,0,0,0,0,0,0,0,0,0,0,0,0,0,0]
[null,null,1,{"$f":"IF(D3<=Factors!$C$21,C53+1,0)","v":2},{"$f":"IF(E3<=Factors!$C$21,D53+1,0)","v":3},{"$f":"IF(F3<=Factors!$C$21,E53+1,0)","v":4},{"$f":"IF(G3<=Factors!$C$21,F53+1,0)","v":5},{"$f":"IF(H3<=Factors!$C$21,G53+1,0)","v":6},{"$f":"IF(I3<=Factors!$C$21,H53+1,0)","v":7},{"$f":"IF(J3<=Factors!$C$21,I53+1,0)","v":8},{"$f":"IF(K3<=Factors!$C$21,J53+1,0)","v":9},{"$f":"IF(L3<=Factors!$C$21,K53+1,0)","v":10},{"$f":"IF(M3<=Factors!$C$21,L53+1,0)","v":11},{"$f":"IF(N3<=Factors!$C$21,M53+1,0)","v":12},{"$f":"IF(O3<=Factors!$C$21,N53+1,0)","v":13},{"$f":"IF(P3<=Factors!$C$21,O53+1,0)","v":14},{"$f":"IF(Q3<=Factors!$C$21,P53+1,0)","v":15},{"$f":"IF(R3<=Factors!$C$21,Q53+1,0)","v":16},{"$f":"IF(S3<=Factors!$C$21,R53+1,0)","v":17},{"$f":"IF(T3<=Factors!$C$21,S53+1,0)","v":18},{"$f":"IF(U3<=Factors!$C$21,T53+1,0)","v":19},{"$f":"IF(V3<=Factors!$C$21,U53+1,0)","v":20},{"$f":"IF(W3<=Factors!$C$21,V53+1,0)","v":21},{"$f":"IF(X3<=Factors!$C$21,W53+1,0)","v":22},{"$f":"IF(Y3<=Factors!$C$21,X53+1,0)","v":23},{"$f":"IF(Z3<=Factors!$C$21,Y53+1,0)","v":24},{"$f":"IF(AA3<=Factors!$C$21,Z53+1,0)","v":25},{"$f":"IF(AB3<=Factors!$C$21,AA53+1,0)","v":26},{"$f":"IF(AC3<=Factors!$C$21,AB53+1,0)","v":27},{"$f":"IF(AD3<=Factors!$C$21,AC53+1,0)","v":28},{"$f":"IF(AE3<=Factors!$C$21,AD53+1,0)","v":29},{"$f":"IF(AF3<=Factors!$C$21,AE53+1,0)","v":0},{"$f":"IF(AG3<=Factors!$C$21,AF53+1,0)","v":0}]
[]
[]
[]
[]
[null,null,null,null,null,null,null,null,null,null,null,null,null,null,{"$f":"\"Indirect Emissions by Sector, 1990-\"&Factors!C21","v":"Indirect Emissions by Sector, 1990-2018"}]

{"sheet":"Stationary","index":3,"n_rows":27,"n_cols":33,"rows_kept":27,"cut":false,"hidden":false,"merged":[[0,0,0,7]]}
[{"$f":"\"Summary of CH4 and N2O Emissions from Stationary Combustion in \"&StateName&\" (MMTCO2E)\"","v":"Summary of CH4 and N2O Emissions from Stationary Combustion in Select a State . . . (MMTCO2E)"}]
[]
[null,"Emissions (MMTCO2 Eq.)",1990,1991,1992,1993,1994,1995,1996,1997,1998,1999,2000,2001,2002,2003,2004,2005,2006,2007,2008,2009,2010,2011,2012,2013,2014,2015,2016,2017,2018,2019,2020]
[null,"Residential",{"$f":"SUM(C5:C6)","v":0},0,0,0,0,0,0,0,0,0,{"$f":"SUM(M5:M6)","v":0},0,0,0,0,0,{"$f":"SUM(S5:S6)","v":0},0,0,0,0,0,0,0,0,0,0,0,0,0,0]
[null,"N2O"]
[null,"CH4"]
[null,"Commercial",{"$f":"SUM(C8:C9)","v":0},0,0,0,0,0,0,0,0,0,{"$f":"SUM(M8:M9)","v":0},0,0,0,0,0,{"$f":"SUM(S8:S9)","v":0},0,0,0,0,0,0,0,0,0,0,0,0,0,0]
[null,"N2O"]
[null,"CH4"]
[null,"Industrial",{"$f":"SUM(C11:C12)","v":0},0,0,0,0,0,0,0,0,0,{"$f":"SUM(M11:M12)","v":0},0,0,0,0,0,{"$f":"SUM(S11:S12)","v":0},0,0,0,0,0,0,0,0,0,0,0,0,0,0]
[null,"N2O"]
[null,"CH4"]
[null,"Electric Utilities",{"$f":"SUM(C14:C15)","v":0},0,0,0,0,0,0,0,0,0,{"$f":"SUM(M14:M15)","v":0},0,0,0,0,0,{"$f":"SUM(S14:S15)","v":0},0,0,0,0,0,0,0,0,0,0,0,0,0,0]
[null,"N2O"]
[null,"CH4"]
[null,"N2O",{"$f":"SUMIF($B$5:$B$15,$B$16,C5:C15)","v":0},{"$f":"SUMIF($B$5:$B$15,$B$16,D5:D15)","v":0},0,0,0,0,0,0,0,0,{"$f":"SUMIF($B$5:$B$15,$B$16,M5:M15)","v":0},0,0,0,0,0,{"$f":"SUMIF($B$5:$B$15,$B$16,S5:S15)","v":0},0,0,0,0,0,0,0,0,0,0,0,0,0,0]
[null,"CH4",{"$f":"SUMIF($B$5:$B$15,$B$17,C5:C15)","v":0},{"$f":"SUMIF($B$5:$B$15,$B$17,D5:D15)","v":0},0,0,0,0,0,0,0,0,{"$f":"SUMIF($B$5:$B$15,$B$17,M5:M15)","v":0},0,0,0,0,0,{"$f":"SUMIF($B$5:$B$15,$B$17,S5:S15)","v":0},0,0,0,0,0,0,0,0,0,0,0,0,0,0]
[null,"TOTAL",{"$f":"SUM(C4,C7,C10,C13)","v":0},0,0,0,0,0,0,0,0,0,{"$f":"SUM(M4,M7,M10,M13)","v":0},0,0,0,0,0,{"$f":"SUM(S4,S7,S10,S13)","v":0},0,0,0,0,0,0,0,0,0,0,0,0,0,0]
[null,null,1,{"$f":"IF(D3<=Factors!$C$21,C19+1,0)","v":2},{"$f":"IF(E3<=Factors!$C$21,D19+1,0)","v":3},{"$f":"IF(F3<=Factors!$C$21,E19+1,0)","v":4},{"$f":"IF(G3<=Factors!$C$21,F19+1,0)","v":5},{"$f":"IF(H3<=Factors!$C$21,G19+1,0)","v":6},{"$f":"IF(I3<=Factors!$C$21,H19+1,0)","v":7},{"$f":"IF(J3<=Factors!$C$21,I19+1,0)","v":8},{"$f":"IF(K3<=Factors!$C$21,J19+1,0)","v":9},{"$f":"IF(L3<=Factors!$C$21,K19+1,0)","v":10},{"$f":"IF(M3<=Factors!$C$21,L19+1,0)","v":11},{"$f":"IF(N3<=Factors!$C$21,M19+1,0)","v":12},{"$f":"IF(O3<=Factors!$C$21,N19+1,0)","v":13},{"$f":"IF(P3<=Factors!$C$21,O19+1,0)","v":14},{"$f":"IF(Q3<=Factors!$C$21,P19+1,0)","v":15},{"$f":"IF(R3<=Factors!$C$21,Q19+1,0)","v":16},{"$f":"IF(S3<=Factors!$C$21,R19+1,0)","v":17},{"$f":"IF(T3<=Factors!$C$21,S19+1,0)","v":18},{"$f":"IF(U3<=Factors!$C$21,T19+1,0)","v":19},{"$f":"IF(V3<=Factors!$C$21,U19+1,0)","v":20},{"$f":"IF(W3<=Factors!$C$21,V19+1,0)","v":21},{"$f":"IF(X3<=Factors!$C$21,W19+1,0)","v":22},{"$f":"IF(Y3<=Factors!$C$21,X19+1,0)","v":23},{"$f":"IF(Z3<=Factors!$C$21,Y19+1,0)","v":24},{"$f":"IF(AA3<=Factors!$C$21,Z19+1,0)","v":25},{"$f":"IF(AB3<=Factors!$C$21,AA19+1,0)","v":26},{"$f":"IF(AC3<=Factors!$C$21,AB19+1,0)","v":27},{"$f":"IF(AD3<=Factors!$C$21,AC19+1,0)","v":28},{"$f":"IF(AE3<=Factors!$C$21,AD19+1,0)","v":29},{"$f":"IF(AF3<=Factors!$C$21,AE19+1,0)","v":0},{"$f":"IF(AG3<=Factors!$C$21,AF19+1,0)","v":0}]
[]
[]
[]
[]
[null,null,{"$f":"\"Total Non-CO2 Emissions by Sector for \"&StateName","v":"Total Non-CO2 Emissions by Sector for Select a State . . ."}]
[]
[]
[null,null,null,null,null,null,null,null,null,null,null,null,null,null,{"$f":"\"Emissions by Sector, 1990-\"&Factors!C21","v":"Emissions by Sector, 1990-2018"}]

{"sheet":"Mobile Combustion","index":4,"n_rows":107,"n_cols":61,"rows_kept":107,"cut":false,"hidden":false,"merged":[[0,0,0,6]]}
[{"$f":"\"Summary of CH4 and N2O Emissions from Mobile Combustion in \"&StateName&\" (MTCO2E)\"","v":"Summary of CH4 and N2O Emissions from Mobile Combustion in Select a State . . . (MTCO2E)"}]
[]
[null,"Total CH4 and N2O Emissions from Mobile Sources (MTCO2E)"]
[null,"Fuel Type/Vehicle Type",1990,1991,1992,1993,1994,1995,1996,1997,1998,1999,2000,2001,2002,2003,2004,2005,2006,2007,2008,2009,2010,2011,2012,2013,2014,2015,2016,2017,2018,2019,2020]
[null,"Gasoline Highway"]
[null,"Passenger Cars"]
[null,"Light-Duty Trucks",null,null,null,null,null,null,null,null,null,null,null,null,null,null,null,null,null,null,null,null,null,null,null,null,null,null,null,null,null,null,null,null,null,null,null,null,null,null,null,null,null,null,null,null,null,null,null,null,null,null,null,null,null,null,null,null,null,null,{"$f":"\"Total Methane and Nitrous Oxide Emissions from Mobile Sources, by Mode/Vehicle Type, 1990-\"&Factors!C21","v":"Total Methane and Nitrous Oxide Emissions from Mobile Sources, by Mode/Vehicle Type, 1990-2018"}]
[null,"Heavy-Duty Vehicles",null,null,null,null,null,null,null,null,null,null,null,null,null,null,null,null,null,null,null,null,null,null,null,null,null,null,null,null,null,null,null,null,null,null,null,null,null,null,null,null,null,null,null,null,null,null,null,null,null,null,null,null,null,null,null,null,null,null,{"$f":"\"Total Methane and Nitrous Oxide Emissions from Non-Highway Mobile Sources, 1990-\"&Factors!C21","v":"Total Methane and Nitrous Oxide Emissions from Non-Highway Mobile Sources, 1990-2018"}]
[null,"Motorcycles",null,null,null,null,null,null,null,null,null,null,null,null,null,null,null,null,null,null,null,null,null,null,null,null,null,null,null,null,null,null,null,null,null,null,null,null,null,null,null,null,null,null,null,null,null,null,null,null,null,null,null,null,null,null,null,null,null,null,{"$f":"\"Methane Emissions from Mobile Sources, by Mode/Vehicle Type, 1990-\"&Factors!C21","v":"Methane Emissions from Mobile Sources, by Mode/Vehicle Type, 1990-2018"}]
[null,"Diesel Highway",null,null,null,null,null,null,null,null,null,null,null,null,null,null,null,null,null,null,null,null,null,null,null,null,null,null,null,null,null,null,null,null,null,null,null,null,null,null,null,null,null,null,null,null,null,null,null,null,null,null,null,null,null,null,null,null,null,null,{"$f":"\"Methane Emissions from Non-Highway Mobile Sources, 1990-\"&Factors!C21","v":"Methane Emissions from Non-Highway Mobile Sources, 1990-2018"}]
[null,"Passenger Cars",null,null,null,null,null,null,null,null,null,null,null,null,null,null,null,null,null,null,null,null,null,null,null,null,null,null,null,null,null,null,null,null,null,null,null,null,null,null,null,null,null,null,null,null,null,null,null,null,null,null,null,null,null,null,null,null,null,null,{"$f":"\"Nitrous Oxide Emissions from Mobile Sources, by Mode/Vehicle Type, 1990-\"&Factors!C21","v":"Nitrous Oxide Emissions from Mobile Sources, by Mode/Vehicle Type, 1990-2018"}]
[null,"Light-Duty Trucks",null,null,null,null,null,null,null,null,null,null,null,null,null,null,null,null,null,null,null,null,null,null,null,null,null,null,null,null,null,null,null,null,null,null,null,null,null,null,null,null,null,null,null,null,null,null,null,null,null,null,null,null,null,null,null,null,null,null,{"$f":"\"Nitrous Oxide Emissions from Non-Highway Mobile Sources, 1990-\"&Factors!C21","v":"Nitrous Oxide Emissions from Non-Highway Mobile Sources, 1990-2018"}]
[null,"Heavy-Duty Vehicles"]
[null,"Non-Highway"]
[null,"Boats"]
[null,"Locomotives"]
[null,"Farm Equipment"]
[null,"Construction Equipment"]
[null,"Aircraft"]
[null,"Other*"]
[null,"Alternative Fuel Vehicles"]
[null,"Light Duty Vehicles"]
[null,"Heavy Duty Vehicles"]
[null,"Buses"]
[null,"Total",{"$f":"C5+C10+C14+C21","v":0},{"$f":"D5+D10+D14+D21","v":0},0,0,0,0,0,0,0,0,{"$f":"M5+M10+M14+M21","v":0},0,0,0,0,0,{"$f":"S5+S10+S14+S21","v":0},0,0,0,0,0,0,0,0,0,0,0,0,0,0]
[null,"* \"Other\" includes snowmobiles, small gasoline powered utility equipment, heavy-duty gasoline powered utility equipment, and heavy-duty diesel powered utility equipment."]
[null,null,1,{"$f":"IF(D$4<=Factors!$C$21,C27+1,0)","v":2},{"$f":"IF(E$4<=Factors!$C$21,D27+1,0)","v":3},{"$f":"IF(F$4<=Factors!$C$21,E27+1,0)","v":4},{"$f":"IF(G$4<=Factors!$C$21,F27+1,0)","v":5},{"$f":"IF(H$4<=Factors!$C$21,G27+1,0)","v":6},{"$f":"IF(I$4<=Factors!$C$21,H27+1,0)","v":7},{"$f":"IF(J$4<=Factors!$C$21,I27+1,0)","v":8},{"$f":"IF(K$4<=Factors!$C$21,J27+1,0)","v":9},{"$f":"IF(L$4<=Factors!$C$21,K27+1,0)","v":10},{"$f":"IF(M$4<=Factors!$C$21,L27+1,0)","v":11},{"$f":"IF(N$4<=Factors!$C$21,M27+1,0)","v":12},{"$f":"IF(O$4<=Factors!$C$21,N27+1,0)","v":13},{"$f":"IF(P$4<=Factors!$C$21,O27+1,0)","v":14},{"$f":"IF(Q$4<=Factors!$C$21,P27+1,0)","v":15},{"$f":"IF(R$4<=Factors!$C$21,Q27+1,0)","v":16},{"$f":"IF(S$4<=Factors!$C$21,R27+1,0)","v":17},{"$f":"IF(T$4<=Factors!$C$21,S27+1,0)","v":18},{"$f":"IF(U$4<=Factors!$C$21,T27+1,0)","v":19},{"$f":"IF(V$4<=Factors!$C$21,U27+1,0)","v":20},{"$f":"IF(W$4<=Factors!$C$21,V27+1,0)","v":21},{"$f":"IF(X$4<=Factors!$C$21,W27+1,0)","v":22},{"$f":"IF(Y$4<=Factors!$C$21,X27+1,0)","v":23},{"$f":"IF(Z$4<=Factors!$C$21,Y27+1,0)","v":24},{"$f":"IF(AA$4<=Factors!$C$21,Z27+1,0)","v":25},{"$f":"IF(AB$4<=Factors!$C$21,AA27+1,0)","v":26},{"$f":"IF(AC$4<=Factors!$C$21,AB27+1,0)","v":27},{"$f":"IF(AD$4<=Factors!$C$21,AC27+1,0)","v":28},{"$f":"IF(AE$4<=Factors!$C$21,AD27+1,0)","v":29},{"$f":"IF(AF$4<=Factors!$C$21,AE27+1,0)","v":0},{"$f":"IF(AG$4<=Factors!$C$21,AF27+1,0)","v":0}]
[]
[]
[null,"Total CH4 and N2O Emissions from Mobile Sources (MTCE)"]
[null,"Fuel Type/Vehicle Type",1990,1991,1992,1993,1994,1995,1996,1997,1998,1999,2000,2001,2002,2003,2004,2005,2006,2007,2008,2009,2010,2011,2012,2013,2014,2015,2016,2017,2018,2019,2020]
[null,"Gasoline Highway",{"$f":"C5*C_CO2","v":0},0,0,0,0,0,0,0,0,0,0,0,0,0,0,0,{"$f":"S5*C_CO2","v":0},0,0,0,0,0,0,0,0,0,0,0,0,0,0]
[null,"Passenger Cars",{"$f":"C6*C_CO2","v":0},0,0,0,0,0,0,0,0,0,0,0,0,0,0,0,{"$f":"S6*C_CO2","v":0},0,0,0,0,0,0,0,0,0,0,0,0,0,0]
[null,"Light-Duty Trucks",{"$f":"C7*C_CO2","v":0},0,0,0,0,0,0,0,0,0,0,0,0,0,0,0,{"$f":"S7*C_CO2","v":0},0,0,0,0,0,0,0,0,0,0,0,0,0,0]
[null,"Heavy-Duty Vehicles",{"$f":"C8*C_CO2","v":0},0,0,0,0,0,0,0,0,0,0,0,0,0,0,0,{"$f":"S8*C_CO2","v":0},0,0,0,0,0,0,0,0,0,0,0,0,0,0]
[null,"Motorcycles",{"$f":"C9*C_CO2","v":0},0,0,0,0,0,0,0,0,0,0,0,0,0,0,0,{"$f":"S9*C_CO2","v":0},0,0,0,0,0,0,0,0,0,0,0,0,0,0]
[null,"Diesel Highway",{"$f":"C10*C_CO2","v":0},0,0,0,0,0,0,0,0,0,0,0,0,0,0,0,{"$f":"S10*C_CO2","v":0},0,0,0,0,0,0,0,0,0,0,0,0,0,0]
[null,"Passenger Cars",{"$f":"C11*C_CO2","v":0},0,0,0,0,0,0,0,0,0,0,0,0,0,0,0,{"$f":"S11*C_CO2","v":0},0,0,0,0,0,0,0,0,0,0,0,0,0,0]
[null,"Light-Duty Trucks",{"$f":"C12*C_CO2","v":0},0,0,0,0,0,0,0,0,0,0,0,0,0,0,0,{"$f":"S12*C_CO2","v":0},0,0,0,0,0,0,0,0,0,0,0,0,0,0]
[null,"Heavy-Duty Vehicles",{"$f":"C13*C_CO2","v":0},0,0,0,0,0,0,0,0,0,0,0,0,0,0,0,{"$f":"S13*C_CO2","v":0},0,0,0,0,0,0,0,0,0,0,0,0,0,0]
[null,"Non-Highway",{"$f":"C14*C_CO2","v":0},0,0,0,0,0,0,0,0,0,0,0,0,0,0,0,{"$f":"S14*C_CO2","v":0},0,0,0,0,0,0,0,0,0,0,0,0,0,0]
[null,"Boats",{"$f":"C15*C_CO2","v":0},0,0,0,0,0,0,0,0,0,0,0,0,0,0,0,{"$f":"S15*C_CO2","v":0},0,0,0,0,0,0,0,0,0,0,0,0,0,0]
[null,"Locomotives",{"$f":"C16*C_CO2","v":0},0,0,0,0,0,0,0,0,0,0,0,0,0,0,0,{"$f":"S16*C_CO2","v":0},0,0,0,0,0,0,0,0,0,0,0,0,0,0]
[null,"Farm Equipment",{"$f":"C17*C_CO2","v":0},0,0,0,0,0,0,0,0,0,0,0,0,0,0,0,{"$f":"S17*C_CO2","v":0},0,0,0,0,0,0,0,0,0,0,0,0,0,0]
[null,"Construction Equipment",{"$f":"C18*C_CO2","v":0},0,0,0,0,0,0,0,0,0,0,0,0,0,0,0,{"$f":"S18*C_CO2","v":0},0,0,0,0,0,0,0,0,0,0,0,0,0,0]
[null,"Aircraft",{"$f":"C19*C_CO2","v":0},0,0,0,0,0,0,0,0,0,0,0,0,0,0,0,{"$f":"S19*C_CO2","v":0},0,0,0,0,0,0,0,0,0,0,0,0,0,0]
[null,"Other*",{"$f":"C20*C_CO2","v":0},0,0,0,0,0,0,0,0,0,0,0,0,0,0,0,{"$f":"S20*C_CO2","v":0},0,0,0,0,0,0,0,0,0,0,0,0,0,0]
[null,"Alternative Fuel Vehicles",{"$f":"C21*C_CO2","v":0},0,0,0,0,0,0,0,0,0,0,0,0,0,0,0,{"$f":"S21*C_CO2","v":0},0,0,0,0,0,0,0,0,0,0,0,0,0,0]
[null,"Light Duty Vehicles",{"$f":"C22*C_CO2","v":0},0,0,0,0,0,0,0,0,0,0,0,0,0,0,0,{"$f":"S22*C_CO2","v":0},0,0,0,0,0,0,0,0,0,0,0,0,0,0]
[null,"Heavy Duty Vehicles",{"$f":"C23*C_CO2","v":0},0,0,0,0,0,0,0,0,0,0,0,0,0,0,0,{"$f":"S23*C_CO2","v":0},0,0,0,0,0,0,0,0,0,0,0,0,0,0]
[null,"Buses",{"$f":"C24*C_CO2","v":0},0,0,0,0,0,0,0,0,0,0,0,0,0,0,0,{"$f":"S24*C_CO2","v":0},0,0,0,0,0,0,0,0,0,0,0,0,0,0]
[null,"Total",{"$f":"C25*C_CO2","v":0},0,0,0,0,0,0,0,0,0,0,0,0,0,0,0,{"$f":"S25*C_CO2","v":0},0,0,0,0,0,0,0,0,0,0,0,0,0,0]
[null,"* \"Other\" includes snowmobiles, small gasoline powered utility equipment, heavy-duty gasoline powered utility equipment, and heavy-duty diesel powered utility equipment."]
[]
[null,"CH4 Emissions from Mobile Sources (MTCO2E)"]
[null,"Fuel Type/Vehicle Type",1990,1991,1992,1993,1994,1995,1996,1997,1998,1999,2000,2001,2002,2003,2004,2005,2006,2007,2008,2009,2010,2011,2012,2013,2014,2015,2016,2017,2018,2019,2020]
[null,"Gasoline Highway"]
[null,"Passenger Cars"]
[null,"Light-Duty Trucks"]
[null,"Heavy-Duty Vehicles"]
[null,"Motorcycles"]
[null,"Diesel Highway"]
[null,"Passenger Cars"]
[null,"Light-Duty Trucks"]
[null,"Heavy-Duty Vehicles"]
[null,"Non-Highway"]
[null,"Boats"]
[null,"Locomotives"]
[null,"Farm Equipment"]
[null,"Construction Equipment"]
[null,"Aircraft"]
[null,"Other*"]
[null,"Alternative Fuel Vehicles"]
[null,"Light Duty Vehicles"]
[null,"Heavy Duty Vehicles"]
[null,"Buses"]
[null,"Total",{"$f":"C57+C62+C66+C73","v":0},{"$f":"D57+D62+D66+D73","v":0},0,0,0,0,0,0,0,0,0,0,0,0,0,0,{"$f":"S57+S62+S66+S73","v":0},0,0,0,0,0,0,0,0,0,0,0,0,0,0]
[null,"* \"Other\" includes snowmobiles, small gasoline powered utility equipment, heavy-duty gasoline powered utility equipment, and heavy-duty diesel powered utility equipment."]
[null,null,1,{"$f":"IF(D$4<=Factors!$C$21,C79+1,0)","v":2},{"$f":"IF(E$4<=Factors!$C$21,D79+1,0)","v":3},{"$f":"IF(F$4<=Factors!$C$21,E79+1,0)","v":4},{"$f":"IF(G$4<=Factors!$C$21,F79+1,0)","v":5},{"$f":"IF(H$4<=Factors!$C$21,G79+1,0)","v":6},{"$f":"IF(I$4<=Factors!$C$21,H79+1,0)","v":7},{"$f":"IF(J$4<=Factors!$C$21,I79+1,0)","v":8},{"$f":"IF(K$4<=Factors!$C$21,J79+1,0)","v":9},{"$f":"IF(L$4<=Factors!$C$21,K79+1,0)","v":10},{"$f":"IF(M$4<=Factors!$C$21,L79+1,0)","v":11},{"$f":"IF(N$4<=Factors!$C$21,M79+1,0)","v":12},{"$f":"IF(O$4<=Factors!$C$21,N79+1,0)","v":13},{"$f":"IF(P$4<=Factors!$C$21,O79+1,0)","v":14},{"$f":"IF(Q$4<=Factors!$C$21,P79+1,0)","v":15},{"$f":"IF(R$4<=Factors!$C$21,Q79+1,0)","v":16},{"$f":"IF(S$4<=Factors!$C$21,R79+1,0)","v":17},{"$f":"IF(T$4<=Factors!$C$21,S79+1,0)","v":18},{"$f":"IF(U$4<=Factors!$C$21,T79+1,0)","v":19},{"$f":"IF(V$4<=Factors!$C$21,U79+1,0)","v":20},{"$f":"IF(W$4<=Factors!$C$21,V79+1,0)","v":21},{"$f":"IF(X$4<=Factors!$C$21,W79+1,0)","v":22},{"$f":"IF(Y$4<=Factors!$C$21,X79+1,0)","v":23},{"$f":"IF(Z$4<=Factors!$C$21,Y79+1,0)","v":24},{"$f":"IF(AA$4<=Factors!$C$21,Z79+1,0)","v":25},{"$f":"IF(AB$4<=Factors!$C$21,AA79+1,0)","v":26},{"$f":"IF(AC$4<=Factors!$C$21,AB79+1,0)","v":27},{"$f":"IF(AD$4<=Factors!$C$21,AC79+1,0)","v":28},{"$f":"IF(AE$4<=Factors!$C$21,AD79+1,0)","v":29},{"$f":"IF(AF$4<=Factors!$C$21,AE79+1,0)","v":0},{"$f":"IF(AG$4<=Factors!$C$21,AF79+1,0)","v":0}]
[]
[]
[null,"N2O Emissions from Mobile Sources (MTCO2E)"]
[null,"Fuel Type/Vehicle Type",1990,1991,1992,1993,1994,1995,1996,1997,1998,1999,2000,2001,2002,2003,2004,2005,2006,2007,2008,2009,2010,2011,2012,2013,2014,2015,2016,2017,2018,2019,2020]
[null,"Gasoline Highway"]
[null,"Passenger Cars"]
[null,"Light-Duty Trucks"]
[null,"Heavy-Duty Vehicles"]
[null,"Motorcycles"]
[null,"Diesel Highway"]
[null,"Passenger Cars"]
[null,"Light-Duty Trucks"]
[null,"Heavy-Duty Vehicles"]
[null,"Non-Highway"]
[null,"Boats"]
[null,"Locomotives"]
[null,"Farm Equipment"]
[null,"Construction Equipment"]
[null,"Aircraft"]
[null,"Other*"]
[null,"Alternative Fuel Vehicles"]
[null,"Light Duty Vehicles"]
[null,"Heavy Duty Vehicles"]
[null,"Buses"]
[null,"Total",{"$f":"C84+C89+C93+C100","v":0},{"$f":"D84+D89+D93+D100","v":0},{"$f":"E84+E89+E93+E100","v":0},0,0,0,0,0,0,0,0,0,0,0,0,0,{"$f":"S84+S89+S93+S100","v":0},0,0,0,0,0,0,0,0,0,0,0,0,0,0]
[null,"* \"Other\" includes snowmobiles, small gasoline powered utility equipment, heavy-duty gasoline powered utility equipment, and heavy-duty diesel powered utility equipment."]
[]
[null,null,1,{"$f":"IF(D$4<=Factors!$C$21,C107+1,0)","v":2},{"$f":"IF(E$4<=Factors!$C$21,D107+1,0)","v":3},{"$f":"IF(F$4<=Factors!$C$21,E107+1,0)","v":4},{"$f":"IF(G$4<=Factors!$C$21,F107+1,0)","v":5},{"$f":"IF(H$4<=Factors!$C$21,G107+1,0)","v":6},{"$f":"IF(I$4<=Factors!$C$21,H107+1,0)","v":7},{"$f":"IF(J$4<=Factors!$C$21,I107+1,0)","v":8},{"$f":"IF(K$4<=Factors!$C$21,J107+1,0)","v":9},{"$f":"IF(L$4<=Factors!$C$21,K107+1,0)","v":10},{"$f":"IF(M$4<=Factors!$C$21,L107+1,0)","v":11},{"$f":"IF(N$4<=Factors!$C$21,M107+1,0)","v":12},{"$f":"IF(O$4<=Factors!$C$21,N107+1,0)","v":13},{"$f":"IF(P$4<=Factors!$C$21,O107+1,0)","v":14},{"$f":"IF(Q$4<=Factors!$C$21,P107+1,0)","v":15},{"$f":"IF(R$4<=Factors!$C$21,Q107+1,0)","v":16},{"$f":"IF(S$4<=Factors!$C$21,R107+1,0)","v":17},{"$f":"IF(T$4<=Factors!$C$21,S107+1,0)","v":18},{"$f":"IF(U$4<=Factors!$C$21,T107+1,0)","v":19},{"$f":"IF(V$4<=Factors!$C$21,U107+1,0)","v":20},{"$f":"IF(W$4<=Factors!$C$21,V107+1,0)","v":21},{"$f":"IF(X$4<=Factors!$C$21,W107+1,0)","v":22},{"$f":"IF(Y$4<=Factors!$C$21,X107+1,0)","v":23},{"$f":"IF(Z$4<=Factors!$C$21,Y107+1,0)","v":24},{"$f":"IF(AA$4<=Factors!$C$21,Z107+1,0)","v":25},{"$f":"IF(AB$4<=Factors!$C$21,AA107+1,0)","v":26},{"$f":"IF(AC$4<=Factors!$C$21,AB107+1,0)","v":27},{"$f":"IF(AD$4<=Factors!$C$21,AC107+1,0)","v":28},{"$f":"IF(AE$4<=Factors!$C$21,AD107+1,0)","v":29},{"$f":"IF(AF$4<=Factors!$C$21,AE107+1,0)","v":0},{"$f":"IF(AG$4<=Factors!$C$21,AF107+1,0)","v":0}]

{"sheet":"Coal","index":5,"n_rows":32,"n_cols":33,"rows_kept":32,"cut":false,"hidden":false,"merged":[[1,2,1,12],[0,0,0,4]]}
[{"$f":"\"Summary of CH4 Emissions from Coal Mining Activities in \"&StateName&\" (MTCO2E)\"","v":"Summary of CH4 Emissions from Coal Mining Activities in Select a State . . . (MTCO2E)"}]
[]
[null,"Emissions (MTCO2E)"]
[null,null,1990,"1991*","1992*",1993,1994,1995,1996,1997,1998,1999,2000,2001,2002,2003,2004,2005,2006,2007,2008,2009,2010,2011,2012,2013,2014,2015,2016,2017,2018,2019,2020]
[null,"Coal Mining"]
[null,"Abandoned Coal Mines"]
[null,"Vented"]
[null,"Sealed"]
[null,"Flooded"]
[]
[null,"Emissions (MTCE)"]
[null,null,1990,"1991*","1992*",1993,1994,1995,1996,1997,1998,1999,2000,2001,2002,2003,2004,2005,2006,2007,2008,2009,2010,2011,2012,2013,2014,2015,2016,2017,2018,2019,2020]
[null,"Coal Mining",{"$f":"C5/CO2_C","v":0},0,0,0,0,0,0,0,0,0,0,0,0,0,0,0,{"$f":"S5/CO2_C","v":0},0,0,0,0,0,0,0,0,0,0,0,0,0,0]
[null,"Abandoned Coal Mines",{"$f":"C6/CO2_C","v":0},0,0,0,0,0,0,0,0,0,0,0,0,0,0,0,{"$f":"S6/CO2_C","v":0},0,0,0,0,0,0,0,0,0,0,0,0,0,0]
[null,"Vented",{"$f":"C7/CO2_C","v":0},0,0,0,0,0,0,0,0,0,0,0,0,0,0,0,{"$f":"S7/CO2_C","v":0},0,0,0,0,0,0,0,0,0,0,0,0,0,0]
[null,"Sealed",{"$f":"C8/CO2_C","v":0},0,0,0,0,0,0,0,0,0,0,0,0,0,0,0,{"$f":"S8/CO2_C","v":0},0,0,0,0,0,0,0,0,0,0,0,0,0,0]
[null,"Flooded",{"$f":"C9/CO2_C","v":0},0,0,0,0,0,0,0,0,0,0,0,0,0,0,0,{"$f":"S9/CO2_C","v":0},0,0,0,0,0,0,0,0,0,0,0,0,0,0]
[]
[]
[null,"Emissions by Gas (MTCH4)"]
[null,null,1990,"1991*","1992*",1993,1994,1995,1996,1997,1998,1999,2000,2001,2002,2003,2004,2005,2006,2007,2008,2009,2010,2011,2012,2013,2014,2015,2016,2017,2018,2019,2020]
[null,"Coal Mining",{"$f":"C5/CH4GWP","v":0},0,0,0,0,0,0,0,0,0,0,0,0,0,0,0,{"$f":"S5/CH4GWP","v":0},0,0,0,0,0,0,0,0,0,0,0,0,0,0]
[null,"Abandoned Coal Mines",{"$f":"C6/CH4GWP","v":0},0,0,0,0,0,0,0,0,0,0,0,0,0,0,0,{"$f":"S6/CH4GWP","v":0},0,0,0,0,0,0,0,0,0,0,0,0,0,0]
[null,"Vented",{"$f":"C7/CH4GWP","v":0},0,0,0,0,0,0,0,0,0,0,0,0,0,0,0,{"$f":"S7/CH4GWP","v":0},0,0,0,0,0,0,0,0,0,0,0,0,0,0]
[null,"Sealed",{"$f":"C8/CH4GWP","v":0},0,0,0,0,0,0,0,0,0,0,0,0,0,0,0,{"$f":"S8/CH4GWP","v":0},0,0,0,0,0,0,0,0,0,0,0,0,0,0]
[null,"Flooded",{"$f":"C9/CH4GWP","v":0},0,0,0,0,0,0,0,0,0,0,0,0,0,0,0,{"$f":"S9/CH4GWP","v":0},0,0,0,0,0,0,0,0,0,0,0,0,0,0]
[null,null,null,{"$f":"SUM(D5:D6)","v":0},{"$f":"SUM(E5:E6)","v":0},{"$f":"SUM(F5:F6)","v":0},0,0,0,0,0,0,0,0,0,0,0,0,0,0,0,0,0,0,0,0,0,0,0,0,0,0,0]
[null,null,1,{"$f":"IF(D29<=Factors!$C$21,C28+1,0)","v":2},{"$f":"IF(E29<=Factors!$C$21,D28+1,0)","v":3},{"$f":"IF(F29<=Factors!$C$21,E28+1,0)","v":4},{"$f":"IF(G29<=Factors!$C$21,F28+1,0)","v":5},{"$f":"IF(H29<=Factors!$C$21,G28+1,0)","v":6},{"$f":"IF(I29<=Factors!$C$21,H28+1,0)","v":7},{"$f":"IF(J29<=Factors!$C$21,I28+1,0)","v":8},{"$f":"IF(K29<=Factors!$C$21,J28+1,0)","v":9},{"$f":"IF(L29<=Factors!$C$21,K28+1,0)","v":10},{"$f":"IF(M29<=Factors!$C$21,L28+1,0)","v":11},{"$f":"IF(N29<=Factors!$C$21,M28+1,0)","v":12},{"$f":"IF(O29<=Factors!$C$21,N28+1,0)","v":13},{"$f":"IF(P29<=Factors!$C$21,O28+1,0)","v":14},{"$f":"IF(Q29<=Factors!$C$21,P28+1,0)","v":15},{"$f":"IF(R29<=Factors!$C$21,Q28+1,0)","v":16},{"$f":"IF(S29<=Factors!$C$21,R28+1,0)","v":17},{"$f":"IF(T29<=Factors!$C$21,S28+1,0)","v":18},{"$f":"IF(U29<=Factors!$C$21,T28+1,0)","v":19},{"$f":"IF(V29<=Factors!$C$21,U28+1,0)","v":20},{"$f":"IF(W29<=Factors!$C$21,V28+1,0)","v":21},{"$f":"IF(X29<=Factors!$C$21,W28+1,0)","v":22},{"$f":"IF(Y29<=Factors!$C$21,X28+1,0)","v":23},{"$f":"IF(Z29<=Factors!$C$21,Y28+1,0)","v":24},{"$f":"IF(AA29<=Factors!$C$21,Z28+1,0)","v":25},{"$f":"IF(AB29<=Factors!$C$21,AA28+1,0)","v":26},{"$f":"IF(AC29<=Factors!$C$21,AB28+1,0)","v":27},{"$f":"IF(AD29<=Factors!$C$21,AC28+1,0)","v":28},{"$f":"IF(AE29<=Factors!$C$21,AD28+1,0)","v":29},{"$f":"IF(AF29<=Factors!$C$21,AE28+1,0)","v":0},{"$f":"IF(AG29<=Factors!$C$21,AF28+1,0)","v":0}]
[null,null,1990,1991,1992,1993,1994,1995,1996,1997,1998,1999,2000,2001,2002,2003,2004,2005,2006,2007,2008,2009,2010,2011,2012,2013,2014,2015,2016,2017,2018,2019,2020]
[]
[]
[null,null,null,null,null,null,null,null,null,null,null,null,{"$f":"\"Greenhouse Gas Emissions from Coal Mining, 1990-\"&Factors!C21","v":"Greenhouse Gas Emissions from Coal Mining, 1990-2018"}]

{"sheet":"Gas and Oil","index":6,"n_rows":34,"n_cols":33,"rows_kept":34,"cut":false,"hidden":false,"merged":[[1,2,1,12],[0,0,0,4]]}
[{"$f":"\"Summary of CH4 Emissions from Oil and Gas Activities in \"&StateName&\" (MMTCO2E)\"","v":"Summary of CH4 Emissions from Oil and Gas Activities in Select a State . . . (MMTCO2E)"}]
[]
[null,"Emissions (MMTCO2 Eq.)"]
[null,null,1990,1991,1992,1993,1994,1995,1996,1997,1998,1999,2000,2001,2002,2003,2004,2005,2006,2007,2008,2009,2010,2011,2012,2013,2014,2015,2016,2017,2018,2019,2020]
[null,"Natural Gas",{"$f":"(C19*CH4GWP*10^-6)+C26","v":0},0,0,0,0,0,0,0,0,0,0,0,0,0,0,0,{"$f":"(S19*CH4GWP*10^-6)+S26","v":0},0,0,0,0,0,0,0,0,0,0,0,0,0,0]
[null,"Oil",{"$f":"C23*CH4GWP*10^-6","v":0},0,0,0,0,0,0,0,0,0,0,0,0,0,0,0,{"$f":"S23*CH4GWP*10^-6","v":0},0,0,0,0,0,0,0,0,0,0,0,0,0,0]
[null,"Total",{"$f":"C6+C5","v":0},0,0,0,0,0,0,0,0,0,{"$f":"M6+M5","v":0},0,0,0,0,0,{"$f":"S6+S5","v":0},0,0,0,0,0,0,0,0,0,0,0,0,0,0]
[]
[]
[null,"Emissions (MMTCE)"]
[null,null,1990,1991,1992,1993,1994,1995,1996,1997,1998,1999,2000,2001,2002,2003,2004,2005,2006,2007,2008,2009,2010,2011,2012,2013,2014,2015,2016,2017,2018,2019,2020]
[null,"Natural Gas",{"$f":"C5*C_CO2","v":0},0,0,0,0,0,0,0,0,0,0,0,0,0,0,0,{"$f":"S5*C_CO2","v":0},0,0,0,0,0,0,0,0,0,0,0,0,0,0]
[null,"Oil",{"$f":"C6*C_CO2","v":0},0,0,0,0,0,0,0,0,0,0,0,0,0,0,0,{"$f":"S6*C_CO2","v":0},0,0,0,0,0,0,0,0,0,0,0,0,0,0]
[null,"Total",{"$f":"C13+C12","v":0},{"$f":"D13+D12","v":0},0,0,0,0,0,0,0,0,{"$f":"M13+M12","v":0},0,0,0,0,0,{"$f":"S13+S12","v":0},0,0,0,0,0,0,0,0,0,0,0,0,0,0]
[]
[]
[null,"Emissions by Gas (MTCH4)"]
[null,null,1990,1991,1992,1993,1994,1995,1996,1997,1998,1999,2000,2001,2002,2003,2004,2005,2006,2007,2008,2009,2010,2011,2012,2013,2014,2015,2016,2017,2018,2019,2020]
[null,"Natural Gas",{"$f":"SUM(C20:C22)","v":0},0,0,0,0,0,0,0,0,0,{"$f":"SUM(M20:M22)","v":0},0,0,0,0,0,{"$f":"SUM(S20:S22)","v":0},0,0,0,0,0,0,0,0,0,0,0,0,0,0]
[null,"Production"]
[null,"Transmission"]
[null,"Distribution"]
[null,"Oil"]
[null,"Emissions by Gas (MMTCO2)"]
[]
[null,"Natural Gas Flaring"]
[null,null,1,{"$f":"IF(D4<=Factors!$C$21,C27+1,0)","v":2},{"$f":"IF(E4<=Factors!$C$21,D27+1,0)","v":3},{"$f":"IF(F4<=Factors!$C$21,E27+1,0)","v":4},{"$f":"IF(G4<=Factors!$C$21,F27+1,0)","v":5},{"$f":"IF(H4<=Factors!$C$21,G27+1,0)","v":6},{"$f":"IF(I4<=Factors!$C$21,H27+1,0)","v":7},{"$f":"IF(J4<=Factors!$C$21,I27+1,0)","v":8},{"$f":"IF(K4<=Factors!$C$21,J27+1,0)","v":9},{"$f":"IF(L4<=Factors!$C$21,K27+1,0)","v":10},{"$f":"IF(M4<=Factors!$C$21,L27+1,0)","v":11},{"$f":"IF(N4<=Factors!$C$21,M27+1,0)","v":12},{"$f":"IF(O4<=Factors!$C$21,N27+1,0)","v":13},{"$f":"IF(P4<=Factors!$C$21,O27+1,0)","v":14},{"$f":"IF(Q4<=Factors!$C$21,P27+1,0)","v":15},{"$f":"IF(R4<=Factors!$C$21,Q27+1,0)","v":16},{"$f":"IF(S4<=Factors!$C$21,R27+1,0)","v":17},{"$f":"IF(T4<=Factors!$C$21,S27+1,0)","v":18},{"$f":"IF(U4<=Factors!$C$21,T27+1,0)","v":19},{"$f":"IF(V4<=Factors!$C$21,U27+1,0)","v":20},{"$f":"IF(W4<=Factors!$C$21,V27+1,0)","v":21},{"$f":"IF(X4<=Factors!$C$21,W27+1,0)","v":22},{"$f":"IF(Y4<=Factors!$C$21,X27+1,0)","v":23},{"$f":"IF(Z4<=Factors!$C$21,Y27+1,0)","v":24},{"$f":"IF(AA4<=Factors!$C$21,Z27+1,0)","v":25},{"$f":"IF(AB4<=Factors!$C$21,AA27+1,0)","v":26},{"$f":"IF(AC4<=Factors!$C$21,AB27+1,0)","v":27},{"$f":"IF(AD4<=Factors!$C$21,AC27+1,0)","v":28},{"$f":"IF(AE4<=Factors!$C$21,AD27+1,0)","v":29},{"$f":"IF(AF4<=Factors!$C$21,AE27+1,0)","v":0},{"$f":"IF(AG4<=Factors!$C$21,AF27+1,0)","v":0}]
[]
[]
[]
[]
[]
[]
[null,null,null,null,null,null,null,null,null,null,null,null,null,null,{"$f":"\"Greenhouse Gas Emissions from Oil and Gas Activities, 1990-\"&Factors!C21","v":"Greenhouse Gas Emissions from Oil and Gas Activities, 1990-2018"}]

{"sheet":"IP","index":7,"n_rows":30,"n_cols":33,"rows_kept":30,"cut":false,"hidden":false,"merged":[[0,0,0,4]]}
[{"$f":"\"Summary of GHG Emissions from Industrial Processes in \"&StateName&\" (MTCO2E)\"","v":"Summary of GHG Emissions from Industrial Processes in Select a State . . . (MTCO2E)"}]
[]
[null,"Emissions (MTCO2 Eq.)",1990,1991,1992,1993,1994,1995,1996,1997,1998,1999,2000,2001,2002,2003,2004,2005,2006,2007,2008,2009,2010,2011,2012,2013,2014,2015,2016,2017,2018,2019,2020]
[null,"Carbon Dioxide Emissions",{"$f":"SUM(C5:C12)","v":0},{"$f":"SUM(D5:D12)","v":0},0,0,0,0,0,0,0,0,0,0,0,0,0,0,{"$f":"SUM(S5:S12)","v":0},0,0,0,0,0,0,0,{"$f":"SUM(AA5:AA12)","v":0},0,0,0,0,0,0]
[null,"Cement Manufacture"]
[null,"Lime Manufacture"]
[null,"Limestone and Dolomite Use"]
[null,"Soda Ash"]
[null,"Aluminum Production, CO2"]
[null,"Iron & Steel Production"]
[null,"Ammonia Production"]
[null,"Urea Consumption"]
[null,"Nitrous Oxide Emissions",{"$f":"SUM(C14:C15)","v":0},{"$f":"SUM(D14:D15)","v":0},0,0,0,0,0,0,0,0,0,0,0,0,0,0,0,0,0,0,0,0,0,0,0,0,0,0,0,0,0]
[null,"Nitric Acid Production"]
[null,"Adipic Acid Production"]
[null,"HFC, PFC, SF6 and NF3 Emissions",{"$f":"SUM(C17:C22)","v":0},{"$f":"SUM(D17:D22)","v":0},0,0,0,0,0,0,0,0,0,0,0,0,0,0,0,0,0,0,0,0,0,0,0,0,0,0,0,0,0]
[null,"ODS Substitutes"]
[null,"Semiconductor Manufacturing"]
[null,"Magnesium Production"]
[null,"Electric Power Transmission and Distribution Systems"]
[null,"HCFC-22 Production"]
[null,"Aluminum Production, PFCs"]
[null,"Total Emissions",{"$f":"SUM(C4,C13,C16)","v":0},0,0,0,0,0,0,{"$f":"SUM(J4,J13,J16)","v":0},0,0,{"$f":"SUM(M4,M13,M16)","v":0},0,0,0,0,0,{"$f":"SUM(S4,S13,S16)","v":0},0,0,0,0,0,0,0,0,0,0,0,0,0,0]
[null,null,1,{"$f":"IF(D3<=Factors!$C$21,C24+1,0)","v":2},{"$f":"IF(E3<=Factors!$C$21,D24+1,0)","v":3},{"$f":"IF(F3<=Factors!$C$21,E24+1,0)","v":4},{"$f":"IF(G3<=Factors!$C$21,F24+1,0)","v":5},{"$f":"IF(H3<=Factors!$C$21,G24+1,0)","v":6},{"$f":"IF(I3<=Factors!$C$21,H24+1,0)","v":7},{"$f":"IF(J3<=Factors!$C$21,I24+1,0)","v":8},{"$f":"IF(K3<=Factors!$C$21,J24+1,0)","v":9},{"$f":"IF(L3<=Factors!$C$21,K24+1,0)","v":10},{"$f":"IF(M3<=Factors!$C$21,L24+1,0)","v":11},{"$f":"IF(N3<=Factors!$C$21,M24+1,0)","v":12},{"$f":"IF(O3<=Factors!$C$21,N24+1,0)","v":13},{"$f":"IF(P3<=Factors!$C$21,O24+1,0)","v":14},{"$f":"IF(Q3<=Factors!$C$21,P24+1,0)","v":15},{"$f":"IF(R3<=Factors!$C$21,Q24+1,0)","v":16},{"$f":"IF(S3<=Factors!$C$21,R24+1,0)","v":17},{"$f":"IF(T3<=Factors!$C$21,S24+1,0)","v":18},{"$f":"IF(U3<=Factors!$C$21,T24+1,0)","v":19},{"$f":"IF(V3<=Factors!$C$21,U24+1,0)","v":20},{"$f":"IF(W3<=Factors!$C$21,V24+1,0)","v":21},{"$f":"IF(X3<=Factors!$C$21,W24+1,0)","v":22},{"$f":"IF(Y3<=Factors!$C$21,X24+1,0)","v":23},{"$f":"IF(Z3<=Factors!$C$21,Y24+1,0)","v":24},{"$f":"IF(AA3<=Factors!$C$21,Z24+1,0)","v":25},{"$f":"IF(AB3<=Factors!$C$21,AA24+1,0)","v":26},{"$f":"IF(AC3<=Factors!$C$21,AB24+1,0)","v":27},{"$f":"IF(AD3<=Factors!$C$21,AC24+1,0)","v":28},{"$f":"IF(AE3<=Factors!$C$21,AD24+1,0)","v":29},{"$f":"IF(AF3<=Factors!$C$21,AE24+1,0)","v":0},{"$f":"IF(AG3<=Factors!$C$21,AF24+1,0)","v":0}]
[]
[]
[null,null,null,null,null,null,null,null,null,null,null,null,null,null,null,null,null,null,null,null,null,null,{"$f":"\"Emissions by Gas Type, 1990-\"&Factors!C21","v":"Emissions by Gas Type, 1990-2018"}]
[null,null,null,null,null,null,null,null,null,null,null,null,null,null,null,null,null,null,null,null,null,null,{"$f":"\"Carbon Dioxide Emissions, 1990-\"&Factors!C21","v":"Carbon Dioxide Emissions, 1990-2018"}]
[null,null,null,null,null,null,null,null,null,null,null,null,null,null,null,null,null,null,null,null,null,null,{"$f":"\"Nitrous Oxide Emissions, 1990-\"&Factors!C21","v":"Nitrous Oxide Emissions, 1990-2018"}]
[null,null,null,null,null,null,null,null,null,null,null,null,null,null,null,null,null,null,null,null,null,null,{"$f":"\"High GWP Emissions, 1990-\"&Factors!C21","v":"High GWP Emissions, 1990-2018"}]

{"sheet":"Agriculture","index":8,"n_rows":61,"n_cols":33,"rows_kept":61,"cut":false,"hidden":false,"merged":[[2,1,2,12],[3,2,3,12],[0,0,0,5]]}
[{"$f":"\"Summary of GHG Emissions from Agriculture in \"&StateName&\" (MMTCO2E)\"","v":"Summary of GHG Emissions from Agriculture in Select a State . . . (MMTCO2E)"}]
[]
[]
[]
[]
[null,"Emissions (MMTCO2 Eq.)"]
[null,null,1990,1991,1992,1993,1994,1995,1996,1997,1998,1999,2000,2001,2002,2003,2004,2005,2006,2007,2008,2009,2010,2011,2012,2013,2014,2015,2016,2017,2018,2019,2020]
[null,"Enteric Fermentation",{"$f":"C32*CH4GWP","v":0},0,0,0,0,0,0,0,0,0,0,0,0,0,0,0,{"$f":"S32*CH4GWP","v":0},0,0,0,0,0,0,0,0,0,0,0,0,0,0]
[null,"Manure Management",{"$f":"C33*CH4GWP+C37*N2OGWP","v":0},0,0,0,0,0,0,0,0,0,0,0,0,0,0,0,{"$f":"S33*CH4GWP+S37*N2OGWP","v":0},0,0,0,0,0,0,0,0,0,0,0,0,0,0]
[null,"Agricultural Soil Management",{"$f":"C38*N2OGWP","v":0},0,0,0,0,0,0,0,0,0,0,0,0,0,0,0,{"$f":"S38*N2OGWP","v":0},0,0,0,0,0,0,0,0,0,0,0,0,0,0]
[null,"Rice Cultivation",{"$f":"C34*CH4GWP","v":0},0,0,0,0,0,0,0,0,0,0,0,0,0,0,0,{"$f":"S34*CH4GWP","v":0},0,0,0,0,0,0,0,0,0,0,0,0,0,0]
[null,"Liming",{"$f":"C29","v":0},{"$f":"D29","v":0},0,0,0,0,0,0,0,0,0,0,0,0,0,0,0,0,0,0,0,0,0,0,0,0,0,0,0,0,0]
[null,"Urea Fertilization",{"$f":"C30","v":0},{"$f":"D30","v":0},0,0,0,0,0,0,0,0,0,0,0,0,0,0,0,0,0,0,0,0,0,0,0,0,0,0,0,0,0]
[null,"Burning of Agricultural Crop Waste ",{"$f":"C35*CH4GWP+C39*N2OGWP","v":0},0,0,0,0,0,0,0,0,0,0,0,0,0,0,0,{"$f":"S35*CH4GWP+S39*N2OGWP","v":0},0,0,0,0,0,0,0,0,0,0,0,0,0,0]
[null,"TOTAL",{"$f":"SUM(C8:C14)","v":0},0,0,0,0,0,0,0,0,0,{"$f":"SUM(M8:M14)","v":0},0,0,0,0,0,{"$f":"SUM(S8:S14)","v":0},0,0,0,0,0,0,0,0,0,0,0,0,0,0]
[null,null,1,{"$f":"IF(D7<=Factors!$C$21,C16+1,0)","v":2},{"$f":"IF(E7<=Factors!$C$21,D16+1,0)","v":3},{"$f":"IF(F7<=Factors!$C$21,E16+1,0)","v":4},{"$f":"IF(G7<=Factors!$C$21,F16+1,0)","v":5},{"$f":"IF(H7<=Factors!$C$21,G16+1,0)","v":6},{"$f":"IF(I7<=Factors!$C$21,H16+1,0)","v":7},{"$f":"IF(J7<=Factors!$C$21,I16+1,0)","v":8},{"$f":"IF(K7<=Factors!$C$21,J16+1,0)","v":9},{"$f":"IF(L7<=Factors!$C$21,K16+1,0)","v":10},{"$f":"IF(M7<=Factors!$C$21,L16+1,0)","v":11},{"$f":"IF(N7<=Factors!$C$21,M16+1,0)","v":12},{"$f":"IF(O7<=Factors!$C$21,N16+1,0)","v":13},{"$f":"IF(P7<=Factors!$C$21,O16+1,0)","v":14},{"$f":"IF(Q7<=Factors!$C$21,P16+1,0)","v":15},{"$f":"IF(R7<=Factors!$C$21,Q16+1,0)","v":16},{"$f":"IF(S7<=Factors!$C$21,R16+1,0)","v":17},{"$f":"IF(T7<=Factors!$C$21,S16+1,0)","v":18},{"$f":"IF(U7<=Factors!$C$21,T16+1,0)","v":19},{"$f":"IF(V7<=Factors!$C$21,U16+1,0)","v":20},{"$f":"IF(W7<=Factors!$C$21,V16+1,0)","v":21},{"$f":"IF(X7<=Factors!$C$21,W16+1,0)","v":22},{"$f":"IF(Y7<=Factors!$C$21,X16+1,0)","v":23},{"$f":"IF(Z7<=Factors!$C$21,Y16+1,0)","v":24},{"$f":"IF(AA7<=Factors!$C$21,Z16+1,0)","v":25},{"$f":"IF(AB7<=Factors!$C$21,AA16+1,0)","v":26},{"$f":"IF(AC7<=Factors!$C$21,AB16+1,0)","v":27},{"$f":"IF(AD7<=Factors!$C$21,AC16+1,0)","v":28},{"$f":"IF(AE7<=Factors!$C$21,AD16+1,0)","v":29},{"$f":"IF(AF7<=Factors!$C$21,AE16+1,0)","v":0},{"$f":"IF(AG7<=Factors!$C$21,AF16+1,0)","v":0}]
[null,"Emissions (MMTCE)"]
[null,null,1990,1991,1992,1993,1994,1995,1996,1997,1998,1999,2000,2001,2002,2003,2004,2005,2006,2007,2008,2009,2010,2011,2012,2013,2014,2015,2016,2017,2018,2019,2020]
[null,"Enteric Fermentation",{"$f":"C8*C_CO2","v":0},0,0,0,0,0,0,0,0,0,0,0,0,0,0,0,{"$f":"S8*C_CO2","v":0},0,0,0,0,0,0,0,0,0,0,0,0,0,0]
[null,"Manure Management",{"$f":"C9*C_CO2","v":0},0,0,0,0,0,0,0,0,0,0,0,0,0,0,0,{"$f":"S9*C_CO2","v":0},0,0,0,0,0,0,0,0,0,0,0,0,0,0]
[null,"Agricultural Soil Management",{"$f":"C10*C_CO2","v":0},0,0,0,0,0,0,0,0,0,0,0,0,0,0,0,{"$f":"S10*C_CO2","v":0},0,0,0,0,0,0,0,0,0,0,0,0,0,0]
[null,"Rice Cultivation",{"$f":"C11*C_CO2","v":0},0,0,0,0,0,0,0,0,0,0,0,0,0,0,0,{"$f":"S11*C_CO2","v":0},0,0,0,0,0,0,0,0,0,0,0,0,0,0]
[null,"Burning of Agricultural Crop Waste ",{"$f":"C14*C_CO2","v":0},0,0,0,0,0,0,0,0,0,0,0,0,0,0,0,{"$f":"S14*C_CO2","v":0},0,0,0,0,0,0,0,0,0,0,0,0,0,0]
[null,"TOTAL",{"$f":"SUM(C19:C23)","v":0},0,0,0,0,0,0,0,0,0,{"$f":"SUM(M19:M23)","v":0},0,0,0,0,0,{"$f":"SUM(S19:S23)","v":0},0,0,0,0,0,0,0,0,0,0,0,0,0,0]
[]
[null,"Emissions by Gas (MMTCH4 or MMTN2O)"]
[null,null,1990,1991,1992,1993,1994,1995,1996,1997,1998,1999,2000,2001,2002,2003,2004,2005,2006,2007,2008,2009,2010,2011,2012,2013,2014,2015,2016,2017,2018,2019,2020]
[null,"Carbon Dioxide",{"$f":"SUM(C29:C30)","v":0},{"$f":"SUM(D29:D30)","v":0},0,0,0,0,0,0,0,0,0,0,0,0,0,0,0,0,0,0,0,0,0,0,0,0,0,0,0,0,0]
[null,"Liming "]
[null,"Urea Fertilization"]
[null,"Methane",{"$f":"SUM(C32:C35)","v":0},{"$f":"SUM(D32:D35)","v":0},0,0,0,0,0,0,0,0,0,0,0,0,0,0,0,0,0,0,0,0,0,0,0,0,0,0,0,0,0]
[null,"Enteric Fermentation"]
[null,"Manure Management"]
[null,"Rice Cultivation"]
[null,"Burning of Agricultural Crop Waste "]
[null,"Nitrous Oxide",{"$f":"SUM(C37:C39)","v":0},{"$f":"SUM(D37:D39)","v":0},0,0,0,0,0,0,0,0,0,0,0,0,0,0,0,0,0,0,0,0,0,0,0,0,0,0,0,0,0]
[null,"Manure Management"]
[null,"Agricultural Soil Management"]
[null,"Burning of Agricultural Crop Waste "]
[]
[null,"Nitrous Oxide Emissions from Agricultural Soil Management (Metric Tons N2O)"]
[null,null,1990,1991,1992,1993,1994,1995,1996,1997,1998,1999,2000,2001,2002,2003,2004,2005,2006,2007,2008,2009,2010,2011,2012,2013,2014,2015,2016,2017,2018,2019,2020]
[null,"Direct",{"$f":"SUM(C44:C48)","v":0},{"$f":"SUM(D44:D48)","v":0},0,0,0,0,0,0,0,0,{"$f":"SUM(M44:M48)","v":0},0,0,0,0,0,{"$f":"SUM(S44:S48)","v":0},0,0,0,0,0,0,0,0,0,0,0,0,0,0]
[null,"Fertilizers"]
[null,"Crop Residues"]
[null,"N-Fixing Crops"]
[null,"Histosols"]
[null,"Livestock"]
[null,"Indirect",{"$f":"SUM(C50:C52)","v":0},{"$f":"SUM(D50:D52)","v":0},0,0,0,0,0,0,0,0,{"$f":"SUM(M50:M52)","v":0},0,0,0,0,0,{"$f":"SUM(S50:S52)","v":0},0,0,0,0,0,0,0,0,0,0,0,0,0,0]
[null,"Fertilizers"]
[null,"Livestock"]
[null,"Leaching/Runoff"]
[null,"Fertilizer Runoff/Leached"]
[null,"Manure Runoff/Leached "]
[null,"TOTAL",{"$f":"SUM(C43,C49)","v":0},0,0,0,0,0,0,0,0,0,{"$f":"SUM(M43,M49)","v":0},0,0,0,0,0,{"$f":"SUM(S43,S49)","v":0},0,0,0,0,0,0,0,0,0,0,0,0,0,0]
[null,"Direct",1,{"$f":"IF(D7<=Factors!$C$21,C56+1,0)","v":2},{"$f":"IF(E7<=Factors!$C$21,D56+1,0)","v":3},{"$f":"IF(F7<=Factors!$C$21,E56+1,0)","v":4},{"$f":"IF(G7<=Factors!$C$21,F56+1,0)","v":5},{"$f":"IF(H7<=Factors!$C$21,G56+1,0)","v":6},{"$f":"IF(I7<=Factors!$C$21,H56+1,0)","v":7},{"$f":"IF(J7<=Factors!$C$21,I56+1,0)","v":8},{"$f":"IF(K7<=Factors!$C$21,J56+1,0)","v":9},{"$f":"IF(L7<=Factors!$C$21,K56+1,0)","v":10},{"$f":"IF(M7<=Factors!$C$21,L56+1,0)","v":11},{"$f":"IF(N7<=Factors!$C$21,M56+1,0)","v":12},{"$f":"IF(O7<=Factors!$C$21,N56+1,0)","v":13},{"$f":"IF(P7<=Factors!$C$21,O56+1,0)","v":14},{"$f":"IF(Q7<=Factors!$C$21,P56+1,0)","v":15},{"$f":"IF(R7<=Factors!$C$21,Q56+1,0)","v":16},{"$f":"IF(S7<=Factors!$C$21,R56+1,0)","v":17},{"$f":"IF(T7<=Factors!$C$21,S56+1,0)","v":18},{"$f":"IF(U7<=Factors!$C$21,T56+1,0)","v":19},{"$f":"IF(V7<=Factors!$C$21,U56+1,0)","v":20},{"$f":"IF(W7<=Factors!$C$21,V56+1,0)","v":21},{"$f":"IF(X7<=Factors!$C$21,W56+1,0)","v":22},{"$f":"IF(Y7<=Factors!$C$21,X56+1,0)","v":23},{"$f":"IF(Z7<=Factors!$C$21,Y56+1,0)","v":24},{"$f":"IF(AA7<=Factors!$C$21,Z56+1,0)","v":25},{"$f":"IF(AB7<=Factors!$C$21,AA56+1,0)","v":26},{"$f":"IF(AC7<=Factors!$C$21,AB56+1,0)","v":27},{"$f":"IF(AD7<=Factors!$C$21,AC56+1,0)","v":28},{"$f":"IF(AE7<=Factors!$C$21,AD56+1,0)","v":29},{"$f":"IF(AF7<=Factors!$C$21,AE56+1,0)","v":0},{"$f":"IF(AG7<=Factors!$C$21,AF56+1,0)","v":0}]
[null,"Indirect",1,{"$f":"IF(D7<=Factors!$C$21,C57+1,0)","v":2},{"$f":"IF(E7<=Factors!$C$21,D57+1,0)","v":3},{"$f":"IF(F7<=Factors!$C$21,E57+1,0)","v":4},{"$f":"IF(G7<=Factors!$C$21,F57+1,0)","v":5},{"$f":"IF(H7<=Factors!$C$21,G57+1,0)","v":6},{"$f":"IF(I7<=Factors!$C$21,H57+1,0)","v":7},{"$f":"IF(J7<=Factors!$C$21,I57+1,0)","v":8},{"$f":"IF(K7<=Factors!$C$21,J57+1,0)","v":9},{"$f":"IF(L7<=Factors!$C$21,K57+1,0)","v":10},{"$f":"IF(M7<=Factors!$C$21,L57+1,0)","v":11},{"$f":"IF(N7<=Factors!$C$21,M57+1,0)","v":12},{"$f":"IF(O7<=Factors!$C$21,N57+1,0)","v":13},{"$f":"IF(P7<=Factors!$C$21,O57+1,0)","v":14},{"$f":"IF(Q7<=Factors!$C$21,P57+1,0)","v":15},{"$f":"IF(R7<=Factors!$C$21,Q57+1,0)","v":16},{"$f":"IF(S7<=Factors!$C$21,R57+1,0)","v":17},{"$f":"IF(T7<=Factors!$C$21,S57+1,0)","v":18},{"$f":"IF(U7<=Factors!$C$21,T57+1,0)","v":19},{"$f":"IF(V7<=Factors!$C$21,U57+1,0)","v":20},{"$f":"IF(W7<=Factors!$C$21,V57+1,0)","v":21},{"$f":"IF(X7<=Factors!$C$21,W57+1,0)","v":22},{"$f":"IF(Y7<=Factors!$C$21,X57+1,0)","v":23},{"$f":"IF(Z7<=Factors!$C$21,Y57+1,0)","v":24},{"$f":"IF(AA7<=Factors!$C$21,Z57+1,0)","v":25},{"$f":"IF(AB7<=Factors!$C$21,AA57+1,0)","v":26},{"$f":"IF(AC7<=Factors!$C$21,AB57+1,0)","v":27},{"$f":"IF(AD7<=Factors!$C$21,AC57+1,0)","v":28},{"$f":"IF(AE7<=Factors!$C$21,AD57+1,0)","v":29},{"$f":"IF(AF7<=Factors!$C$21,AE57+1,0)","v":0},{"$f":"IF(AG7<=Factors!$C$21,AF57+1,0)","v":0}]
[]
[null,null,null,null,null,null,null,null,null,null,null,null,null,null,null,null,null,{"$f":"\"Greenhouse Gas Emissions from Agriculture, 1990-\"&Factors!C21","v":"Greenhouse Gas Emissions from Agriculture, 1990-2018"}]
[null,null,null,null,null,null,null,null,null,null,null,null,null,null,null,null,null,{"$f":"\"Direct Nitrous Oxide Emissions from Ag Soils, 1990-\"&Factors!C21","v":"Direct Nitrous Oxide Emissions from Ag Soils, 1990-2018"}]
[null,null,null,null,null,null,null,null,null,null,null,null,null,null,null,null,null,{"$f":"\"Indirect Nnitrous Oxide Emissions from Ag Soils, 1990-\"&Factors!C21","v":"Indirect Nnitrous Oxide Emissions from Ag Soils, 1990-2018"}]

{"sheet":"Forest Management","index":9,"n_rows":59,"n_cols":52,"rows_kept":59,"cut":false,"hidden":false,"merged":[[0,0,0,6]]}
[{"$f":"\"Summary of Land-Use Change and Forest Emissions and Sequestration for \"&StateName","v":"Summary of Land-Use Change and Forest Emissions and Sequestration for Select a State . . ."}]
[null,null,null,null,null,null,null,null,null,null,null,null,null,null,null,null,null,null,null,null,null,null,null,null,null,null,null,null,null,null,null,null,null,null,null,null,null,null,null,null,null,null,null,null,null,null,null,null,null,null,null,"default"]
[]
[]
[]
[]
[]
[null,"Emissions (MMTCO2E)"]
[null,null,1990,1991,1992,1993,1994,1995,1996,1997,1998,1999,2000,2001,2002,2003,2004,2005,2006,2007,2008,2009,2010,2011,2012,2013,2014,2015,2016,2017,2018,2019,2020]
[null,"Forest Carbon Flux"]
[null,"Aboveground Biomass"]
[null,"Belowground Biomass"]
[null,"Dead Wood"]
[null,"Litter"]
[null,"Soil (Mineral)"]
[null,"Soil (Organic)"]
[null,"Drained Organic Soil"]
[null,"Total Wood products and landfills"]
[null,"Forest Land Remaining Forest Land"]
[null,"Aboveground Biomass"]
[null,"Belowground Biomass"]
[null,"Deadwood"]
[null,"Litter"]
[null,"Soil (Mineral)"]
[null,"Soil (Organic)"]
[null,"Drained Organic Soil"]
[null,"Total wood products and landfills"]
[null,"Land Converted to Forest Land"]
[null,"Aboveground Biomass"]
[null,"Belowground Biomass"]
[null,"Deadwood"]
[null,"Litter"]
[null,"Soil (Mineral)"]
[null,"Forest Land Converted to Land"]
[null,"Aboveground Biomass"]
[null,"Belowground Biomass"]
[null,"Deadwood"]
[null,"Litter"]
[null,"Soil (Mineral)"]
[null,"Urban Trees"]
[null,"Landfilled Yard Trimmings and Food Scraps"]
[null,"Grass"]
[null,"Leaves"]
[null,"Branches"]
[null,"Landfilled Food Scraps"]
[null,"Forest Fires"]
[null,"CH4"]
[null,"N2O"]
[null,"N2O from Settlement Soils"]
[null,"Agricultural Soil Carbon Flux"]
[null,"Total",{"$f":"SUM(C49,C40,C41,C46,C10,C50)","v":0},{"$f":"SUM(D49,D40,D41,D46,D10,D50)","v":0},0,0,0,0,0,0,0,0,0,0,0,0,0,0,0,0,0,0,0,0,0,0,0,0,0,0,0,0,0]
[]
[]
[]
[]
[null,null,1,{"$f":"IF(D9<=Factors!$C$21,C56+1,0)","v":2},{"$f":"IF(E9<=Factors!$C$21,D56+1,0)","v":3},{"$f":"IF(F9<=Factors!$C$21,E56+1,0)","v":4},{"$f":"IF(G9<=Factors!$C$21,F56+1,0)","v":5},{"$f":"IF(H9<=Factors!$C$21,G56+1,0)","v":6},{"$f":"IF(I9<=Factors!$C$21,H56+1,0)","v":7},{"$f":"IF(J9<=Factors!$C$21,I56+1,0)","v":8},{"$f":"IF(K9<=Factors!$C$21,J56+1,0)","v":9},{"$f":"IF(L9<=Factors!$C$21,K56+1,0)","v":10},{"$f":"IF(M9<=Factors!$C$21,L56+1,0)","v":11},{"$f":"IF(N9<=Factors!$C$21,M56+1,0)","v":12},{"$f":"IF(O9<=Factors!$C$21,N56+1,0)","v":13},{"$f":"IF(P9<=Factors!$C$21,O56+1,0)","v":14},{"$f":"IF(Q9<=Factors!$C$21,P56+1,0)","v":15},{"$f":"IF(R9<=Factors!$C$21,Q56+1,0)","v":16},{"$f":"IF(S9<=Factors!$C$21,R56+1,0)","v":17},{"$f":"IF(T9<=Factors!$C$21,S56+1,0)","v":18},{"$f":"IF(U9<=Factors!$C$21,T56+1,0)","v":19},{"$f":"IF(V9<=Factors!$C$21,U56+1,0)","v":20},{"$f":"IF(W9<=Factors!$C$21,V56+1,0)","v":21},{"$f":"IF(X9<=Factors!$C$21,W56+1,0)","v":22},{"$f":"IF(Y9<=Factors!$C$21,X56+1,0)","v":23},{"$f":"IF(Z9<=Factors!$C$21,Y56+1,0)","v":24},{"$f":"IF(AA9<=Factors!$C$21,Z56+1,0)","v":25},{"$f":"IF(AB9<=Factors!$C$21,AA56+1,0)","v":26},{"$f":"IF(AC9<=Factors!$C$21,AB56+1,0)","v":27},{"$f":"IF(AD9<=Factors!$C$21,AC56+1,0)","v":28},{"$f":"IF(AE9<=Factors!$C$21,AD56+1,0)","v":29},{"$f":"IF(AF9<=Factors!$C$21,AE56+1,0)","v":0},{"$f":"IF(AG9<=Factors!$C$21,AF56+1,0)","v":0}]
[]
[null,null,null,null,null,null,null,null,null,null,null,{"$f":"\"Carbon Emissions and Sequestration from Land-Use Change and Forestry, 1990-\"&Factors!C21","v":"Carbon Emissions and Sequestration from Land-Use Change and Forestry, 1990-2018"}]
[null,null,null,null,null,null,null,null,null,null,null,{"$f":"\"Carbon Emissions and Sequestration from Forest Carbon Flux, 1990-\"&Factors!C21","v":"Carbon Emissions and Sequestration from Forest Carbon Flux, 1990-2018"}]

{"sheet":"Waste","index":10,"n_rows":39,"n_cols":33,"rows_kept":39,"cut":false,"hidden":false,"merged":[[0,0,0,4]]}
[{"$f":"\"Summary of GHG Emissions from Solid Waste in \"&StateName&\" (MMTCO2E)\"","v":"Summary of GHG Emissions from Solid Waste in Select a State . . . (MMTCO2E)"}]
[]
[]
[]
[null,"Total Emissions from Landfills and Waste Combustion (MMTCO2E)"]
[null,null,1990,1991,1992,1993,1994,1995,1996,1997,1998,1999,2000,2001,2002,2003,2004,2005,2006,2007,2008,2009,2010,2011,2012,2013,2014,2015,2016,2017,2018,2019,2020]
[null,"CH4",{"$f":"(C23+C32)/10^6","v":0},{"$f":"(D23+D32)/10^6","v":0},{"$f":"(E23+E32)/10^6","v":0},{"$f":"(F23+F32)/10^6","v":0},{"$f":"(G23+G32)/10^6","v":0},{"$f":"(H23+H32)/10^6","v":0},0,0,0,0,0,0,0,0,0,0,0,0,0,0,0,0,0,0,0,0,0,0,0,0,0]
[null,"CO2",{"$f":"C27/10^6","v":0},{"$f":"D27/10^6","v":0},0,0,0,0,0,0,0,0,{"$f":"M27/10^6","v":0},0,0,0,0,0,{"$f":"S27/10^6","v":0},0,0,0,0,0,0,0,0,0,0,0,0,0,0]
[null,"N2O",{"$f":"C31/10^6","v":0},0,0,0,0,0,0,0,0,0,{"$f":"M31/10^6","v":0},0,0,0,0,0,{"$f":"S31/10^6","v":0},0,0,0,0,0,0,0,0,0,0,0,0,0,0]
[null,"Total  ",{"$f":"SUM(C7:C9)","v":0},0,0,0,0,0,0,0,0,0,{"$f":"SUM(M7:M9)","v":0},0,0,0,0,0,{"$f":"SUM(S7:S9)","v":0},0,0,0,0,0,0,0,0,0,0,0,0,0,0]
[]
[]
[null,"CH4 Emissions from Landfills (MTCO2E)"]
[null,null,1990,1991,1992,1993,1994,1995,1996,1997,1998,1999,2000,2001,2002,2003,2004,2005,2006,2007,2008,2009,2010,2011,2012,2013,2014,2015,2016,2017,2018,2019,2020]
[null,"Potential CH4",{"$f":"C16+C17","v":0},0,0,0,0,0,0,0,0,0,0,0,0,0,0,0,{"$f":"S16+S17","v":0},0,0,0,0,0,0,0,0,0,0,0,0,0,0]
[null,"MSW Generation"]
[null,"Industrial Generation"]
[null,"CH4 Avoided"]
[null,"Flare"]
[null,"Landfill Gas-to-Energy"]
[null,"Oxidation at MSW Landfills"]
[null,"Oxidation at Industrial Landfills"]
[null,"Total CH4 Emissions ",{"$f":"C15+C18-C21-C22","v":0},0,0,0,0,0,0,0,0,0,0,0,0,0,0,0,{"$f":"S15+S18-S21-S22","v":0},0,0,0,0,0,0,0,0,0,0,0,0,0,0]
[]
[null,"CO2 and N2O Emissions from Waste Combustion (MTCO2E)"]
[null,"Gas/Waste Product ",1990,1991,1992,1993,1994,1995,1996,1997,1998,1999,2000,2001,2002,2003,2004,2005,2006,2007,2008,2009,2010,2011,2012,2013,2014,2015,2016,2017,2018,2019,2020]
[null,"CO2",{"$f":"SUM(C28:C30)","v":0},{"$f":"SUM(D28:D30)","v":0},0,0,0,0,0,0,0,0,{"$f":"SUM(M28:M30)","v":0},0,0,0,0,0,{"$f":"SUM(S28:S30)","v":0},0,0,0,0,0,0,0,0,0,0,0,0,0,0]
[null,"Plastics"]
[null,"Synthetic Rubber in MSW"]
[null,"Synthetic Fibers "]
[null,"N2O"]
[null,"CH4"]
[null,"Total CO2, N2O, CH4 Emissions",{"$f":"C27+C31+C32","v":0},{"$f":"D27+D31+D32","v":0},0,0,0,0,0,0,0,0,0,0,0,0,0,0,0,0,0,0,0,0,0,0,0,0,0,0,0,0,0]
[null,null,1,{"$f":"IF(D6<=Factors!$C$21,C34+1,0)","v":2},{"$f":"IF(E6<=Factors!$C$21,D34+1,0)","v":3},{"$f":"IF(F6<=Factors!$C$21,E34+1,0)","v":4},{"$f":"IF(G6<=Factors!$C$21,F34+1,0)","v":5},{"$f":"IF(H6<=Factors!$C$21,G34+1,0)","v":6},{"$f":"IF(I6<=Factors!$C$21,H34+1,0)","v":7},{"$f":"IF(J6<=Factors!$C$21,I34+1,0)","v":8},{"$f":"IF(K6<=Factors!$C$21,J34+1,0)","v":9},{"$f":"IF(L6<=Factors!$C$21,K34+1,0)","v":10},{"$f":"IF(M6<=Factors!$C$21,L34+1,0)","v":11},{"$f":"IF(N6<=Factors!$C$21,M34+1,0)","v":12},{"$f":"IF(O6<=Factors!$C$21,N34+1,0)","v":13},{"$f":"IF(P6<=Factors!$C$21,O34+1,0)","v":14},{"$f":"IF(Q6<=Factors!$C$21,P34+1,0)","v":15},{"$f":"IF(R6<=Factors!$C$21,Q34+1,0)","v":16},{"$f":"IF(S6<=Factors!$C$21,R34+1,0)","v":17},{"$f":"IF(T6<=Factors!$C$21,S34+1,0)","v":18},{"$f":"IF(U6<=Factors!$C$21,T34+1,0)","v":19},{"$f":"IF(V6<=Factors!$C$21,U34+1,0)","v":20},{"$f":"IF(W6<=Factors!$C$21,V34+1,0)","v":21},{"$f":"IF(X6<=Factors!$C$21,W34+1,0)","v":22},{"$f":"IF(Y6<=Factors!$C$21,X34+1,0)","v":23},{"$f":"IF(Z6<=Factors!$C$21,Y34+1,0)","v":24},{"$f":"IF(AA6<=Factors!$C$21,Z34+1,0)","v":25},{"$f":"IF(AB6<=Factors!$C$21,AA34+1,0)","v":26},{"$f":"IF(AC6<=Factors!$C$21,AB34+1,0)","v":27},{"$f":"IF(AD6<=Factors!$C$21,AC34+1,0)","v":28},{"$f":"IF(AE6<=Factors!$C$21,AD34+1,0)","v":29},{"$f":"IF(AF6<=Factors!$C$21,AE34+1,0)","v":0},{"$f":"IF(AG6<=Factors!$C$21,AF34+1,0)","v":0}]
[]
[]
[null,null,null,null,null,null,null,null,null,null,null,null,null,null,null,null,null,null,null,null,{"$f":"\"GHG Emissions from Landfills and Waste Combustion, 1990-\"&Factors!C21","v":"GHG Emissions from Landfills and Waste Combustion, 1990-2018"}]
[null,null,null,null,null,null,null,null,null,null,null,null,null,null,null,null,null,null,null,null,{"$f":"\"Methane Emissions from Landfills, 1990-\"&Factors!C21","v":"Methane Emissions from Landfills, 1990-2018"}]
[null,null,null,null,null,null,null,null,null,null,null,null,null,null,null,null,null,null,null,null,{"$f":"\"Emissions from Waste Combustion, 1990-\"&Factors!C21","v":"Emissions from Waste Combustion, 1990-2018"}]

{"sheet":"Wastewater","index":11,"n_rows":26,"n_cols":33,"rows_kept":26,"cut":false,"hidden":false,"merged":[[0,0,0,7]]}
[{"$f":"\"Summary of CH4 and N2O Emissions from Wastewater in \"&StateName&\" (MMTCO2E)\"","v":"Summary of CH4 and N2O Emissions from Wastewater in Select a State . . . (MMTCO2E)"}]
[]
[]
[null,"Emissions (MMTCO2E)",1990,1991,1992,1993,1994,1995,1996,1997,1998,1999,2000,2001,2002,2003,2004,2005,2006,2007,2008,2009,2010,2011,2012,2013,2014,2015,2016,2017,2018,2019,2020]
[null,"Municipal CH4"]
[null,"Municipal N2O "]
[null,"Industrial CH4"]
[null,"Fruits & Vegetables"]
[null,"Red Meat"]
[null,"Poultry"]
[null,"Pulp & Paper"]
[null,"Total Emissions",{"$f":"SUM(C5:C7)","v":0},0,0,0,0,0,0,0,0,0,{"$f":"SUM(M5:M7)","v":0},0,0,0,0,{"$f":"SUM(R5:R7)","v":0},0,0,0,{"$f":"SUM(V5:V7)","v":0},0,0,0,0,0,0,0,0,0,0,0]
[null,null,1,{"$f":"IF(D4<=Factors!$C$21,C13+1,0)","v":2},{"$f":"IF(E4<=Factors!$C$21,D13+1,0)","v":3},{"$f":"IF(F4<=Factors!$C$21,E13+1,0)","v":4},{"$f":"IF(G4<=Factors!$C$21,F13+1,0)","v":5},{"$f":"IF(H4<=Factors!$C$21,G13+1,0)","v":6},{"$f":"IF(I4<=Factors!$C$21,H13+1,0)","v":7},{"$f":"IF(J4<=Factors!$C$21,I13+1,0)","v":8},{"$f":"IF(K4<=Factors!$C$21,J13+1,0)","v":9},{"$f":"IF(L4<=Factors!$C$21,K13+1,0)","v":10},{"$f":"IF(M4<=Factors!$C$21,L13+1,0)","v":11},{"$f":"IF(N4<=Factors!$C$21,M13+1,0)","v":12},{"$f":"IF(O4<=Factors!$C$21,N13+1,0)","v":13},{"$f":"IF(P4<=Factors!$C$21,O13+1,0)","v":14},{"$f":"IF(Q4<=Factors!$C$21,P13+1,0)","v":15},{"$f":"IF(R4<=Factors!$C$21,Q13+1,0)","v":16},{"$f":"IF(S4<=Factors!$C$21,R13+1,0)","v":17},{"$f":"IF(T4<=Factors!$C$21,S13+1,0)","v":18},{"$f":"IF(U4<=Factors!$C$21,T13+1,0)","v":19},{"$f":"IF(V4<=Factors!$C$21,U13+1,0)","v":20},{"$f":"IF(W4<=Factors!$C$21,V13+1,0)","v":21},{"$f":"IF(X4<=Factors!$C$21,W13+1,0)","v":22},{"$f":"IF(Y4<=Factors!$C$21,X13+1,0)","v":23},{"$f":"IF(Z4<=Factors!$C$21,Y13+1,0)","v":24},{"$f":"IF(AA4<=Factors!$C$21,Z13+1,0)","v":25},{"$f":"IF(AB4<=Factors!$C$21,AA13+1,0)","v":26},{"$f":"IF(AC4<=Factors!$C$21,AB13+1,0)","v":27},{"$f":"IF(AD4<=Factors!$C$21,AC13+1,0)","v":28},{"$f":"IF(AE4<=Factors!$C$21,AD13+1,0)","v":29},{"$f":"IF(AF4<=Factors!$C$21,AE13+1,0)","v":0},{"$f":"IF(AG4<=Factors!$C$21,AF13+1,0)","v":0}]
[null,"Emissions (MMTCE)",1990,1991,1992,1993,1994,1995,1996,1997,1998,1999,2000,2001,2002,2003,2004,2005,2006,2007,2008,2009,2010,2011,2012,2013,2014,2015,2016,2017,2018,2019,2020]
[null,"Municipal CH4",{"$f":"C5/(44/12)","v":0},{"$f":"D5/(44/12)","v":0},0,0,0,0,0,0,0,0,0,0,0,0,0,0,{"$f":"S5/(44/12)","v":0},0,0,0,0,0,0,0,0,0,0,0,0,0,0]
[null,"Municipal N2O",{"$f":"C6/(44/12)","v":0},0,0,0,0,0,0,0,0,0,0,0,0,0,0,0,{"$f":"S6/(44/12)","v":0},0,0,0,0,0,0,0,0,0,0,0,0,0,0]
[null,"Industrial CH4",0,0,0,0,0,0,0,0,0,0,0,0,0,0,0,0,{"$f":"S7/(44/12)","v":0},0,0,0,0,0,0,0,0,0,0,0,0,0,0]
[null,"Fruits & Vegetables",0,0,0,0,0,0,0,0,0,0,0,0,0,0,0,0,{"$f":"S8/(44/12)","v":0},0,0,0,0,0,0,0,0,0,0,0,0,0,0]
[null,"Red Meat",0,0,0,0,0,0,0,0,0,0,0,0,0,0,0,0,{"$f":"S9/(44/12)","v":0},0,0,0,0,0,0,0,0,0,0,0,0,0,0]
[null,"Poultry",0,0,0,0,0,0,0,0,0,0,0,0,0,0,0,0,{"$f":"S10/(44/12)","v":0},0,0,0,0,0,0,0,0,0,0,0,0,0,0]
[null,"Pulp & Paper",0,0,0,0,0,0,0,0,0,0,0,0,0,0,0,0,{"$f":"S11/(44/12)","v":0},0,0,0,0,0,0,0,0,0,0,0,0,0,0]
[null,"Total Emissions",0,0,0,0,0,0,0,0,0,0,0,0,0,0,0,0,{"$f":"S12/(44/12)","v":0},0,0,0,0,0,0,0,0,0,0,0,0,0,0]
[]
[]
[null,null,null,null,null,null,null,null,null,null,null,null,null,null,null,null,null,null,null,null,null,null,null,null,null,null,{"$f":"\"Total Wastewater Emissions, 1990-\"&Factors!C21","v":"Total Wastewater Emissions, 1990-2018"}]
[null,null,null,null,null,null,null,null,null,null,null,null,null,null,null,null,null,null,null,null,null,null,null,null,null,null,{"$f":"\"Methane Emissions from Industrial Wastewater, 1990-\"&Factors!C21","v":"Methane Emissions from Industrial Wastewater, 1990-2018"}]

{"sheet":"Summary by Sector","index":12,"n_rows":115,"n_cols":33,"rows_kept":115,"cut":false,"hidden":false,"merged":[[0,0,0,4]]}
[{"$f":"\"Summary of GHG Emissions by Sector in \"&StateName&\" (\"&Units&\")\"","v":"Summary of GHG Emissions by Sector in Select a State . . . (MMTCO2E)"}]
[]
[]
[null,"Emissions (MMTCO2E)",1990,1991,1992,1993,1994,1995,1996,1997,1998,1999,2000,2001,2002,2003,2004,2005,2006,2007,2008,2009,2010,2011,2012,2013,2014,2015,2016,2017,2018,2019,2020]
[null,"Energy",{"$f":"SUM(C6:C10)","v":0},0,0,0,{"$f":"SUM(G6:G10)","v":0},0,0,0,0,0,{"$f":"SUM(M6:M10)","v":0},0,0,0,0,0,{"$f":"SUM(S6:S10)","v":0},0,0,0,0,0,0,0,0,0,0,0,0,0,0]
[null,"CO2 from Fossil Fuel Combustion",{"$f":"CO2FFC!C31*UFactor","v":0},{"$f":"CO2FFC!D31*UFactor","v":0},{"$f":"CO2FFC!E31*UFactor","v":0},{"$f":"CO2FFC!F31*UFactor","v":0},{"$f":"CO2FFC!G31*UFactor","v":0},{"$f":"CO2FFC!H31*UFactor","v":0},{"$f":"CO2FFC!I31*UFactor","v":0},{"$f":"CO2FFC!J31*UFactor","v":0},{"$f":"CO2FFC!K31*UFactor","v":0},{"$f":"CO2FFC!L31*UFactor","v":0},{"$f":"CO2FFC!M31*UFactor","v":0},{"$f":"CO2FFC!N31*UFactor","v":0},{"$f":"CO2FFC!O31*UFactor","v":0},{"$f":"CO2FFC!P31*UFactor","v":0},{"$f":"CO2FFC!Q31*UFactor","v":0},{"$f":"CO2FFC!R31*UFactor","v":0},{"$f":"CO2FFC!S31*UFactor","v":0},{"$f":"CO2FFC!T31*UFactor","v":0},{"$f":"CO2FFC!U31*UFactor","v":0},{"$f":"CO2FFC!V31*UFactor","v":0},{"$f":"CO2FFC!W31*UFactor","v":0},{"$f":"CO2FFC!X31*UFactor","v":0},{"$f":"CO2FFC!Y31*UFactor","v":0},{"$f":"CO2FFC!Z31*UFactor","v":0},{"$f":"CO2FFC!AA31*UFactor","v":0},{"$f":"CO2FFC!AB31*UFactor","v":0},{"$f":"CO2FFC!AC31*UFactor","v":0},{"$f":"CO2FFC!AD31*UFactor","v":0},{"$f":"CO2FFC!AE31*UFactor","v":0},{"$f":"CO2FFC!AF31*UFactor","v":0},{"$f":"CO2FFC!AG31*UFactor","v":0}]
[null,"Stationary Combustion",{"$f":"Stationary!C18*UFactor","v":0},{"$f":"Stationary!D18*UFactor","v":0},{"$f":"Stationary!E18*UFactor","v":0},{"$f":"Stationary!F18*UFactor","v":0},{"$f":"Stationary!G18*UFactor","v":0},{"$f":"Stationary!H18*UFactor","v":0},{"$f":"Stationary!I18*UFactor","v":0},{"$f":"Stationary!J18*UFactor","v":0},{"$f":"Stationary!K18*UFactor","v":0},{"$f":"Stationary!L18*UFactor","v":0},{"$f":"Stationary!M18*UFactor","v":0},{"$f":"Stationary!N18*UFactor","v":0},{"$f":"Stationary!O18*UFactor","v":0},{"$f":"Stationary!P18*UFactor","v":0},{"$f":"Stationary!Q18*UFactor","v":0},{"$f":"Stationary!R18*UFactor","v":0},{"$f":"Stationary!S18*UFactor","v":0},{"$f":"Stationary!T18*UFactor","v":0},{"$f":"Stationary!U18*UFactor","v":0},{"$f":"Stationary!V18*UFactor","v":0},{"$f":"Stationary!W18*UFactor","v":0},{"$f":"Stationary!X18*UFactor","v":0},{"$f":"Stationary!Y18*UFactor","v":0},{"$f":"Stationary!Z18*UFactor","v":0},{"$f":"Stationary!AA18*UFactor","v":0},{"$f":"Stationary!AB18*UFactor","v":0},{"$f":"Stationary!AC18*UFactor","v":0},{"$f":"Stationary!AD18*UFactor","v":0},{"$f":"Stationary!AE18*UFactor","v":0},{"$f":"Stationary!AF18*UFactor","v":0},{"$f":"Stationary!AG18*UFactor","v":0}]
[null,"Mobile Combustion",{"$f":"('Mobile Combustion'!C25/10^6)*UFactor","v":0},{"$f":"('Mobile Combustion'!D25/10^6)*UFactor","v":0},{"$f":"('Mobile Combustion'!E25/10^6)*UFactor","v":0},{"$f":"('Mobile Combustion'!F25/10^6)*UFactor","v":0},{"$f":"('Mobile Combustion'!G25/10^6)*UFactor","v":0},{"$f":"('Mobile Combustion'!H25/10^6)*UFactor","v":0},{"$f":"('Mobile Combustion'!I25/10^6)*UFactor","v":0},{"$f":"('Mobile Combustion'!J25/10^6)*UFactor","v":0},{"$f":"('Mobile Combustion'!K25/10^6)*UFactor","v":0},{"$f":"('Mobile Combustion'!L25/10^6)*UFactor","v":0},{"$f":"('Mobile Combustion'!M25/10^6)*UFactor","v":0},{"$f":"('Mobile Combustion'!N25/10^6)*UFactor","v":0},{"$f":"('Mobile Combustion'!O25/10^6)*UFactor","v":0},{"$f":"('Mobile Combustion'!P25/10^6)*UFactor","v":0},{"$f":"('Mobile Combustion'!Q25/10^6)*UFactor","v":0},{"$f":"('Mobile Combustion'!R25/10^6)*UFactor","v":0},{"$f":"('Mobile Combustion'!S25/10^6)*UFactor","v":0},{"$f":"('Mobile Combustion'!T25/10^6)*UFactor","v":0},{"$f":"('Mobile Combustion'!U25/10^6)*UFactor","v":0},{"$f":"('Mobile Combustion'!V25/10^6)*UFactor","v":0},{"$f":"('Mobile Combustion'!W25/10^6)*UFactor","v":0},{"$f":"('Mobile Combustion'!X25/10^6)*UFactor","v":0},{"$f":"('Mobile Combustion'!Y25/10^6)*UFactor","v":0},{"$f":"('Mobile Combustion'!Z25/10^6)*UFactor","v":0},{"$f":"('Mobile Combustion'!AA25/10^6)*UFactor","v":0},{"$f":"('Mobile Combustion'!AB25/10^6)*UFactor","v":0},{"$f":"('Mobile Combustion'!AC25/10^6)*UFactor","v":0},{"$f":"('Mobile Combustion'!AD25/10^6)*UFactor","v":0},{"$f":"('Mobile Combustion'!AE25/10^6)*UFactor","v":0},{"$f":"('Mobile Combustion'!AF25/10^6)*UFactor","v":0},{"$f":"('Mobile Combustion'!AG25/10^6)*UFactor","v":0}]
[null,"Coal Mining",{"$f":"((Coal!C5+Coal!C6)/10^6)*UFactor","v":0},{"$f":"((Coal!D5+Coal!D6)/10^6)*UFactor","v":0},{"$f":"((Coal!E5+Coal!E6)/10^6)*UFactor","v":0},{"$f":"((Coal!F5+Coal!F6)/10^6)*UFactor","v":0},{"$f":"((Coal!G5+Coal!G6)/10^6)*UFactor","v":0},{"$f":"((Coal!H5+Coal!H6)/10^6)*UFactor","v":0},{"$f":"((Coal!I5+Coal!I6)/10^6)*UFactor","v":0},{"$f":"((Coal!J5+Coal!J6)/10^6)*UFactor","v":0},{"$f":"((Coal!K5+Coal!K6)/10^6)*UFactor","v":0},{"$f":"((Coal!L5+Coal!L6)/10^6)*UFactor","v":0},{"$f":"((Coal!M5+Coal!M6)/10^6)*UFactor","v":0},{"$f":"((Coal!N5+Coal!N6)/10^6)*UFactor","v":0},{"$f":"((Coal!O5+Coal!O6)/10^6)*UFactor","v":0},{"$f":"((Coal!P5+Coal!P6)/10^6)*UFactor","v":0},{"$f":"((Coal!Q5+Coal!Q6)/10^6)*UFactor","v":0},{"$f":"((Coal!R5+Coal!R6)/10^6)*UFactor","v":0},{"$f":"((Coal!S5+Coal!S6)/10^6)*UFactor","v":0},{"$f":"((Coal!T5+Coal!T6)/10^6)*UFactor","v":0},{"$f":"((Coal!U5+Coal!U6)/10^6)*UFactor","v":0},{"$f":"((Coal!V5+Coal!V6)/10^6)*UFactor","v":0},{"$f":"((Coal!W5+Coal!W6)/10^6)*UFactor","v":0},{"$f":"((Coal!X5+Coal!X6)/10^6)*UFactor","v":0},{"$f":"((Coal!Y5+Coal!Y6)/10^6)*UFactor","v":0},{"$f":"((Coal!Z5+Coal!Z6)/10^6)*UFactor","v":0},{"$f":"((Coal!AA5+Coal!AA6)/10^6)*UFactor","v":0},{"$f":"((Coal!AB5+Coal!AB6)/10^6)*UFactor","v":0},{"$f":"((Coal!AC5+Coal!AC6)/10^6)*UFactor","v":0},{"$f":"((Coal!AD5+Coal!AD6)/10^6)*UFactor","v":0},{"$f":"((Coal!AE5+Coal!AE6)/10^6)*UFactor","v":0},{"$f":"((Coal!AF5+Coal!AF6)/10^6)*UFactor","v":0},{"$f":"((Coal!AG5+Coal!AG6)/10^6)*UFactor","v":0}]
[null,"Natural Gas and Oil Systems",{"$f":"('Gas and Oil'!C7)*UFactor","v":0},{"$f":"('Gas and Oil'!D7)*UFactor","v":0},{"$f":"('Gas and Oil'!E7)*UFactor","v":0},{"$f":"('Gas and Oil'!F7)*UFactor","v":0},{"$f":"('Gas and Oil'!G7)*UFactor","v":0},{"$f":"('Gas and Oil'!H7)*UFactor","v":0},{"$f":"('Gas and Oil'!I7)*UFactor","v":0},{"$f":"('Gas and Oil'!J7)*UFactor","v":0},{"$f":"('Gas and Oil'!K7)*UFactor","v":0},{"$f":"('Gas and Oil'!L7)*UFactor","v":0},{"$f":"('Gas and Oil'!M7)*UFactor","v":0},{"$f":"('Gas and Oil'!N7)*UFactor","v":0},{"$f":"('Gas and Oil'!O7)*UFactor","v":0},{"$f":"('Gas and Oil'!P7)*UFactor","v":0},{"$f":"('Gas and Oil'!Q7)*UFactor","v":0},{"$f":"('Gas and Oil'!R7)*UFactor","v":0},{"$f":"('Gas and Oil'!S7)*UFactor","v":0},{"$f":"('Gas and Oil'!T7)*UFactor","v":0},{"$f":"('Gas and Oil'!U7)*UFactor","v":0},{"$f":"('Gas and Oil'!V7)*UFactor","v":0},{"$f":"('Gas and Oil'!W7)*UFactor","v":0},{"$f":"('Gas and Oil'!X7)*UFactor","v":0},{"$f":"('Gas and Oil'!Y7)*UFactor","v":0},{"$f":"('Gas and Oil'!Z7)*UFactor","v":0},{"$f":"('Gas and Oil'!AA7)*UFactor","v":0},{"$f":"('Gas and Oil'!AB7)*UFactor","v":0},{"$f":"('Gas and Oil'!AC7)*UFactor","v":0},{"$f":"('Gas and Oil'!AD7)*UFactor","v":0},{"$f":"('Gas and Oil'!AE7)*UFactor","v":0},{"$f":"('Gas and Oil'!AF7)*UFactor","v":0},{"$f":"('Gas and Oil'!AG7)*UFactor","v":0}]
[null,"Industrial Processes",{"$f":"(IP!C23/10^6)*UFactor","v":0},{"$f":"(IP!D23/10^6)*UFactor","v":0},{"$f":"(IP!E23/10^6)*UFactor","v":0},{"$f":"(IP!F23/10^6)*UFactor","v":0},{"$f":"(IP!G23/10^6)*UFactor","v":0},{"$f":"(IP!H23/10^6)*UFactor","v":0},{"$f":"(IP!I23/10^6)*UFactor","v":0},{"$f":"(IP!J23/10^6)*UFactor","v":0},{"$f":"(IP!K23/10^6)*UFactor","v":0},{"$f":"(IP!L23/10^6)*UFactor","v":0},{"$f":"(IP!M23/10^6)*UFactor","v":0},{"$f":"(IP!N23/10^6)*UFactor","v":0},{"$f":"(IP!O23/10^6)*UFactor","v":0},{"$f":"(IP!P23/10^6)*UFactor","v":0},{"$f":"(IP!Q23/10^6)*UFactor","v":0},{"$f":"(IP!R23/10^6)*UFactor","v":0},{"$f":"(IP!S23/10^6)*UFactor","v":0},{"$f":"(IP!T23/10^6)*UFactor","v":0},{"$f":"(IP!U23/10^6)*UFactor","v":0},{"$f":"(IP!V23/10^6)*UFactor","v":0},{"$f":"(IP!W23/10^6)*UFactor","v":0},{"$f":"(IP!X23/10^6)*UFactor","v":0},{"$f":"(IP!Y23/10^6)*UFactor","v":0},{"$f":"(IP!Z23/10^6)*UFactor","v":0},{"$f":"(IP!AA23/10^6)*UFactor","v":0},{"$f":"(IP!AB23/10^6)*UFactor","v":0},{"$f":"(IP!AC23/10^6)*UFactor","v":0},{"$f":"(IP!AD23/10^6)*UFactor","v":0},{"$f":"(IP!AE23/10^6)*UFactor","v":0},{"$f":"(IP!AF23/10^6)*UFactor","v":0},{"$f":"(IP!AG23/10^6)*UFactor","v":0}]
[null,"Agriculture ",{"$f":"SUM(C13:C19)","v":0},0,0,0,0,0,0,0,0,0,0,0,0,0,0,0,0,0,0,0,0,0,0,0,0,0,0,0,0,0,0]
[null,"Enteric Fermentation",{"$f":"Agriculture!C8*UFactor","v":0},{"$f":"Agriculture!D8*UFactor","v":0},{"$f":"Agriculture!E8*UFactor","v":0},{"$f":"Agriculture!F8*UFactor","v":0},{"$f":"Agriculture!G8*UFactor","v":0},{"$f":"Agriculture!H8*UFactor","v":0},{"$f":"Agriculture!I8*UFactor","v":0},{"$f":"Agriculture!J8*UFactor","v":0},{"$f":"Agriculture!K8*UFactor","v":0},{"$f":"Agriculture!L8*UFactor","v":0},{"$f":"Agriculture!M8*UFactor","v":0},{"$f":"Agriculture!N8*UFactor","v":0},{"$f":"Agriculture!O8*UFactor","v":0},{"$f":"Agriculture!P8*UFactor","v":0},{"$f":"Agriculture!Q8*UFactor","v":0},{"$f":"Agriculture!R8*UFactor","v":0},{"$f":"Agriculture!S8*UFactor","v":0},{"$f":"Agriculture!T8*UFactor","v":0},{"$f":"Agriculture!U8*UFactor","v":0},{"$f":"Agriculture!V8*UFactor","v":0},{"$f":"Agriculture!W8*UFactor","v":0},{"$f":"Agriculture!X8*UFactor","v":0},{"$f":"Agriculture!Y8*UFactor","v":0},{"$f":"Agriculture!Z8*UFactor","v":0},{"$f":"Agriculture!AA8*UFactor","v":0},{"$f":"Agriculture!AB8*UFactor","v":0},{"$f":"Agriculture!AC8*UFactor","v":0},{"$f":"Agriculture!AD8*UFactor","v":0},{"$f":"Agriculture!AE8*UFactor","v":0},{"$f":"Agriculture!AF8*UFactor","v":0},{"$f":"Agriculture!AG8*UFactor","v":0}]
[null,"Manure Management",{"$f":"Agriculture!C9*UFactor","v":0},{"$f":"Agriculture!D9*UFactor","v":0},{"$f":"Agriculture!E9*UFactor","v":0},{"$f":"Agriculture!F9*UFactor","v":0},{"$f":"Agriculture!G9*UFactor","v":0},{"$f":"Agriculture!H9*UFactor","v":0},{"$f":"Agriculture!I9*UFactor","v":0},{"$f":"Agriculture!J9*UFactor","v":0},{"$f":"Agriculture!K9*UFactor","v":0},{"$f":"Agriculture!L9*UFactor","v":0},{"$f":"Agriculture!M9*UFactor","v":0},{"$f":"Agriculture!N9*UFactor","v":0},{"$f":"Agriculture!O9*UFactor","v":0},{"$f":"Agriculture!P9*UFactor","v":0},{"$f":"Agriculture!Q9*UFactor","v":0},{"$f":"Agriculture!R9*UFactor","v":0},{"$f":"Agriculture!S9*UFactor","v":0},{"$f":"Agriculture!T9*UFactor","v":0},{"$f":"Agriculture!U9*UFactor","v":0},{"$f":"Agriculture!V9*UFactor","v":0},{"$f":"Agriculture!W9*UFactor","v":0},{"$f":"Agriculture!X9*UFactor","v":0},{"$f":"Agriculture!Y9*UFactor","v":0},{"$f":"Agriculture!Z9*UFactor","v":0},{"$f":"Agriculture!AA9*UFactor","v":0},{"$f":"Agriculture!AB9*UFactor","v":0},{"$f":"Agriculture!AC9*UFactor","v":0},{"$f":"Agriculture!AD9*UFactor","v":0},{"$f":"Agriculture!AE9*UFactor","v":0},{"$f":"Agriculture!AF9*UFactor","v":0},{"$f":"Agriculture!AG9*UFactor","v":0}]
[null,"Agricultural Soil Management",{"$f":"Agriculture!C10*UFactor","v":0},{"$f":"Agriculture!D10*UFactor","v":0},{"$f":"Agriculture!E10*UFactor","v":0},{"$f":"Agriculture!F10*UFactor","v":0},{"$f":"Agriculture!G10*UFactor","v":0},{"$f":"Agriculture!H10*UFactor","v":0},{"$f":"Agriculture!I10*UFactor","v":0},{"$f":"Agriculture!J10*UFactor","v":0},{"$f":"Agriculture!K10*UFactor","v":0},{"$f":"Agriculture!L10*UFactor","v":0},{"$f":"Agriculture!M10*UFactor","v":0},{"$f":"Agriculture!N10*UFactor","v":0},{"$f":"Agriculture!O10*UFactor","v":0},{"$f":"Agriculture!P10*UFactor","v":0},{"$f":"Agriculture!Q10*UFactor","v":0},{"$f":"Agriculture!R10*UFactor","v":0},{"$f":"Agriculture!S10*UFactor","v":0},{"$f":"Agriculture!T10*UFactor","v":0},{"$f":"Agriculture!U10*UFactor","v":0},{"$f":"Agriculture!V10*UFactor","v":0},{"$f":"Agriculture!W10*UFactor","v":0},{"$f":"Agriculture!X10*UFactor","v":0},{"$f":"Agriculture!Y10*UFactor","v":0},{"$f":"Agriculture!Z10*UFactor","v":0},{"$f":"Agriculture!AA10*UFactor","v":0},{"$f":"Agriculture!AB10*UFactor","v":0},{"$f":"Agriculture!AC10*UFactor","v":0},{"$f":"Agriculture!AD10*UFactor","v":0},{"$f":"Agriculture!AE10*UFactor","v":0},{"$f":"Agriculture!AF10*UFactor","v":0},{"$f":"Agriculture!AG10*UFactor","v":0}]
[null,"Rice Cultivation",{"$f":"Agriculture!C11*UFactor","v":0},{"$f":"Agriculture!D11*UFactor","v":0},{"$f":"Agriculture!E11*UFactor","v":0},{"$f":"Agriculture!F11*UFactor","v":0},{"$f":"Agriculture!G11*UFactor","v":0},{"$f":"Agriculture!H11*UFactor","v":0},{"$f":"Agriculture!I11*UFactor","v":0},{"$f":"Agriculture!J11*UFactor","v":0},{"$f":"Agriculture!K11*UFactor","v":0},{"$f":"Agriculture!L11*UFactor","v":0},{"$f":"Agriculture!M11*UFactor","v":0},{"$f":"Agriculture!N11*UFactor","v":0},{"$f":"Agriculture!O11*UFactor","v":0},{"$f":"Agriculture!P11*UFactor","v":0},{"$f":"Agriculture!Q11*UFactor","v":0},{"$f":"Agriculture!R11*UFactor","v":0},{"$f":"Agriculture!S11*UFactor","v":0},{"$f":"Agriculture!T11*UFactor","v":0},{"$f":"Agriculture!U11*UFactor","v":0},{"$f":"Agriculture!V11*UFactor","v":0},{"$f":"Agriculture!W11*UFactor","v":0},{"$f":"Agriculture!X11*UFactor","v":0},{"$f":"Agriculture!Y11*UFactor","v":0},{"$f":"Agriculture!Z11*UFactor","v":0},{"$f":"Agriculture!AA11*UFactor","v":0},{"$f":"Agriculture!AB11*UFactor","v":0},{"$f":"Agriculture!AC11*UFactor","v":0},{"$f":"Agriculture!AD11*UFactor","v":0},{"$f":"Agriculture!AE11*UFactor","v":0},{"$f":"Agriculture!AF11*UFactor","v":0},{"$f":"Agriculture!AG11*UFactor","v":0}]
[null,"Liming",{"$f":"Agriculture!C12*UFactor","v":0},{"$f":"Agriculture!D12*UFactor","v":0},{"$f":"Agriculture!E12*UFactor","v":0},{"$f":"Agriculture!F12*UFactor","v":0},{"$f":"Agriculture!G12*UFactor","v":0},{"$f":"Agriculture!H12*UFactor","v":0},{"$f":"Agriculture!I12*UFactor","v":0},{"$f":"Agriculture!J12*UFactor","v":0},{"$f":"Agriculture!K12*UFactor","v":0},{"$f":"Agriculture!L12*UFactor","v":0},{"$f":"Agriculture!M12*UFactor","v":0},{"$f":"Agriculture!N12*UFactor","v":0},{"$f":"Agriculture!O12*UFactor","v":0},{"$f":"Agriculture!P12*UFactor","v":0},{"$f":"Agriculture!Q12*UFactor","v":0},{"$f":"Agriculture!R12*UFactor","v":0},{"$f":"Agriculture!S12*UFactor","v":0},{"$f":"Agriculture!T12*UFactor","v":0},{"$f":"Agriculture!U12*UFactor","v":0},{"$f":"Agriculture!V12*UFactor","v":0},{"$f":"Agriculture!W12*UFactor","v":0},{"$f":"Agriculture!X12*UFactor","v":0},{"$f":"Agriculture!Y12*UFactor","v":0},{"$f":"Agriculture!Z12*UFactor","v":0},{"$f":"Agriculture!AA12*UFactor","v":0},{"$f":"Agriculture!AB12*UFactor","v":0},{"$f":"Agriculture!AC12*UFactor","v":0},{"$f":"Agriculture!AD12*UFactor","v":0},{"$f":"Agriculture!AE12*UFactor","v":0},{"$f":"Agriculture!AF12*UFactor","v":0},{"$f":"Agriculture!AG12*UFactor","v":0}]
[null,"Urea",{"$f":"Agriculture!C13*UFactor","v":0},{"$f":"Agriculture!D13*UFactor","v":0},{"$f":"Agriculture!E13*UFactor","v":0},{"$f":"Agriculture!F13*UFactor","v":0},{"$f":"Agriculture!G13*UFactor","v":0},{"$f":"Agriculture!H13*UFactor","v":0},{"$f":"Agriculture!I13*UFactor","v":0},{"$f":"Agriculture!J13*UFactor","v":0},{"$f":"Agriculture!K13*UFactor","v":0},{"$f":"Agriculture!L13*UFactor","v":0},{"$f":"Agriculture!M13*UFactor","v":0},{"$f":"Agriculture!N13*UFactor","v":0},{"$f":"Agriculture!O13*UFactor","v":0},{"$f":"Agriculture!P13*UFactor","v":0},{"$f":"Agriculture!Q13*UFactor","v":0},{"$f":"Agriculture!R13*UFactor","v":0},{"$f":"Agriculture!S13*UFactor","v":0},{"$f":"Agriculture!T13*UFactor","v":0},{"$f":"Agriculture!U13*UFactor","v":0},{"$f":"Agriculture!V13*UFactor","v":0},{"$f":"Agriculture!W13*UFactor","v":0},{"$f":"Agriculture!X13*UFactor","v":0},{"$f":"Agriculture!Y13*UFactor","v":0},{"$f":"Agriculture!Z13*UFactor","v":0},{"$f":"Agriculture!AA13*UFactor","v":0},{"$f":"Agriculture!AB13*UFactor","v":0},{"$f":"Agriculture!AC13*UFactor","v":0},{"$f":"Agriculture!AD13*UFactor","v":0},{"$f":"Agriculture!AE13*UFactor","v":0},{"$f":"Agriculture!AF13*UFactor","v":0},{"$f":"Agriculture!AG13*UFactor","v":0}]
[null,"Burning of Agricultural Crop Waste ",{"$f":"Agriculture!C14*UFactor","v":0},{"$f":"Agriculture!D14*UFactor","v":0},{"$f":"Agriculture!E14*UFactor","v":0},{"$f":"Agriculture!F14*UFactor","v":0},{"$f":"Agriculture!G14*UFactor","v":0},{"$f":"Agriculture!H14*UFactor","v":0},{"$f":"Agriculture!I14*UFactor","v":0},{"$f":"Agriculture!J14*UFactor","v":0},{"$f":"Agriculture!K14*UFactor","v":0},{"$f":"Agriculture!L14*UFactor","v":0},{"$f":"Agriculture!M14*UFactor","v":0},{"$f":"Agriculture!N14*UFactor","v":0},{"$f":"Agriculture!O14*UFactor","v":0},{"$f":"Agriculture!P14*UFactor","v":0},{"$f":"Agriculture!Q14*UFactor","v":0},{"$f":"Agriculture!R14*UFactor","v":0},{"$f":"Agriculture!S14*UFactor","v":0},{"$f":"Agriculture!T14*UFactor","v":0},{"$f":"Agriculture!U14*UFactor","v":0},{"$f":"Agriculture!V14*UFactor","v":0},{"$f":"Agriculture!W14*UFactor","v":0},{"$f":"Agriculture!X14*UFactor","v":0},{"$f":"Agriculture!Y14*UFactor","v":0},{"$f":"Agriculture!Z14*UFactor","v":0},{"$f":"Agriculture!AA14*UFactor","v":0},{"$f":"Agriculture!AB14*UFactor","v":0},{"$f":"Agriculture!AC14*UFactor","v":0},{"$f":"Agriculture!AD14*UFactor","v":0},{"$f":"Agriculture!AE14*UFactor","v":0},{"$f":"Agriculture!AF14*UFactor","v":0},{"$f":"Agriculture!AG14*UFactor","v":0}]
[null,"LULUCF",{"$f":"'Forest Management'!C51*UFactor","v":0},{"$f":"'Forest Management'!D51*UFactor","v":0},{"$f":"'Forest Management'!E51*UFactor","v":0},{"$f":"'Forest Management'!F51*UFactor","v":0},{"$f":"'Forest Management'!G51*UFactor","v":0},{"$f":"'Forest Management'!H51*UFactor","v":0},{"$f":"'Forest Management'!I51*UFactor","v":0},{"$f":"'Forest Management'!J51*UFactor","v":0},{"$f":"'Forest Management'!K51*UFactor","v":0},{"$f":"'Forest Management'!L51*UFactor","v":0},{"$f":"'Forest Management'!M51*UFactor","v":0},{"$f":"'Forest Management'!N51*UFactor","v":0},{"$f":"'Forest Management'!O51*UFactor","v":0},{"$f":"'Forest Management'!P51*UFactor","v":0},{"$f":"'Forest Management'!Q51*UFactor","v":0},{"$f":"'Forest Management'!R51*UFactor","v":0},{"$f":"'Forest Management'!S51*UFactor","v":0},{"$f":"'Forest Management'!T51*UFactor","v":0},{"$f":"'Forest Management'!U51*UFactor","v":0},{"$f":"'Forest Management'!V51*UFactor","v":0},{"$f":"'Forest Management'!W51*UFactor","v":0},{"$f":"'Forest Management'!X51*UFactor","v":0},{"$f":"'Forest Management'!Y51*UFactor","v":0},{"$f":"'Forest Management'!Z51*UFactor","v":0},{"$f":"'Forest Management'!AA51*UFactor","v":0},{"$f":"'Forest Management'!AB51*UFactor","v":0},{"$f":"'Forest Management'!AC51*UFactor","v":0},{"$f":"'Forest Management'!AD51*UFactor","v":0},{"$f":"'Forest Management'!AE51*UFactor","v":0},{"$f":"'Forest Management'!AF51*UFactor","v":0},{"$f":"'Forest Management'!AG51*UFactor","v":0}]
[null,"Waste",{"$f":"SUM(C22:C23)","v":0},0,0,0,{"$f":"SUM(G22:G23)","v":0},0,0,0,0,0,{"$f":"SUM(M22:M23)","v":0},0,0,0,0,0,{"$f":"SUM(S22:S23)","v":0},0,0,0,0,0,0,0,0,0,0,0,0,0,0]
[null,"Municipal Solid Waste",{"$f":"Waste!C10*UFactor","v":0},{"$f":"Waste!D10*UFactor","v":0},{"$f":"Waste!E10*UFactor","v":0},{"$f":"Waste!F10*UFactor","v":0},{"$f":"Waste!G10*UFactor","v":0},{"$f":"Waste!H10*UFactor","v":0},{"$f":"Waste!I10*UFactor","v":0},{"$f":"Waste!J10*UFactor","v":0},{"$f":"Waste!K10*UFactor","v":0},{"$f":"Waste!L10*UFactor","v":0},{"$f":"Waste!M10*UFactor","v":0},{"$f":"Waste!N10*UFactor","v":0},{"$f":"Waste!O10*UFactor","v":0},{"$f":"Waste!P10*UFactor","v":0},{"$f":"Waste!Q10*UFactor","v":0},{"$f":"Waste!R10*UFactor","v":0},{"$f":"Waste!S10*UFactor","v":0},{"$f":"Waste!T10*UFactor","v":0},{"$f":"Waste!U10*UFactor","v":0},{"$f":"Waste!V10*UFactor","v":0},{"$f":"Waste!W10*UFactor","v":0},{"$f":"Waste!X10*UFactor","v":0},{"$f":"Waste!Y10*UFactor","v":0},{"$f":"Waste!Z10*UFactor","v":0},{"$f":"Waste!AA10*UFactor","v":0},{"$f":"Waste!AB10*UFactor","v":0},{"$f":"Waste!AC10*UFactor","v":0},{"$f":"Waste!AD10*UFactor","v":0},{"$f":"Waste!AE10*UFactor","v":0},{"$f":"Waste!AF10*UFactor","v":0},{"$f":"Waste!AG10*UFactor","v":0}]
[null,"Wastewater",{"$f":"Wastewater!C12*UFactor","v":0},{"$f":"Wastewater!D12*UFactor","v":0},{"$f":"Wastewater!E12*UFactor","v":0},{"$f":"Wastewater!F12*UFactor","v":0},{"$f":"Wastewater!G12*UFactor","v":0},{"$f":"Wastewater!H12*UFactor","v":0},{"$f":"Wastewater!I12*UFactor","v":0},{"$f":"Wastewater!J12*UFactor","v":0},{"$f":"Wastewater!K12*UFactor","v":0},{"$f":"Wastewater!L12*UFactor","v":0},{"$f":"Wastewater!M12*UFactor","v":0},{"$f":"Wastewater!N12*UFactor","v":0},{"$f":"Wastewater!O12*UFactor","v":0},{"$f":"Wastewater!P12*UFactor","v":0},{"$f":"Wastewater!Q12*UFactor","v":0},{"$f":"Wastewater!R12*UFactor","v":0},{"$f":"Wastewater!S12*UFactor","v":0},{"$f":"Wastewater!T12*UFactor","v":0},{"$f":"Wastewater!U12*UFactor","v":0},{"$f":"Wastewater!V12*UFactor","v":0},{"$f":"Wastewater!W12*UFactor","v":0},{"$f":"Wastewater!X12*UFactor","v":0},{"$f":"Wastewater!Y12*UFactor","v":0},{"$f":"Wastewater!Z12*UFactor","v":0},{"$f":"Wastewater!AA12*UFactor","v":0},{"$f":"Wastewater!AB12*UFactor","v":0},{"$f":"Wastewater!AC12*UFactor","v":0},{"$f":"Wastewater!AD12*UFactor","v":0},{"$f":"Wastewater!AE12*UFactor","v":0},{"$f":"Wastewater!AF12*UFactor","v":0},{"$f":"Wastewater!AG12*UFactor","v":0}]
[null,"Indirect CO2 from Electricity Consumption*",{"$f":"IndirectCO2!C48","v":0},{"$f":"IndirectCO2!D48","v":0},{"$f":"IndirectCO2!E48","v":0},{"$f":"IndirectCO2!F48","v":0},{"$f":"IndirectCO2!G48","v":0},{"$f":"IndirectCO2!H48","v":0},{"$f":"IndirectCO2!I48","v":0},{"$f":"IndirectCO2!J48","v":0},{"$f":"IndirectCO2!K48","v":0},{"$f":"IndirectCO2!L48","v":0},{"$f":"IndirectCO2!M48","v":0},{"$f":"IndirectCO2!N48","v":0},{"$f":"IndirectCO2!O48","v":0},{"$f":"IndirectCO2!P48","v":0},{"$f":"IndirectCO2!Q48","v":0},{"$f":"IndirectCO2!R48","v":0},{"$f":"IndirectCO2!S48","v":0},{"$f":"IndirectCO2!T48","v":0},{"$f":"IndirectCO2!U48","v":0},{"$f":"IndirectCO2!V48","v":0},{"$f":"IndirectCO2!W48","v":0},{"$f":"IndirectCO2!X48","v":0},{"$f":"IndirectCO2!Y48","v":0},{"$f":"IndirectCO2!Z48","v":0},{"$f":"IndirectCO2!AA48","v":0},{"$f":"IndirectCO2!AB48","v":0},{"$f":"IndirectCO2!AC48","v":0},{"$f":"IndirectCO2!AD48","v":0},{"$f":"IndirectCO2!AE48","v":0},{"$f":"IndirectCO2!AF48","v":0},{"$f":"IndirectCO2!AG48","v":0}]
[null,"Gross Emissions",{"$f":"IF(C20>0,C5+C11+C12+C20+C21,C5+C11+C12+C21)","v":0},0,0,0,0,0,0,0,0,0,0,0,0,0,0,0,0,0,0,0,0,0,0,0,0,0,0,0,0,0,0]
[null,"Sinks",{"$f":"IF(C20<0,C20,0)","v":0},{"$f":"IF(D20<0,D20,0)","v":0},{"$f":"IF(E20<0,E20,0)","v":0},0,0,0,0,0,0,0,{"$f":"IF(M20<0,M20,0)","v":0},0,0,0,0,0,{"$f":"IF(S20<0,S20,0)","v":0},0,0,0,0,0,0,0,0,0,0,0,0,0,0]
[null,"Net Emissions",{"$f":"C25+C26","v":0},{"$f":"D25+D26","v":0},{"$f":"E25+E26","v":0},0,0,0,0,0,0,0,{"$f":"M25+M26","v":0},0,0,0,0,0,{"$f":"S25+S26","v":0},0,0,0,0,0,0,0,0,0,0,0,0,0,0]
[null,"* Emissions from Electricity Consumption are not included in totals in order to avoid double counting with Fossil Fuel Combustion estimates. "]
[null,null,1,{"$f":"IF(D4<=Factors!$C$21,C29+1,0)","v":2},{"$f":"IF(E4<=Factors!$C$21,D29+1,0)","v":3},{"$f":"IF(F4<=Factors!$C$21,E29+1,0)","v":4},{"$f":"IF(G4<=Factors!$C$21,F29+1,0)","v":5},{"$f":"IF(H4<=Factors!$C$21,G29+1,0)","v":6},{"$f":"IF(I4<=Factors!$C$21,H29+1,0)","v":7},{"$f":"IF(J4<=Factors!$C$21,I29+1,0)","v":8},{"$f":"IF(K4<=Factors!$C$21,J29+1,0)","v":9},{"$f":"IF(L4<=Factors!$C$21,K29+1,0)","v":10},{"$f":"IF(M4<=Factors!$C$21,L29+1,0)","v":11},{"$f":"IF(N4<=Factors!$C$21,M29+1,0)","v":12},{"$f":"IF(O4<=Factors!$C$21,N29+1,0)","v":13},{"$f":"IF(P4<=Factors!$C$21,O29+1,0)","v":14},{"$f":"IF(Q4<=Factors!$C$21,P29+1,0)","v":15},{"$f":"IF(R4<=Factors!$C$21,Q29+1,0)","v":16},{"$f":"IF(S4<=Factors!$C$21,R29+1,0)","v":17},{"$f":"IF(T4<=Factors!$C$21,S29+1,0)","v":18},{"$f":"IF(U4<=Factors!$C$21,T29+1,0)","v":19},{"$f":"IF(V4<=Factors!$C$21,U29+1,0)","v":20},{"$f":"IF(W4<=Factors!$C$21,V29+1,0)","v":21},{"$f":"IF(X4<=Factors!$C$21,W29+1,0)","v":22},{"$f":"IF(Y4<=Factors!$C$21,X29+1,0)","v":23},{"$f":"IF(Z4<=Factors!$C$21,Y29+1,0)","v":24},{"$f":"IF(AA4<=Factors!$C$21,Z29+1,0)","v":25},{"$f":"IF(AB4<=Factors!$C$21,AA29+1,0)","v":26},{"$f":"IF(AC4<=Factors!$C$21,AB29+1,0)","v":27},{"$f":"IF(AD4<=Factors!$C$21,AC29+1,0)","v":28},{"$f":"IF(AE4<=Factors!$C$21,AD29+1,0)","v":29},{"$f":"IF(AF4<=Factors!$C$21,AE29+1,0)","v":0},{"$f":"IF(AG4<=Factors!$C$21,AF29+1,0)","v":0}]
[null,null,null,null,null,null,null,"Press the up and down arrows below to change the year of the pie chart."]
[]
[null,null,null,null,null,null,null,null,"Emissions Year:",2018]
[]
[]
[]
[]
[]
[]
[]
[]
[]
[]
[]
[]
[]
[]
[]
[]
[]
[]
[]
[null,null,null,null,null,null,null,null,null,null,null,null,null,null,null,null,null,{"$f":"\"GHG Emissions by Sector, 1990-\"&Factors!C21","v":"GHG Emissions by Sector, 1990-2018"}]
[null,null,null,null,null,null,null,null,null,null,null,null,null,null,null,null,null,{"$f":"\"GHG Emissions by Sector (excluding Fossil Fuel Combustion), 1990-\"&Factors!C21","v":"GHG Emissions by Sector (excluding Fossil Fuel Combustion), 1990-2018"}]
[]
[]
[]
[]
[]
[]
[]
[]
[]
[]
[]
[]
[null,null,null,null,null,null,null,null,null,"        "]
[]
[]
[]
[]
[]
[]
[]
[]
[]
[]
[]
[]
[]
[]
[]
[]
[]
[]
[]
[]
[]
[]
[]
[]
[]
[]
[]
[]
[]
[]
[null,{"$f":"\"GHG Emissions by Sector \"&J32","v":"GHG Emissions by Sector 2018"}]
[null,null,{"$f":"J32","v":2018}]
[null,"Energy",{"$f":"HLOOKUP($C$98,$C$110:$AG$115,2,FALSE)","v":0}]
[null,"Industrial Processes",{"$f":"HLOOKUP($C$98,$C$110:$AG$115,3,FALSE)","v":0}]
[null,"Agriculture ",{"$f":"HLOOKUP($C$98,$C$110:$AG$115,4,FALSE)","v":0}]
[null,"LULUCF",{"$f":"HLOOKUP($C$98,$C$110:$AG$115,5,FALSE)","v":0}]
[null,"Waste",{"$f":"HLOOKUP($C$98,$C$110:$AG$115,6,FALSE)","v":0}]
[]
[]
[]
["This row links to the chart above"]
[null,"Energy (no CO2FFC)",{"$f":"SUM(C7:C10)","v":0},0,0,0,0,0,0,0,0,0,0,0,0,0,0,0,0,0,0,0,0,0,0,0,0,0,0,0,0,0,0]
[]
["For Pie Chart",null,1990,1991,1992,1993,1994,1995,1996,1997,1998,1999,2000,2001,2002,2003,2004,2005,2006,2007,2008,2009,2010,2011,2012,2013,2014,2015,2016,2017,2018,2019,2020]
[null,{"$f":"B5","v":"Energy"},0,0,0,0,0,0,0,0,0,0,0,0,0,0,0,0,0,0,0,0,0,0,0,0,0,0,0,0,0,0,0]
[null,{"$f":"B11","v":"Industrial Processes"},0,0,0,0,0,0,0,0,0,0,0,0,0,0,0,0,0,0,0,0,0,0,0,0,0,0,0,0,0,0,0]
[null,{"$f":"B12","v":"Agriculture "},0,0,0,0,0,0,0,0,0,0,0,0,0,0,0,0,0,0,0,0,0,0,0,0,0,0,0,0,0,0,0]
[null,{"$f":"B20","v":"LULUCF"},{"$f":"IF(C20<0,0,C20)","v":0},0,0,0,0,0,0,0,0,0,0,0,0,0,0,0,{"$f":"IF(S20<0,0,S20)","v":0},0,0,0,0,0,0,0,0,0,0,0,0,0,0]
[null,{"$f":"B21","v":"Waste"},{"$f":"C21","v":0},0,0,0,0,0,0,0,0,0,0,0,0,0,0,0,{"$f":"S21","v":0},0,0,0,0,0,0,0,0,0,0,0,0,0,0]

{"sheet":"Summary by Gas","index":13,"n_rows":176,"n_cols":33,"rows_kept":176,"cut":false,"hidden":false,"merged":[[0,0,0,4]]}
[{"$f":"\"Summary of GHG Emissions by Gas in \"&StateName&\" (\"&Units&\")\"","v":"Summary of GHG Emissions by Gas in Select a State . . . (MMTCO2E)"}]
[]
[]
[null,"Emissions (MMTCO2E)",1990,1991,1992,1993,1994,1995,1996,1997,1998,1999,2000,2001,2002,2003,2004,2005,2006,2007,2008,2009,2010,2011,2012,2013,2014,2015,2016,2017,2018,2019,2020]
[null,"Gross CO2",{"$f":"IF(C11<0,SUM(C7:C10),SUM(C7:C11))","v":0},{"$f":"IF(D11<0,SUM(D7:D10),SUM(D7:D11))","v":0},0,0,0,0,0,0,0,0,0,0,0,0,0,0,0,0,0,0,0,0,0,0,0,0,0,0,0,0,0]
[null,"Net CO2",{"$f":"SUM(C7:C11)","v":0},{"$f":"SUM(D7:D11)","v":0},0,0,0,0,0,0,0,0,{"$f":"SUM(M7:M11)","v":0},0,0,0,0,0,{"$f":"SUM(S7:S11)","v":0},0,0,0,0,0,0,0,0,0,0,0,0,0,0]
[null,"CO2 from Fossil Fuel Combustion",{"$f":"CO2FFC!C31*UFactor","v":0},{"$f":"CO2FFC!D31*UFactor","v":0},{"$f":"CO2FFC!E31*UFactor","v":0},{"$f":"CO2FFC!F31*UFactor","v":0},{"$f":"CO2FFC!G31*UFactor","v":0},{"$f":"CO2FFC!H31*UFactor","v":0},{"$f":"CO2FFC!I31*UFactor","v":0},{"$f":"CO2FFC!J31*UFactor","v":0},{"$f":"CO2FFC!K31*UFactor","v":0},{"$f":"CO2FFC!L31*UFactor","v":0},{"$f":"CO2FFC!M31*UFactor","v":0},{"$f":"CO2FFC!N31*UFactor","v":0},{"$f":"CO2FFC!O31*UFactor","v":0},{"$f":"CO2FFC!P31*UFactor","v":0},{"$f":"CO2FFC!Q31*UFactor","v":0},{"$f":"CO2FFC!R31*UFactor","v":0},{"$f":"CO2FFC!S31*UFactor","v":0},{"$f":"CO2FFC!T31*UFactor","v":0},{"$f":"CO2FFC!U31*UFactor","v":0},{"$f":"CO2FFC!V31*UFactor","v":0},{"$f":"CO2FFC!W31*UFactor","v":0},{"$f":"CO2FFC!X31*UFactor","v":0},{"$f":"CO2FFC!Y31*UFactor","v":0},{"$f":"CO2FFC!Z31*UFactor","v":0},{"$f":"CO2FFC!AA31*UFactor","v":0},{"$f":"CO2FFC!AB31*UFactor","v":0},{"$f":"CO2FFC!AC31*UFactor","v":0},{"$f":"CO2FFC!AD31*UFactor","v":0},{"$f":"CO2FFC!AE31*UFactor","v":0},{"$f":"CO2FFC!AF31*UFactor","v":0},{"$f":"CO2FFC!AG31*UFactor","v":0}]
[null,"Industrial Processes",{"$f":"(IP!C4/10^6)*UFactor","v":0},{"$f":"(IP!D4/10^6)*UFactor","v":0},{"$f":"(IP!E4/10^6)*UFactor","v":0},{"$f":"(IP!F4/10^6)*UFactor","v":0},{"$f":"(IP!G4/10^6)*UFactor","v":0},{"$f":"(IP!H4/10^6)*UFactor","v":0},{"$f":"(IP!I4/10^6)*UFactor","v":0},{"$f":"(IP!J4/10^6)*UFactor","v":0},{"$f":"(IP!K4/10^6)*UFactor","v":0},{"$f":"(IP!L4/10^6)*UFactor","v":0},{"$f":"(IP!M4/10^6)*UFactor","v":0},{"$f":"(IP!N4/10^6)*UFactor","v":0},{"$f":"(IP!O4/10^6)*UFactor","v":0},{"$f":"(IP!P4/10^6)*UFactor","v":0},{"$f":"(IP!Q4/10^6)*UFactor","v":0},{"$f":"(IP!R4/10^6)*UFactor","v":0},{"$f":"(IP!S4/10^6)*UFactor","v":0},{"$f":"(IP!T4/10^6)*UFactor","v":0},{"$f":"(IP!U4/10^6)*UFactor","v":0},{"$f":"(IP!V4/10^6)*UFactor","v":0},{"$f":"(IP!W4/10^6)*UFactor","v":0},{"$f":"(IP!X4/10^6)*UFactor","v":0},{"$f":"(IP!Y4/10^6)*UFactor","v":0},{"$f":"(IP!Z4/10^6)*UFactor","v":0},{"$f":"(IP!AA4/10^6)*UFactor","v":0},{"$f":"(IP!AB4/10^6)*UFactor","v":0},{"$f":"(IP!AC4/10^6)*UFactor","v":0},{"$f":"(IP!AD4/10^6)*UFactor","v":0},{"$f":"(IP!AE4/10^6)*UFactor","v":0},{"$f":"(IP!AF4/10^6)*UFactor","v":0},{"$f":"(IP!AG4/10^6)*UFactor","v":0}]
[null,"Waste ",{"$f":"Waste!C8*UFactor","v":0},{"$f":"Waste!D8*UFactor","v":0},{"$f":"Waste!E8*UFactor","v":0},{"$f":"Waste!F8*UFactor","v":0},{"$f":"Waste!G8*UFactor","v":0},{"$f":"Waste!H8*UFactor","v":0},{"$f":"Waste!I8*UFactor","v":0},{"$f":"Waste!J8*UFactor","v":0},{"$f":"Waste!K8*UFactor","v":0},{"$f":"Waste!L8*UFactor","v":0},{"$f":"Waste!M8*UFactor","v":0},{"$f":"Waste!N8*UFactor","v":0},{"$f":"Waste!O8*UFactor","v":0},{"$f":"Waste!P8*UFactor","v":0},{"$f":"Waste!Q8*UFactor","v":0},{"$f":"Waste!R8*UFactor","v":0},{"$f":"Waste!S8*UFactor","v":0},{"$f":"Waste!T8*UFactor","v":0},{"$f":"Waste!U8*UFactor","v":0},{"$f":"Waste!V8*UFactor","v":0},{"$f":"Waste!W8*UFactor","v":0},{"$f":"Waste!X8*UFactor","v":0},{"$f":"Waste!Y8*UFactor","v":0},{"$f":"Waste!Z8*UFactor","v":0},{"$f":"Waste!AA8*UFactor","v":0},{"$f":"Waste!AB8*UFactor","v":0},{"$f":"Waste!AC8*UFactor","v":0},{"$f":"Waste!AD8*UFactor","v":0},{"$f":"Waste!AE8*UFactor","v":0},{"$f":"Waste!AF8*UFactor","v":0},{"$f":"Waste!AG8*UFactor","v":0}]
[null,"Agriculture",{"$f":"Agriculture!C28*UFactor","v":0},{"$f":"Agriculture!D28*UFactor","v":0},{"$f":"Agriculture!E28*UFactor","v":0},{"$f":"Agriculture!F28*UFactor","v":0},{"$f":"Agriculture!G28*UFactor","v":0},{"$f":"Agriculture!H28*UFactor","v":0},{"$f":"Agriculture!I28*UFactor","v":0},{"$f":"Agriculture!J28*UFactor","v":0},{"$f":"Agriculture!K28*UFactor","v":0},{"$f":"Agriculture!L28*UFactor","v":0},{"$f":"Agriculture!M28*UFactor","v":0},{"$f":"Agriculture!N28*UFactor","v":0},{"$f":"Agriculture!O28*UFactor","v":0},{"$f":"Agriculture!P28*UFactor","v":0},{"$f":"Agriculture!Q28*UFactor","v":0},{"$f":"Agriculture!R28*UFactor","v":0},{"$f":"Agriculture!S28*UFactor","v":0},{"$f":"Agriculture!T28*UFactor","v":0},{"$f":"Agriculture!U28*UFactor","v":0},{"$f":"Agriculture!V28*UFactor","v":0},{"$f":"Agriculture!W28*UFactor","v":0},{"$f":"Agriculture!X28*UFactor","v":0},{"$f":"Agriculture!Y28*UFactor","v":0},{"$f":"Agriculture!Z28*UFactor","v":0},{"$f":"Agriculture!AA28*UFactor","v":0},{"$f":"Agriculture!AB28*UFactor","v":0},{"$f":"Agriculture!AC28*UFactor","v":0},{"$f":"Agriculture!AD28*UFactor","v":0},{"$f":"Agriculture!AE28*UFactor","v":0},{"$f":"Agriculture!AF28*UFactor","v":0},{"$f":"Agriculture!AG28*UFactor","v":0}]
[null,"LULUCF",{"$f":"('Forest Management'!C51*UFactor)-SUM('Forest Management'!C46,'Forest Management'!C49)*UFactor","v":0},{"$f":"('Forest Management'!D51*UFactor)-SUM('Forest Management'!D46,'Forest Management'!D49)*UFactor","v":0},{"$f":"('Forest Management'!E51*UFactor)-SUM('Forest Management'!E46,'Forest Management'!E49)*UFactor","v":0},{"$f":"('Forest Management'!F51*UFactor)-SUM('Forest Management'!F46,'Forest Management'!F49)*UFactor","v":0},{"$f":"('Forest Management'!G51*UFactor)-SUM('Forest Management'!G46,'Forest Management'!G49)*UFactor","v":0},{"$f":"('Forest Management'!H51*UFactor)-SUM('Forest Management'!H46,'Forest Management'!H49)*UFactor","v":0},{"$f":"('Forest Management'!I51*UFactor)-SUM('Forest Management'!I46,'Forest Management'!I49)*UFactor","v":0},{"$f":"('Forest Management'!J51*UFactor)-SUM('Forest Management'!J46,'Forest Management'!J49)*UFactor","v":0},{"$f":"('Forest Management'!K51*UFactor)-SUM('Forest Management'!K46,'Forest Management'!K49)*UFactor","v":0},{"$f":"('Forest Management'!L51*UFactor)-SUM('Forest Management'!L46,'Forest Management'!L49)*UFactor","v":0},{"$f":"('Forest Management'!M51*UFactor)-SUM('Forest Management'!M46,'Forest Management'!M49)*UFactor","v":0},{"$f":"('Forest Management'!N51*UFactor)-SUM('Forest Management'!N46,'Forest Management'!N49)*UFactor","v":0},{"$f":"('Forest Management'!O51*UFactor)-SUM('Forest Management'!O46,'Forest Management'!O49)*UFactor","v":0},{"$f":"('Forest Management'!P51*UFactor)-SUM('Forest Management'!P46,'Forest Management'!P49)*UFactor","v":0},{"$f":"('Forest Management'!Q51*UFactor)-SUM('Forest Management'!Q46,'Forest Management'!Q49)*UFactor","v":0},{"$f":"('Forest Management'!R51*UFactor)-SUM('Forest Management'!R46,'Forest Management'!R49)*UFactor","v":0},{"$f":"('Forest Management'!S51*UFactor)-SUM('Forest Management'!S46,'Forest Management'!S49)*UFactor","v":0},{"$f":"('Forest Management'!T51*UFactor)-SUM('Forest Management'!T46,'Forest Management'!T49)*UFactor","v":0},{"$f":"('Forest Management'!U51*UFactor)-SUM('Forest Management'!U46,'Forest Management'!U49)*UFactor","v":0},{"$f":"('Forest Management'!V51*UFactor)-SUM('Forest Management'!V46,'Forest Management'!V49)*UFactor","v":0},{"$f":"('Forest Management'!W51*UFactor)-SUM('Forest Management'!W46,'Forest Management'!W49)*UFactor","v":0},{"$f":"('Forest Management'!X51*UFactor)-SUM('Forest Management'!X46,'Forest Management'!X49)*UFactor","v":0},{"$f":"('Forest Management'!Y51*UFactor)-SUM('Forest Management'!Y46,'Forest Management'!Y49)*UFactor","v":0},{"$f":"('Forest Management'!Z51*UFactor)-SUM('Forest Management'!Z46,'Forest Management'!Z49)*UFactor","v":0},{"$f":"('Forest Management'!AA51*UFactor)-SUM('Forest Management'!AA46,'Forest Management'!AA49)*UFactor","v":0},{"$f":"('Forest Management'!AB51*UFactor)-SUM('Forest Management'!AB46,'Forest Management'!AB49)*UFactor","v":0},{"$f":"('Forest Management'!AC51*UFactor)-SUM('Forest Management'!AC46,'Forest Management'!AC49)*UFactor","v":0},{"$f":"('Forest Management'!AD51*UFactor)-SUM('Forest Management'!AD46,'Forest Management'!AD49)*UFactor","v":0},{"$f":"('Forest Management'!AE51*UFactor)-SUM('Forest Management'!AE46,'Forest Management'!AE49)*UFactor","v":0},{"$f":"('Forest Management'!AF51*UFactor)-SUM('Forest Management'!AF46,'Forest Management'!AF49)*UFactor","v":0},{"$f":"('Forest Management'!AG51*UFactor)-SUM('Forest Management'!AG46,'Forest Management'!AG49)*UFactor","v":0}]
[null,"CH4",{"$f":"SUM(C13:C23)","v":0},{"$f":"SUM(D13:D23)","v":0},0,0,0,0,0,0,0,0,{"$f":"SUM(M13:M23)","v":0},0,0,0,0,0,{"$f":"SUM(S13:S23)","v":0},0,0,0,0,0,0,0,0,0,0,0,0,0,0]
[null,"Stationary Combustion",{"$f":"Stationary!C17*UFactor","v":0},{"$f":"Stationary!D17*UFactor","v":0},{"$f":"Stationary!E17*UFactor","v":0},{"$f":"Stationary!F17*UFactor","v":0},{"$f":"Stationary!G17*UFactor","v":0},{"$f":"Stationary!H17*UFactor","v":0},{"$f":"Stationary!I17*UFactor","v":0},{"$f":"Stationary!J17*UFactor","v":0},{"$f":"Stationary!K17*UFactor","v":0},{"$f":"Stationary!L17*UFactor","v":0},{"$f":"Stationary!M17*UFactor","v":0},{"$f":"Stationary!N17*UFactor","v":0},{"$f":"Stationary!O17*UFactor","v":0},{"$f":"Stationary!P17*UFactor","v":0},{"$f":"Stationary!Q17*UFactor","v":0},{"$f":"Stationary!R17*UFactor","v":0},{"$f":"Stationary!S17*UFactor","v":0},{"$f":"Stationary!T17*UFactor","v":0},{"$f":"Stationary!U17*UFactor","v":0},{"$f":"Stationary!V17*UFactor","v":0},{"$f":"Stationary!W17*UFactor","v":0},{"$f":"Stationary!X17*UFactor","v":0},{"$f":"Stationary!Y17*UFactor","v":0},{"$f":"Stationary!Z17*UFactor","v":0},{"$f":"Stationary!AA17*UFactor","v":0},{"$f":"Stationary!AB17*UFactor","v":0},{"$f":"Stationary!AC17*UFactor","v":0},{"$f":"Stationary!AD17*UFactor","v":0},{"$f":"Stationary!AE17*UFactor","v":0},{"$f":"Stationary!AF17*UFactor","v":0},{"$f":"Stationary!AG17*UFactor","v":0}]
[null,"Mobile Combustion",{"$f":"('Mobile Combustion'!C77/10^6)*UFactor","v":0},{"$f":"('Mobile Combustion'!D77/10^6)*UFactor","v":0},{"$f":"('Mobile Combustion'!E77/10^6)*UFactor","v":0},{"$f":"('Mobile Combustion'!F77/10^6)*UFactor","v":0},{"$f":"('Mobile Combustion'!G77/10^6)*UFactor","v":0},{"$f":"('Mobile Combustion'!H77/10^6)*UFactor","v":0},{"$f":"('Mobile Combustion'!I77/10^6)*UFactor","v":0},{"$f":"('Mobile Combustion'!J77/10^6)*UFactor","v":0},{"$f":"('Mobile Combustion'!K77/10^6)*UFactor","v":0},{"$f":"('Mobile Combustion'!L77/10^6)*UFactor","v":0},{"$f":"('Mobile Combustion'!M77/10^6)*UFactor","v":0},{"$f":"('Mobile Combustion'!N77/10^6)*UFactor","v":0},{"$f":"('Mobile Combustion'!O77/10^6)*UFactor","v":0},{"$f":"('Mobile Combustion'!P77/10^6)*UFactor","v":0},{"$f":"('Mobile Combustion'!Q77/10^6)*UFactor","v":0},{"$f":"('Mobile Combustion'!R77/10^6)*UFactor","v":0},{"$f":"('Mobile Combustion'!S77/10^6)*UFactor","v":0},{"$f":"('Mobile Combustion'!T77/10^6)*UFactor","v":0},{"$f":"('Mobile Combustion'!U77/10^6)*UFactor","v":0},{"$f":"('Mobile Combustion'!V77/10^6)*UFactor","v":0},{"$f":"('Mobile Combustion'!W77/10^6)*UFactor","v":0},{"$f":"('Mobile Combustion'!X77/10^6)*UFactor","v":0},{"$f":"('Mobile Combustion'!Y77/10^6)*UFactor","v":0},{"$f":"('Mobile Combustion'!Z77/10^6)*UFactor","v":0},{"$f":"('Mobile Combustion'!AA77/10^6)*UFactor","v":0},{"$f":"('Mobile Combustion'!AB77/10^6)*UFactor","v":0},{"$f":"('Mobile Combustion'!AC77/10^6)*UFactor","v":0},{"$f":"('Mobile Combustion'!AD77/10^6)*UFactor","v":0},{"$f":"('Mobile Combustion'!AE77/10^6)*UFactor","v":0},{"$f":"('Mobile Combustion'!AF77/10^6)*UFactor","v":0},{"$f":"('Mobile Combustion'!AG77/10^6)*UFactor","v":0}]
[null,"Coal Mining",{"$f":"(Coal!C5+Coal!C6)/10^6*UFactor","v":0},{"$f":"(Coal!D5+Coal!D6)/10^6*UFactor","v":0},{"$f":"(Coal!E5+Coal!E6)/10^6*UFactor","v":0},{"$f":"(Coal!F5+Coal!F6)/10^6*UFactor","v":0},{"$f":"(Coal!G5+Coal!G6)/10^6*UFactor","v":0},{"$f":"(Coal!H5+Coal!H6)/10^6*UFactor","v":0},{"$f":"(Coal!I5+Coal!I6)/10^6*UFactor","v":0},{"$f":"(Coal!J5+Coal!J6)/10^6*UFactor","v":0},{"$f":"(Coal!K5+Coal!K6)/10^6*UFactor","v":0},{"$f":"(Coal!L5+Coal!L6)/10^6*UFactor","v":0},{"$f":"(Coal!M5+Coal!M6)/10^6*UFactor","v":0},{"$f":"(Coal!N5+Coal!N6)/10^6*UFactor","v":0},{"$f":"(Coal!O5+Coal!O6)/10^6*UFactor","v":0},{"$f":"(Coal!P5+Coal!P6)/10^6*UFactor","v":0},{"$f":"(Coal!Q5+Coal!Q6)/10^6*UFactor","v":0},{"$f":"(Coal!R5+Coal!R6)/10^6*UFactor","v":0},{"$f":"(Coal!S5+Coal!S6)/10^6*UFactor","v":0},{"$f":"(Coal!T5+Coal!T6)/10^6*UFactor","v":0},{"$f":"(Coal!U5+Coal!U6)/10^6*UFactor","v":0},{"$f":"(Coal!V5+Coal!V6)/10^6*UFactor","v":0},{"$f":"(Coal!W5+Coal!W6)/10^6*UFactor","v":0},{"$f":"(Coal!X5+Coal!X6)/10^6*UFactor","v":0},{"$f":"(Coal!Y5+Coal!Y6)/10^6*UFactor","v":0},{"$f":"(Coal!Z5+Coal!Z6)/10^6*UFactor","v":0},{"$f":"(Coal!AA5+Coal!AA6)/10^6*UFactor","v":0},{"$f":"(Coal!AB5+Coal!AB6)/10^6*UFactor","v":0},{"$f":"(Coal!AC5+Coal!AC6)/10^6*UFactor","v":0},{"$f":"(Coal!AD5+Coal!AD6)/10^6*UFactor","v":0},{"$f":"(Coal!AE5+Coal!AE6)/10^6*UFactor","v":0},{"$f":"(Coal!AF5+Coal!AF6)/10^6*UFactor","v":0},{"$f":"(Coal!AG5+Coal!AG6)/10^6*UFactor","v":0}]
[null,"Natural Gas and Oil Systems",{"$f":"('Gas and Oil'!C7)*UFactor","v":0},{"$f":"('Gas and Oil'!D7)*UFactor","v":0},{"$f":"('Gas and Oil'!E7)*UFactor","v":0},{"$f":"('Gas and Oil'!F7)*UFactor","v":0},{"$f":"('Gas and Oil'!G7)*UFactor","v":0},{"$f":"('Gas and Oil'!H7)*UFactor","v":0},{"$f":"('Gas and Oil'!I7)*UFactor","v":0},{"$f":"('Gas and Oil'!J7)*UFactor","v":0},{"$f":"('Gas and Oil'!K7)*UFactor","v":0},{"$f":"('Gas and Oil'!L7)*UFactor","v":0},{"$f":"('Gas and Oil'!M7)*UFactor","v":0},{"$f":"('Gas and Oil'!N7)*UFactor","v":0},{"$f":"('Gas and Oil'!O7)*UFactor","v":0},{"$f":"('Gas and Oil'!P7)*UFactor","v":0},{"$f":"('Gas and Oil'!Q7)*UFactor","v":0},{"$f":"('Gas and Oil'!R7)*UFactor","v":0},{"$f":"('Gas and Oil'!S7)*UFactor","v":0},{"$f":"('Gas and Oil'!T7)*UFactor","v":0},{"$f":"('Gas and Oil'!U7)*UFactor","v":0},{"$f":"('Gas and Oil'!V7)*UFactor","v":0},{"$f":"('Gas and Oil'!W7)*UFactor","v":0},{"$f":"('Gas and Oil'!X7)*UFactor","v":0},{"$f":"('Gas and Oil'!Y7)*UFactor","v":0},{"$f":"('Gas and Oil'!Z7)*UFactor","v":0},{"$f":"('Gas and Oil'!AA7)*UFactor","v":0},{"$f":"('Gas and Oil'!AB7)*UFactor","v":0},{"$f":"('Gas and Oil'!AC7)*UFactor","v":0},{"$f":"('Gas and Oil'!AD7)*UFactor","v":0},{"$f":"('Gas and Oil'!AE7)*UFactor","v":0},{"$f":"('Gas and Oil'!AF7)*UFactor","v":0},{"$f":"('Gas and Oil'!AG7)*UFactor","v":0}]
[null,"Enteric Fermentation",{"$f":"Agriculture!C32*CH4GWP*UFactor","v":0},{"$f":"Agriculture!D32*CH4GWP*UFactor","v":0},{"$f":"Agriculture!E32*CH4GWP*UFactor","v":0},{"$f":"Agriculture!F32*CH4GWP*UFactor","v":0},{"$f":"Agriculture!G32*CH4GWP*UFactor","v":0},{"$f":"Agriculture!H32*CH4GWP*UFactor","v":0},{"$f":"Agriculture!I32*CH4GWP*UFactor","v":0},{"$f":"Agriculture!J32*CH4GWP*UFactor","v":0},{"$f":"Agriculture!K32*CH4GWP*UFactor","v":0},{"$f":"Agriculture!L32*CH4GWP*UFactor","v":0},{"$f":"Agriculture!M32*CH4GWP*UFactor","v":0},{"$f":"Agriculture!N32*CH4GWP*UFactor","v":0},{"$f":"Agriculture!O32*CH4GWP*UFactor","v":0},{"$f":"Agriculture!P32*CH4GWP*UFactor","v":0},{"$f":"Agriculture!Q32*CH4GWP*UFactor","v":0},{"$f":"Agriculture!R32*CH4GWP*UFactor","v":0},{"$f":"Agriculture!S32*CH4GWP*UFactor","v":0},{"$f":"Agriculture!T32*CH4GWP*UFactor","v":0},{"$f":"Agriculture!U32*CH4GWP*UFactor","v":0},{"$f":"Agriculture!V32*CH4GWP*UFactor","v":0},{"$f":"Agriculture!W32*CH4GWP*UFactor","v":0},{"$f":"Agriculture!X32*CH4GWP*UFactor","v":0},{"$f":"Agriculture!Y32*CH4GWP*UFactor","v":0},{"$f":"Agriculture!Z32*CH4GWP*UFactor","v":0},{"$f":"Agriculture!AA32*CH4GWP*UFactor","v":0},{"$f":"Agriculture!AB32*CH4GWP*UFactor","v":0},{"$f":"Agriculture!AC32*CH4GWP*UFactor","v":0},{"$f":"Agriculture!AD32*CH4GWP*UFactor","v":0},{"$f":"Agriculture!AE32*CH4GWP*UFactor","v":0},{"$f":"Agriculture!AF32*CH4GWP*UFactor","v":0},{"$f":"Agriculture!AG32*CH4GWP*UFactor","v":0}]
[null,"Manure Management",{"$f":"Agriculture!C33*CH4GWP*UFactor","v":0},{"$f":"Agriculture!D33*CH4GWP*UFactor","v":0},{"$f":"Agriculture!E33*CH4GWP*UFactor","v":0},{"$f":"Agriculture!F33*CH4GWP*UFactor","v":0},{"$f":"Agriculture!G33*CH4GWP*UFactor","v":0},{"$f":"Agriculture!H33*CH4GWP*UFactor","v":0},{"$f":"Agriculture!I33*CH4GWP*UFactor","v":0},{"$f":"Agriculture!J33*CH4GWP*UFactor","v":0},{"$f":"Agriculture!K33*CH4GWP*UFactor","v":0},{"$f":"Agriculture!L33*CH4GWP*UFactor","v":0},{"$f":"Agriculture!M33*CH4GWP*UFactor","v":0},{"$f":"Agriculture!N33*CH4GWP*UFactor","v":0},{"$f":"Agriculture!O33*CH4GWP*UFactor","v":0},{"$f":"Agriculture!P33*CH4GWP*UFactor","v":0},{"$f":"Agriculture!Q33*CH4GWP*UFactor","v":0},{"$f":"Agriculture!R33*CH4GWP*UFactor","v":0},{"$f":"Agriculture!S33*CH4GWP*UFactor","v":0},{"$f":"Agriculture!T33*CH4GWP*UFactor","v":0},{"$f":"Agriculture!U33*CH4GWP*UFactor","v":0},{"$f":"Agriculture!V33*CH4GWP*UFactor","v":0},{"$f":"Agriculture!W33*CH4GWP*UFactor","v":0},{"$f":"Agriculture!X33*CH4GWP*UFactor","v":0},{"$f":"Agriculture!Y33*CH4GWP*UFactor","v":0},{"$f":"Agriculture!Z33*CH4GWP*UFactor","v":0},{"$f":"Agriculture!AA33*CH4GWP*UFactor","v":0},{"$f":"Agriculture!AB33*CH4GWP*UFactor","v":0},{"$f":"Agriculture!AC33*CH4GWP*UFactor","v":0},{"$f":"Agriculture!AD33*CH4GWP*UFactor","v":0},{"$f":"Agriculture!AE33*CH4GWP*UFactor","v":0},{"$f":"Agriculture!AF33*CH4GWP*UFactor","v":0},{"$f":"Agriculture!AG33*CH4GWP*UFactor","v":0}]
[null,"Rice Cultivation",{"$f":"Agriculture!C34*CH4GWP*UFactor","v":0},{"$f":"Agriculture!D34*CH4GWP*UFactor","v":0},{"$f":"Agriculture!E34*CH4GWP*UFactor","v":0},{"$f":"Agriculture!F34*CH4GWP*UFactor","v":0},{"$f":"Agriculture!G34*CH4GWP*UFactor","v":0},{"$f":"Agriculture!H34*CH4GWP*UFactor","v":0},{"$f":"Agriculture!I34*CH4GWP*UFactor","v":0},{"$f":"Agriculture!J34*CH4GWP*UFactor","v":0},{"$f":"Agriculture!K34*CH4GWP*UFactor","v":0},{"$f":"Agriculture!L34*CH4GWP*UFactor","v":0},{"$f":"Agriculture!M34*CH4GWP*UFactor","v":0},{"$f":"Agriculture!N34*CH4GWP*UFactor","v":0},{"$f":"Agriculture!O34*CH4GWP*UFactor","v":0},{"$f":"Agriculture!P34*CH4GWP*UFactor","v":0},{"$f":"Agriculture!Q34*CH4GWP*UFactor","v":0},{"$f":"Agriculture!R34*CH4GWP*UFactor","v":0},{"$f":"Agriculture!S34*CH4GWP*UFactor","v":0},{"$f":"Agriculture!T34*CH4GWP*UFactor","v":0},{"$f":"Agriculture!U34*CH4GWP*UFactor","v":0},{"$f":"Agriculture!V34*CH4GWP*UFactor","v":0},{"$f":"Agriculture!W34*CH4GWP*UFactor","v":0},{"$f":"Agriculture!X34*CH4GWP*UFactor","v":0},{"$f":"Agriculture!Y34*CH4GWP*UFactor","v":0},{"$f":"Agriculture!Z34*CH4GWP*UFactor","v":0},{"$f":"Agriculture!AA34*CH4GWP*UFactor","v":0},{"$f":"Agriculture!AB34*CH4GWP*UFactor","v":0},{"$f":"Agriculture!AC34*CH4GWP*UFactor","v":0},{"$f":"Agriculture!AD34*CH4GWP*UFactor","v":0},{"$f":"Agriculture!AE34*CH4GWP*UFactor","v":0},{"$f":"Agriculture!AF34*CH4GWP*UFactor","v":0},{"$f":"Agriculture!AG34*CH4GWP*UFactor","v":0}]
[null,"Burning of Agricultural Crop Waste ",{"$f":"Agriculture!C35*CH4GWP*UFactor","v":0},{"$f":"Agriculture!D35*CH4GWP*UFactor","v":0},{"$f":"Agriculture!E35*CH4GWP*UFactor","v":0},{"$f":"Agriculture!F35*CH4GWP*UFactor","v":0},{"$f":"Agriculture!G35*CH4GWP*UFactor","v":0},{"$f":"Agriculture!H35*CH4GWP*UFactor","v":0},{"$f":"Agriculture!I35*CH4GWP*UFactor","v":0},{"$f":"Agriculture!J35*CH4GWP*UFactor","v":0},{"$f":"Agriculture!K35*CH4GWP*UFactor","v":0},{"$f":"Agriculture!L35*CH4GWP*UFactor","v":0},{"$f":"Agriculture!M35*CH4GWP*UFactor","v":0},{"$f":"Agriculture!N35*CH4GWP*UFactor","v":0},{"$f":"Agriculture!O35*CH4GWP*UFactor","v":0},{"$f":"Agriculture!P35*CH4GWP*UFactor","v":0},{"$f":"Agriculture!Q35*CH4GWP*UFactor","v":0},{"$f":"Agriculture!R35*CH4GWP*UFactor","v":0},{"$f":"Agriculture!S35*CH4GWP*UFactor","v":0},{"$f":"Agriculture!T35*CH4GWP*UFactor","v":0},{"$f":"Agriculture!U35*CH4GWP*UFactor","v":0},{"$f":"Agriculture!V35*CH4GWP*UFactor","v":0},{"$f":"Agriculture!W35*CH4GWP*UFactor","v":0},{"$f":"Agriculture!X35*CH4GWP*UFactor","v":0},{"$f":"Agriculture!Y35*CH4GWP*UFactor","v":0},{"$f":"Agriculture!Z35*CH4GWP*UFactor","v":0},{"$f":"Agriculture!AA35*CH4GWP*UFactor","v":0},{"$f":"Agriculture!AB35*CH4GWP*UFactor","v":0},{"$f":"Agriculture!AC35*CH4GWP*UFactor","v":0},{"$f":"Agriculture!AD35*CH4GWP*UFactor","v":0},{"$f":"Agriculture!AE35*CH4GWP*UFactor","v":0},{"$f":"Agriculture!AF35*CH4GWP*UFactor","v":0},{"$f":"Agriculture!AG35*CH4GWP*UFactor","v":0}]
[null,"Forest Fires",{"$f":"'Forest Management'!C47*UFactor","v":0},{"$f":"'Forest Management'!D47*UFactor","v":0},{"$f":"'Forest Management'!E47*UFactor","v":0},{"$f":"'Forest Management'!F47*UFactor","v":0},{"$f":"'Forest Management'!G47*UFactor","v":0},{"$f":"'Forest Management'!H47*UFactor","v":0},{"$f":"'Forest Management'!I47*UFactor","v":0},{"$f":"'Forest Management'!J47*UFactor","v":0},{"$f":"'Forest Management'!K47*UFactor","v":0},{"$f":"'Forest Management'!L47*UFactor","v":0},{"$f":"'Forest Management'!M47*UFactor","v":0},{"$f":"'Forest Management'!N47*UFactor","v":0},{"$f":"'Forest Management'!O47*UFactor","v":0},{"$f":"'Forest Management'!P47*UFactor","v":0},{"$f":"'Forest Management'!Q47*UFactor","v":0},{"$f":"'Forest Management'!R47*UFactor","v":0},{"$f":"'Forest Management'!S47*UFactor","v":0},{"$f":"'Forest Management'!T47*UFactor","v":0},{"$f":"'Forest Management'!U47*UFactor","v":0},{"$f":"'Forest Management'!V47*UFactor","v":0},{"$f":"'Forest Management'!W47*UFactor","v":0},{"$f":"'Forest Management'!X47*UFactor","v":0},{"$f":"'Forest Management'!Y47*UFactor","v":0},{"$f":"'Forest Management'!Z47*UFactor","v":0},{"$f":"'Forest Management'!AA47*UFactor","v":0},{"$f":"'Forest Management'!AI51*UFactor","v":0},{"$f":"'Forest Management'!AJ51*UFactor","v":0},{"$f":"'Forest Management'!AK51*UFactor","v":0},{"$f":"'Forest Management'!AL51*UFactor","v":0},{"$f":"'Forest Management'!AM51*UFactor","v":0},{"$f":"'Forest Management'!AN51*UFactor","v":0}]
[null,"Waste ",{"$f":"Waste!C7*UFactor","v":0},{"$f":"Waste!D7*UFactor","v":0},{"$f":"Waste!E7*UFactor","v":0},{"$f":"Waste!F7*UFactor","v":0},{"$f":"Waste!G7*UFactor","v":0},{"$f":"Waste!H7*UFactor","v":0},{"$f":"Waste!I7*UFactor","v":0},{"$f":"Waste!J7*UFactor","v":0},{"$f":"Waste!K7*UFactor","v":0},{"$f":"Waste!L7*UFactor","v":0},{"$f":"Waste!M7*UFactor","v":0},{"$f":"Waste!N7*UFactor","v":0},{"$f":"Waste!O7*UFactor","v":0},{"$f":"Waste!P7*UFactor","v":0},{"$f":"Waste!Q7*UFactor","v":0},{"$f":"Waste!R7*UFactor","v":0},{"$f":"Waste!S7*UFactor","v":0},{"$f":"Waste!T7*UFactor","v":0},{"$f":"Waste!U7*UFactor","v":0},{"$f":"Waste!V7*UFactor","v":0},{"$f":"Waste!W7*UFactor","v":0},{"$f":"Waste!X7*UFactor","v":0},{"$f":"Waste!Y7*UFactor","v":0},{"$f":"Waste!Z7*UFactor","v":0},{"$f":"Waste!AA7*UFactor","v":0},{"$f":"Waste!AB7*UFactor","v":0},{"$f":"Waste!AC7*UFactor","v":0},{"$f":"Waste!AD7*UFactor","v":0},{"$f":"Waste!AE7*UFactor","v":0},{"$f":"Waste!AF7*UFactor","v":0},{"$f":"Waste!AG7*UFactor","v":0}]
[null,"Wastewater",{"$f":"(Wastewater!C5+Wastewater!C7)*UFactor","v":0},{"$f":"(Wastewater!D5+Wastewater!D7)*UFactor","v":0},{"$f":"(Wastewater!E5+Wastewater!E7)*UFactor","v":0},{"$f":"(Wastewater!F5+Wastewater!F7)*UFactor","v":0},{"$f":"(Wastewater!G5+Wastewater!G7)*UFactor","v":0},{"$f":"(Wastewater!H5+Wastewater!H7)*UFactor","v":0},{"$f":"(Wastewater!I5+Wastewater!I7)*UFactor","v":0},{"$f":"(Wastewater!J5+Wastewater!J7)*UFactor","v":0},{"$f":"(Wastewater!K5+Wastewater!K7)*UFactor","v":0},{"$f":"(Wastewater!L5+Wastewater!L7)*UFactor","v":0},{"$f":"(Wastewater!M5+Wastewater!M7)*UFactor","v":0},{"$f":"(Wastewater!N5+Wastewater!N7)*UFactor","v":0},{"$f":"(Wastewater!O5+Wastewater!O7)*UFactor","v":0},{"$f":"(Wastewater!P5+Wastewater!P7)*UFactor","v":0},{"$f":"(Wastewater!Q5+Wastewater!Q7)*UFactor","v":0},{"$f":"(Wastewater!R5+Wastewater!R7)*UFactor","v":0},{"$f":"(Wastewater!S5+Wastewater!S7)*UFactor","v":0},{"$f":"(Wastewater!T5+Wastewater!T7)*UFactor","v":0},{"$f":"(Wastewater!U5+Wastewater!U7)*UFactor","v":0},{"$f":"(Wastewater!V5+Wastewater!V7)*UFactor","v":0},{"$f":"(Wastewater!W5+Wastewater!W7)*UFactor","v":0},{"$f":"(Wastewater!X5+Wastewater!X7)*UFactor","v":0},{"$f":"(Wastewater!Y5+Wastewater!Y7)*UFactor","v":0},{"$f":"(Wastewater!Z5+Wastewater!Z7)*UFactor","v":0},{"$f":"(Wastewater!AA5+Wastewater!AA7)*UFactor","v":0},{"$f":"(Wastewater!AB5+Wastewater!AB7)*UFactor","v":0},{"$f":"(Wastewater!AC5+Wastewater!AC7)*UFactor","v":0},{"$f":"(Wastewater!AD5+Wastewater!AD7)*UFactor","v":0},{"$f":"(Wastewater!AE5+Wastewater!AE7)*UFactor","v":0},{"$f":"(Wastewater!AF5+Wastewater!AF7)*UFactor","v":0},{"$f":"(Wastewater!AG5+Wastewater!AG7)*UFactor","v":0}]
[null,"N2O",{"$f":"SUM(C25:C34)","v":0},{"$f":"SUM(D25:D34)","v":0},0,0,0,0,0,0,0,0,{"$f":"SUM(M25:M34)","v":0},0,0,0,0,0,{"$f":"SUM(S25:S34)","v":0},0,0,0,0,0,0,0,0,0,0,0,0,0,0]
[null,"Stationary Combustion",{"$f":"Stationary!C16*UFactor","v":0},{"$f":"Stationary!D16*UFactor","v":0},{"$f":"Stationary!E16*UFactor","v":0},{"$f":"Stationary!F16*UFactor","v":0},{"$f":"Stationary!G16*UFactor","v":0},{"$f":"Stationary!H16*UFactor","v":0},{"$f":"Stationary!I16*UFactor","v":0},{"$f":"Stationary!J16*UFactor","v":0},{"$f":"Stationary!K16*UFactor","v":0},{"$f":"Stationary!L16*UFactor","v":0},{"$f":"Stationary!M16*UFactor","v":0},{"$f":"Stationary!N16*UFactor","v":0},{"$f":"Stationary!O16*UFactor","v":0},{"$f":"Stationary!P16*UFactor","v":0},{"$f":"Stationary!Q16*UFactor","v":0},{"$f":"Stationary!R16*UFactor","v":0},{"$f":"Stationary!S16*UFactor","v":0},{"$f":"Stationary!T16*UFactor","v":0},{"$f":"Stationary!U16*UFactor","v":0},{"$f":"Stationary!V16*UFactor","v":0},{"$f":"Stationary!W16*UFactor","v":0},{"$f":"Stationary!X16*UFactor","v":0},{"$f":"Stationary!Y16*UFactor","v":0},{"$f":"Stationary!Z16*UFactor","v":0},{"$f":"Stationary!AA16*UFactor","v":0},{"$f":"Stationary!AB16*UFactor","v":0},{"$f":"Stationary!AC16*UFactor","v":0},{"$f":"Stationary!AD16*UFactor","v":0},{"$f":"Stationary!AE16*UFactor","v":0},{"$f":"Stationary!AF16*UFactor","v":0},{"$f":"Stationary!AG16*UFactor","v":0}]
[null,"Mobile Combustion",{"$f":"'Mobile Combustion'!C104/10^6*UFactor","v":0},{"$f":"'Mobile Combustion'!D104/10^6*UFactor","v":0},{"$f":"'Mobile Combustion'!E104/10^6*UFactor","v":0},{"$f":"'Mobile Combustion'!F104/10^6*UFactor","v":0},{"$f":"'Mobile Combustion'!G104/10^6*UFactor","v":0},{"$f":"'Mobile Combustion'!H104/10^6*UFactor","v":0},{"$f":"'Mobile Combustion'!I104/10^6*UFactor","v":0},{"$f":"'Mobile Combustion'!J104/10^6*UFactor","v":0},{"$f":"'Mobile Combustion'!K104/10^6*UFactor","v":0},{"$f":"'Mobile Combustion'!L104/10^6*UFactor","v":0},{"$f":"'Mobile Combustion'!M104/10^6*UFactor","v":0},{"$f":"'Mobile Combustion'!N104/10^6*UFactor","v":0},{"$f":"'Mobile Combustion'!O104/10^6*UFactor","v":0},{"$f":"'Mobile Combustion'!P104/10^6*UFactor","v":0},{"$f":"'Mobile Combustion'!Q104/10^6*UFactor","v":0},{"$f":"'Mobile Combustion'!R104/10^6*UFactor","v":0},{"$f":"'Mobile Combustion'!S104/10^6*UFactor","v":0},{"$f":"'Mobile Combustion'!T104/10^6*UFactor","v":0},{"$f":"'Mobile Combustion'!U104/10^6*UFactor","v":0},{"$f":"'Mobile Combustion'!V104/10^6*UFactor","v":0},{"$f":"'Mobile Combustion'!W104/10^6*UFactor","v":0},{"$f":"'Mobile Combustion'!X104/10^6*UFactor","v":0},{"$f":"'Mobile Combustion'!Y104/10^6*UFactor","v":0},{"$f":"'Mobile Combustion'!Z104/10^6*UFactor","v":0},{"$f":"'Mobile Combustion'!AA104/10^6*UFactor","v":0},{"$f":"'Mobile Combustion'!AB104/10^6*UFactor","v":0},{"$f":"'Mobile Combustion'!AC104/10^6*UFactor","v":0},{"$f":"'Mobile Combustion'!AD104/10^6*UFactor","v":0},{"$f":"'Mobile Combustion'!AE104/10^6*UFactor","v":0},{"$f":"'Mobile Combustion'!AF104/10^6*UFactor","v":0},{"$f":"'Mobile Combustion'!AG104/10^6*UFactor","v":0}]
[null,"Industrial Processes",{"$f":"IP!C13/10^6*UFactor","v":0},{"$f":"IP!D13/10^6*UFactor","v":0},{"$f":"IP!E13/10^6*UFactor","v":0},{"$f":"IP!F13/10^6*UFactor","v":0},{"$f":"IP!G13/10^6*UFactor","v":0},{"$f":"IP!H13/10^6*UFactor","v":0},{"$f":"IP!I13/10^6*UFactor","v":0},{"$f":"IP!J13/10^6*UFactor","v":0},{"$f":"IP!K13/10^6*UFactor","v":0},{"$f":"IP!L13/10^6*UFactor","v":0},{"$f":"IP!M13/10^6*UFactor","v":0},{"$f":"IP!N13/10^6*UFactor","v":0},{"$f":"IP!O13/10^6*UFactor","v":0},{"$f":"IP!P13/10^6*UFactor","v":0},{"$f":"IP!Q13/10^6*UFactor","v":0},{"$f":"IP!R13/10^6*UFactor","v":0},{"$f":"IP!S13/10^6*UFactor","v":0},{"$f":"IP!T13/10^6*UFactor","v":0},{"$f":"IP!U13/10^6*UFactor","v":0},{"$f":"IP!V13/10^6*UFactor","v":0},{"$f":"IP!W13/10^6*UFactor","v":0},{"$f":"IP!X13/10^6*UFactor","v":0},{"$f":"IP!Y13/10^6*UFactor","v":0},{"$f":"IP!Z13/10^6*UFactor","v":0},{"$f":"IP!AA13/10^6*UFactor","v":0},{"$f":"IP!AB13/10^6*UFactor","v":0},{"$f":"IP!AC13/10^6*UFactor","v":0},{"$f":"IP!AD13/10^6*UFactor","v":0},{"$f":"IP!AE13/10^6*UFactor","v":0},{"$f":"IP!AF13/10^6*UFactor","v":0},{"$f":"IP!AG13/10^6*UFactor","v":0}]
[null,"Manure Management",{"$f":"Agriculture!C37*N2OGWP*UFactor","v":0},{"$f":"Agriculture!D37*N2OGWP*UFactor","v":0},{"$f":"Agriculture!E37*N2OGWP*UFactor","v":0},{"$f":"Agriculture!F37*N2OGWP*UFactor","v":0},{"$f":"Agriculture!G37*N2OGWP*UFactor","v":0},{"$f":"Agriculture!H37*N2OGWP*UFactor","v":0},{"$f":"Agriculture!I37*N2OGWP*UFactor","v":0},{"$f":"Agriculture!J37*N2OGWP*UFactor","v":0},{"$f":"Agriculture!K37*N2OGWP*UFactor","v":0},{"$f":"Agriculture!L37*N2OGWP*UFactor","v":0},{"$f":"Agriculture!M37*N2OGWP*UFactor","v":0},{"$f":"Agriculture!N37*N2OGWP*UFactor","v":0},{"$f":"Agriculture!O37*N2OGWP*UFactor","v":0},{"$f":"Agriculture!P37*N2OGWP*UFactor","v":0},{"$f":"Agriculture!Q37*N2OGWP*UFactor","v":0},{"$f":"Agriculture!R37*N2OGWP*UFactor","v":0},{"$f":"Agriculture!S37*N2OGWP*UFactor","v":0},{"$f":"Agriculture!T37*N2OGWP*UFactor","v":0},{"$f":"Agriculture!U37*N2OGWP*UFactor","v":0},{"$f":"Agriculture!V37*N2OGWP*UFactor","v":0},{"$f":"Agriculture!W37*N2OGWP*UFactor","v":0},{"$f":"Agriculture!X37*N2OGWP*UFactor","v":0},{"$f":"Agriculture!Y37*N2OGWP*UFactor","v":0},{"$f":"Agriculture!Z37*N2OGWP*UFactor","v":0},{"$f":"Agriculture!AA37*N2OGWP*UFactor","v":0},{"$f":"Agriculture!AB37*N2OGWP*UFactor","v":0},{"$f":"Agriculture!AC37*N2OGWP*UFactor","v":0},{"$f":"Agriculture!AD37*N2OGWP*UFactor","v":0},{"$f":"Agriculture!AE37*N2OGWP*UFactor","v":0},{"$f":"Agriculture!AF37*N2OGWP*UFactor","v":0},{"$f":"Agriculture!AG37*N2OGWP*UFactor","v":0}]
[null,"Agricultural Soil Management",{"$f":"Agriculture!C38*N2OGWP*UFactor","v":0},{"$f":"Agriculture!D38*N2OGWP*UFactor","v":0},{"$f":"Agriculture!E38*N2OGWP*UFactor","v":0},{"$f":"Agriculture!F38*N2OGWP*UFactor","v":0},{"$f":"Agriculture!G38*N2OGWP*UFactor","v":0},{"$f":"Agriculture!H38*N2OGWP*UFactor","v":0},{"$f":"Agriculture!I38*N2OGWP*UFactor","v":0},{"$f":"Agriculture!J38*N2OGWP*UFactor","v":0},{"$f":"Agriculture!K38*N2OGWP*UFactor","v":0},{"$f":"Agriculture!L38*N2OGWP*UFactor","v":0},{"$f":"Agriculture!M38*N2OGWP*UFactor","v":0},{"$f":"Agriculture!N38*N2OGWP*UFactor","v":0},{"$f":"Agriculture!O38*N2OGWP*UFactor","v":0},{"$f":"Agriculture!P38*N2OGWP*UFactor","v":0},{"$f":"Agriculture!Q38*N2OGWP*UFactor","v":0},{"$f":"Agriculture!R38*N2OGWP*UFactor","v":0},{"$f":"Agriculture!S38*N2OGWP*UFactor","v":0},{"$f":"Agriculture!T38*N2OGWP*UFactor","v":0},{"$f":"Agriculture!U38*N2OGWP*UFactor","v":0},{"$f":"Agriculture!V38*N2OGWP*UFactor","v":0},{"$f":"Agriculture!W38*N2OGWP*UFactor","v":0},{"$f":"Agriculture!X38*N2OGWP*UFactor","v":0},{"$f":"Agriculture!Y38*N2OGWP*UFactor","v":0},{"$f":"Agriculture!Z38*N2OGWP*UFactor","v":0},{"$f":"Agriculture!AA38*N2OGWP*UFactor","v":0},{"$f":"Agriculture!AB38*N2OGWP*UFactor","v":0},{"$f":"Agriculture!AC38*N2OGWP*UFactor","v":0},{"$f":"Agriculture!AD38*N2OGWP*UFactor","v":0},{"$f":"Agriculture!AE38*N2OGWP*UFactor","v":0},{"$f":"Agriculture!AF38*N2OGWP*UFactor","v":0},{"$f":"Agriculture!AG38*N2OGWP*UFactor","v":0}]
[null,"Burning of Agricultural Crop Waste ",{"$f":"Agriculture!C39*N2OGWP*UFactor","v":0},{"$f":"Agriculture!D39*N2OGWP*UFactor","v":0},{"$f":"Agriculture!E39*N2OGWP*UFactor","v":0},{"$f":"Agriculture!F39*N2OGWP*UFactor","v":0},{"$f":"Agriculture!G39*N2OGWP*UFactor","v":0},{"$f":"Agriculture!H39*N2OGWP*UFactor","v":0},{"$f":"Agriculture!I39*N2OGWP*UFactor","v":0},{"$f":"Agriculture!J39*N2OGWP*UFactor","v":0},{"$f":"Agriculture!K39*N2OGWP*UFactor","v":0},{"$f":"Agriculture!L39*N2OGWP*UFactor","v":0},{"$f":"Agriculture!M39*N2OGWP*UFactor","v":0},{"$f":"Agriculture!N39*N2OGWP*UFactor","v":0},{"$f":"Agriculture!O39*N2OGWP*UFactor","v":0},{"$f":"Agriculture!P39*N2OGWP*UFactor","v":0},{"$f":"Agriculture!Q39*N2OGWP*UFactor","v":0},{"$f":"Agriculture!R39*N2OGWP*UFactor","v":0},{"$f":"Agriculture!S39*N2OGWP*UFactor","v":0},{"$f":"Agriculture!T39*N2OGWP*UFactor","v":0},{"$f":"Agriculture!U39*N2OGWP*UFactor","v":0},{"$f":"Agriculture!V39*N2OGWP*UFactor","v":0},{"$f":"Agriculture!W39*N2OGWP*UFactor","v":0},{"$f":"Agriculture!X39*N2OGWP*UFactor","v":0},{"$f":"Agriculture!Y39*N2OGWP*UFactor","v":0},{"$f":"Agriculture!Z39*N2OGWP*UFactor","v":0},{"$f":"Agriculture!AA39*N2OGWP*UFactor","v":0},{"$f":"Agriculture!AB39*N2OGWP*UFactor","v":0},{"$f":"Agriculture!AC39*N2OGWP*UFactor","v":0},{"$f":"Agriculture!AD39*N2OGWP*UFactor","v":0},{"$f":"Agriculture!AE39*N2OGWP*UFactor","v":0},{"$f":"Agriculture!AF39*N2OGWP*UFactor","v":0},{"$f":"Agriculture!AG39*N2OGWP*UFactor","v":0}]
[null,"Forest Fires",{"$f":"'Forest Management'!C48*UFactor","v":0},{"$f":"'Forest Management'!D48*UFactor","v":0},{"$f":"'Forest Management'!E48*UFactor","v":0},{"$f":"'Forest Management'!F48*UFactor","v":0},{"$f":"'Forest Management'!G48*UFactor","v":0},{"$f":"'Forest Management'!H48*UFactor","v":0},{"$f":"'Forest Management'!I48*UFactor","v":0},{"$f":"'Forest Management'!J48*UFactor","v":0},{"$f":"'Forest Management'!K48*UFactor","v":0},{"$f":"'Forest Management'!L48*UFactor","v":0},{"$f":"'Forest Management'!M48*UFactor","v":0},{"$f":"'Forest Management'!N48*UFactor","v":0},{"$f":"'Forest Management'!O48*UFactor","v":0},{"$f":"'Forest Management'!P48*UFactor","v":0},{"$f":"'Forest Management'!Q48*UFactor","v":0},{"$f":"'Forest Management'!R48*UFactor","v":0},{"$f":"'Forest Management'!S48*UFactor","v":0},{"$f":"'Forest Management'!T48*UFactor","v":0},{"$f":"'Forest Management'!U48*UFactor","v":0},{"$f":"'Forest Management'!V48*UFactor","v":0},{"$f":"'Forest Management'!W48*UFactor","v":0},{"$f":"'Forest Management'!X48*UFactor","v":0},{"$f":"'Forest Management'!Y48*UFactor","v":0},{"$f":"'Forest Management'!Z48*UFactor","v":0},{"$f":"'Forest Management'!AA48*UFactor","v":0},{"$f":"'Forest Management'!AI52*UFactor","v":0},{"$f":"'Forest Management'!AJ52*UFactor","v":0},{"$f":"'Forest Management'!AK52*UFactor","v":0},{"$f":"'Forest Management'!AL52*UFactor","v":0},{"$f":"'Forest Management'!AM52*UFactor","v":0},{"$f":"'Forest Management'!AN52*UFactor","v":0}]
[null,"N2O from Settlement Soils",{"$f":"'Forest Management'!C49*UFactor","v":0},{"$f":"'Forest Management'!D49*UFactor","v":0},{"$f":"'Forest Management'!E49*UFactor","v":0},{"$f":"'Forest Management'!F49*UFactor","v":0},{"$f":"'Forest Management'!G49*UFactor","v":0},{"$f":"'Forest Management'!H49*UFactor","v":0},{"$f":"'Forest Management'!I49*UFactor","v":0},{"$f":"'Forest Management'!J49*UFactor","v":0},{"$f":"'Forest Management'!K49*UFactor","v":0},{"$f":"'Forest Management'!L49*UFactor","v":0},{"$f":"'Forest Management'!M49*UFactor","v":0},{"$f":"'Forest Management'!N49*UFactor","v":0},{"$f":"'Forest Management'!O49*UFactor","v":0},{"$f":"'Forest Management'!P49*UFactor","v":0},{"$f":"'Forest Management'!Q49*UFactor","v":0},{"$f":"'Forest Management'!R49*UFactor","v":0},{"$f":"'Forest Management'!S49*UFactor","v":0},{"$f":"'Forest Management'!T49*UFactor","v":0},{"$f":"'Forest Management'!U49*UFactor","v":0},{"$f":"'Forest Management'!V49*UFactor","v":0},{"$f":"'Forest Management'!W49*UFactor","v":0},{"$f":"'Forest Management'!X49*UFactor","v":0},{"$f":"'Forest Management'!Y49*UFactor","v":0},{"$f":"'Forest Management'!Z49*UFactor","v":0},{"$f":"'Forest Management'!AA49*UFactor","v":0},{"$f":"'Forest Management'!AB49*UFactor","v":0},{"$f":"'Forest Management'!AC49*UFactor","v":0},{"$f":"'Forest Management'!AD49*UFactor","v":0},{"$f":"'Forest Management'!AE49*UFactor","v":0},{"$f":"'Forest Management'!AF49*UFactor","v":0},{"$f":"'Forest Management'!AG49*UFactor","v":0}]
[null,"Waste ",{"$f":"Waste!C9*UFactor","v":0},{"$f":"Waste!D9*UFactor","v":0},{"$f":"Waste!E9*UFactor","v":0},{"$f":"Waste!F9*UFactor","v":0},{"$f":"Waste!G9*UFactor","v":0},{"$f":"Waste!H9*UFactor","v":0},{"$f":"Waste!I9*UFactor","v":0},{"$f":"Waste!J9*UFactor","v":0},{"$f":"Waste!K9*UFactor","v":0},{"$f":"Waste!L9*UFactor","v":0},{"$f":"Waste!M9*UFactor","v":0},{"$f":"Waste!N9*UFactor","v":0},{"$f":"Waste!O9*UFactor","v":0},{"$f":"Waste!P9*UFactor","v":0},{"$f":"Waste!Q9*UFactor","v":0},{"$f":"Waste!R9*UFactor","v":0},{"$f":"Waste!S9*UFactor","v":0},{"$f":"Waste!T9*UFactor","v":0},{"$f":"Waste!U9*UFactor","v":0},{"$f":"Waste!V9*UFactor","v":0},{"$f":"Waste!W9*UFactor","v":0},{"$f":"Waste!X9*UFactor","v":0},{"$f":"Waste!Y9*UFactor","v":0},{"$f":"Waste!Z9*UFactor","v":0},{"$f":"Waste!AA9*UFactor","v":0},{"$f":"Waste!AB9*UFactor","v":0},{"$f":"Waste!AC9*UFactor","v":0},{"$f":"Waste!AD9*UFactor","v":0},{"$f":"Waste!AE9*UFactor","v":0},{"$f":"Waste!AF9*UFactor","v":0},{"$f":"Waste!AG9*UFactor","v":0}]
[null,"Wastewater",{"$f":"Wastewater!C6*UFactor","v":0},{"$f":"Wastewater!D6*UFactor","v":0},{"$f":"Wastewater!E6*UFactor","v":0},{"$f":"Wastewater!F6*UFactor","v":0},{"$f":"Wastewater!G6*UFactor","v":0},{"$f":"Wastewater!H6*UFactor","v":0},{"$f":"Wastewater!I6*UFactor","v":0},{"$f":"Wastewater!J6*UFactor","v":0},{"$f":"Wastewater!K6*UFactor","v":0},{"$f":"Wastewater!L6*UFactor","v":0},{"$f":"Wastewater!M6*UFactor","v":0},{"$f":"Wastewater!N6*UFactor","v":0},{"$f":"Wastewater!O6*UFactor","v":0},{"$f":"Wastewater!P6*UFactor","v":0},{"$f":"Wastewater!Q6*UFactor","v":0},{"$f":"Wastewater!R6*UFactor","v":0},{"$f":"Wastewater!S6*UFactor","v":0},{"$f":"Wastewater!T6*UFactor","v":0},{"$f":"Wastewater!U6*UFactor","v":0},{"$f":"Wastewater!V6*UFactor","v":0},{"$f":"Wastewater!W6*UFactor","v":0},{"$f":"Wastewater!X6*UFactor","v":0},{"$f":"Wastewater!Y6*UFactor","v":0},{"$f":"Wastewater!Z6*UFactor","v":0},{"$f":"Wastewater!AA6*UFactor","v":0},{"$f":"Wastewater!AB6*UFactor","v":0},{"$f":"Wastewater!AC6*UFactor","v":0},{"$f":"Wastewater!AD6*UFactor","v":0},{"$f":"Wastewater!AE6*UFactor","v":0},{"$f":"Wastewater!AF6*UFactor","v":0},{"$f":"Wastewater!AG6*UFactor","v":0}]
[null,"HFC, PFC, SF6 and NF3 Emissions",{"$f":"C36","v":0},{"$f":"D36","v":0},0,0,0,0,0,0,0,0,{"$f":"M36","v":0},0,0,0,0,0,0,0,0,0,0,0,0,0,0,0,0,0,0,0,0]
[null,"Industrial Processes",{"$f":"IP!C16/10^6*UFactor","v":0},{"$f":"IP!D16/10^6*UFactor","v":0},{"$f":"IP!E16/10^6*UFactor","v":0},{"$f":"IP!F16/10^6*UFactor","v":0},{"$f":"IP!G16/10^6*UFactor","v":0},{"$f":"IP!H16/10^6*UFactor","v":0},{"$f":"IP!I16/10^6*UFactor","v":0},{"$f":"IP!J16/10^6*UFactor","v":0},{"$f":"IP!K16/10^6*UFactor","v":0},{"$f":"IP!L16/10^6*UFactor","v":0},{"$f":"IP!M16/10^6*UFactor","v":0},{"$f":"IP!N16/10^6*UFactor","v":0},{"$f":"IP!O16/10^6*UFactor","v":0},{"$f":"IP!P16/10^6*UFactor","v":0},{"$f":"IP!Q16/10^6*UFactor","v":0},{"$f":"IP!R16/10^6*UFactor","v":0},{"$f":"IP!S16/10^6*UFactor","v":0},{"$f":"IP!T16/10^6*UFactor","v":0},{"$f":"IP!U16/10^6*UFactor","v":0},{"$f":"IP!V16/10^6*UFactor","v":0},{"$f":"IP!W16/10^6*UFactor","v":0},{"$f":"IP!X16/10^6*UFactor","v":0},{"$f":"IP!Y16/10^6*UFactor","v":0},{"$f":"IP!Z16/10^6*UFactor","v":0},{"$f":"IP!AA16/10^6*UFactor","v":0},{"$f":"IP!AB16/10^6*UFactor","v":0},{"$f":"IP!AC16/10^6*UFactor","v":0},{"$f":"IP!AD16/10^6*UFactor","v":0},{"$f":"IP!AE16/10^6*UFactor","v":0},{"$f":"IP!AF16/10^6*UFactor","v":0},{"$f":"IP!AG16/10^6*UFactor","v":0}]
[null,"Indirect CO2 from Electricity Consumption*",{"$f":"'Summary by Sector'!C24","v":0},{"$f":"'Summary by Sector'!D24","v":0},{"$f":"'Summary by Sector'!E24","v":0},{"$f":"'Summary by Sector'!F24","v":0},{"$f":"'Summary by Sector'!G24","v":0},{"$f":"'Summary by Sector'!H24","v":0},{"$f":"'Summary by Sector'!I24","v":0},{"$f":"'Summary by Sector'!J24","v":0},{"$f":"'Summary by Sector'!K24","v":0},{"$f":"'Summary by Sector'!L24","v":0},{"$f":"'Summary by Sector'!M24","v":0},{"$f":"'Summary by Sector'!N24","v":0},{"$f":"'Summary by Sector'!O24","v":0},{"$f":"'Summary by Sector'!P24","v":0},{"$f":"'Summary by Sector'!Q24","v":0},{"$f":"'Summary by Sector'!R24","v":0},{"$f":"'Summary by Sector'!S24","v":0},{"$f":"'Summary by Sector'!T24","v":0},{"$f":"'Summary by Sector'!U24","v":0},{"$f":"'Summary by Sector'!V24","v":0},{"$f":"'Summary by Sector'!W24","v":0},{"$f":"'Summary by Sector'!X24","v":0},{"$f":"'Summary by Sector'!Y24","v":0},{"$f":"'Summary by Sector'!Z24","v":0},{"$f":"'Summary by Sector'!AA24","v":0},{"$f":"'Summary by Sector'!AB24","v":0},{"$f":"'Summary by Sector'!AC24","v":0},{"$f":"'Summary by Sector'!AD24","v":0},{"$f":"'Summary by Sector'!AE24","v":0},{"$f":"'Summary by Sector'!AF24","v":0},{"$f":"'Summary by Sector'!AG24","v":0}]
[null,"Gross Emissions",{"$f":"C5+C12+C24+C35","v":0},{"$f":"D5+D12+D24+D35","v":0},0,0,0,0,0,0,0,0,0,0,0,0,0,0,{"$f":"S5+S12+S24+S35","v":0},0,0,0,0,0,0,0,0,0,0,0,0,0,0]
[null,"Sinks",{"$f":"IF(C11>0,0,C11)","v":0},{"$f":"IF(D11>0,0,D11)","v":0},0,0,0,0,0,0,0,0,{"$f":"IF(M11>0,0,M11)","v":0},0,0,0,0,0,{"$f":"IF(S11>0,0,S11)","v":0},0,0,0,0,0,0,0,0,0,0,0,0,0,0]
[null,"Net Emissions (Sources and Sinks)",{"$f":"SUM(C38:C39)","v":0},{"$f":"SUM(D38:D39)","v":0},0,0,0,0,0,0,0,0,{"$f":"SUM(M38:M39)","v":0},0,0,0,0,0,{"$f":"SUM(S38:S39)","v":0},0,0,0,0,0,0,0,0,0,0,0,0,0,0]
[null,"Note: If the LULUCF sector is responsible for net sequestration, those totals will be registered in \"Sinks.\""]
[null,"* Emissions from Electricity Consumption are not included in totals in order to avoid double counting with Fossil Fuel Combustion estimates. "]
[null,null,1,{"$f":"IF(D4<=Factors!$C$21,C43+1,0)","v":2},{"$f":"IF(E4<=Factors!$C$21,D43+1,0)","v":3},{"$f":"IF(F4<=Factors!$C$21,E43+1,0)","v":4},{"$f":"IF(G4<=Factors!$C$21,F43+1,0)","v":5},{"$f":"IF(H4<=Factors!$C$21,G43+1,0)","v":6},{"$f":"IF(I4<=Factors!$C$21,H43+1,0)","v":7},{"$f":"IF(J4<=Factors!$C$21,I43+1,0)","v":8},{"$f":"IF(K4<=Factors!$C$21,J43+1,0)","v":9},{"$f":"IF(L4<=Factors!$C$21,K43+1,0)","v":10},{"$f":"IF(M4<=Factors!$C$21,L43+1,0)","v":11},{"$f":"IF(N4<=Factors!$C$21,M43+1,0)","v":12},{"$f":"IF(O4<=Factors!$C$21,N43+1,0)","v":13},{"$f":"IF(P4<=Factors!$C$21,O43+1,0)","v":14},{"$f":"IF(Q4<=Factors!$C$21,P43+1,0)","v":15},{"$f":"IF(R4<=Factors!$C$21,Q43+1,0)","v":16},{"$f":"IF(S4<=Factors!$C$21,R43+1,0)","v":17},{"$f":"IF(T4<=Factors!$C$21,S43+1,0)","v":18},{"$f":"IF(U4<=Factors!$C$21,T43+1,0)","v":19},{"$f":"IF(V4<=Factors!$C$21,U43+1,0)","v":20},{"$f":"IF(W4<=Factors!$C$21,V43+1,0)","v":21},{"$f":"IF(X4<=Factors!$C$21,W43+1,0)","v":22},{"$f":"IF(Y4<=Factors!$C$21,X43+1,0)","v":23},{"$f":"IF(Z4<=Factors!$C$21,Y43+1,0)","v":24},{"$f":"IF(AA4<=Factors!$C$21,Z43+1,0)","v":25},{"$f":"IF(AB4<=Factors!$C$21,AA43+1,0)","v":26},{"$f":"IF(AC4<=Factors!$C$21,AB43+1,0)","v":27},{"$f":"IF(AD4<=Factors!$C$21,AC43+1,0)","v":28},{"$f":"IF(AE4<=Factors!$C$21,AD43+1,0)","v":29},{"$f":"IF(AF4<=Factors!$C$21,AE43+1,0)","v":0},{"$f":"IF(AG4<=Factors!$C$21,AF43+1,0)","v":0}]
[null,null,null,null,null,null,null,null,"Press the up and down arrows below to change the year of the pie chart."]
[]
[null,null,null,null,null,null,null,null,"Emissions Year:",null,2018]
[]
[]
[]
[]
[]
[]
[]
[]
[]
[]
[]
[]
[]
[]
[]
[]
[]
[]
[]
[]
[]
[null,null,null,null,null,null,null,null,null,null,null,null,null,null,null,null,null,null,{"$f":"\"GHG Emissions by Gas, 1990-\"&Factors!C21","v":"GHG Emissions by Gas, 1990-2018"}]
[null,null,null,null,null,null,null,null,null,null,null,null,null,null,null,null,null,null,{"$f":"\"Carbon Dioxide Emissions by Source, 1990-\"&Factors!C21","v":"Carbon Dioxide Emissions by Source, 1990-2018"}]
[null,null,null,null,null,null,null,null,null,null,null,null,null,null,null,null,null,null,{"$f":"\"Methane Emissions by Source, 1990-\"&Factors!C21","v":"Methane Emissions by Source, 1990-2018"}]
[null,null,null,null,null,null,null,null,null,null,null,null,null,null,null,null,null,null,{"$f":"\"Nitrous Oxide Emissions by Source, 1990-\"&Factors!C21","v":"Nitrous Oxide Emissions by Source, 1990-2018"}]
[]
[]
[]
[]
[]
[]
[]
[]
[]
[]
[]
[]
[]
[]
[]
[]
[]
[]
[]
[]
[]
[]
[]
[]
[]
[]
[]
[]
[]
[]
[]
[]
[]
[]
[]
[]
[]
[]
[]
[]
[]
[]
[]
[]
[]
[]
[]
[]
[]
[]
[]
[]
[]
[]
[]
[]
[]
[]
[]
[]
[]
[]
[]
[]
[]
[]
[]
[]
[]
[]
[]
[]
[]
[]
[]
[]
[]
[]
[]
[]
[]
[]
[]
[]
[]
[null,"For CO2 Emissions by source graph"]
[null,null,{"$f":"C4","v":1990},{"$f":"D4","v":1991},{"$f":"E4","v":1992},1993,1994,1995,1996,1997,1998,1999,{"$f":"M4","v":2000},2001,2002,2003,2004,2005]
[null,{"$f":"B7","v":"CO2 from Fossil Fuel Combustion"},0,0,{"$f":"E7","v":0},0,0,0,0,0,0,0,{"$f":"M7","v":0},0,0,0,0,0]
[null,"Industrial Processes",0,0,{"$f":"E8","v":0},0,0,0,0,0,0,0,0,0,0,0,0,0]
[null,"Waste ",0,0,{"$f":"E9","v":0},0,0,0,0,0,0,0,0,0,0,0,0,0]
[null,{"$f":"B11","v":"LULUCF"},{"$f":"IF(C11<0,0,C11)","v":0},{"$f":"IF(D11<0,0,D11)","v":0},0,0,0,0,0,0,0,0,{"$f":"IF(M11<0,0,M11)","v":0},0,0,0,0,0]
[]
["For Pie Chart",null,1990,1991,1992,1993,1994,1995,1996,1997,1998,1999,2000,2001,2002,2003,2004,2005,2006,2007,2008,2009,2010,2011,2012,2013,2014,2015,2016,2017,2018,2019,2020]
[null,{"$f":"B5","v":"Gross CO2"},{"$f":"C5","v":0},0,0,0,0,0,0,0,0,0,0,0,0,0,0,0,{"$f":"S5","v":0},0,0,0,0,0,0,0,0,0,0,0,0,0,0]
[null,{"$f":"B12","v":"CH4"},{"$f":"C12","v":0},0,0,0,0,0,0,0,0,0,0,0,0,0,0,0,{"$f":"S12","v":0},0,0,0,0,0,0,0,0,0,0,0,0,0,0]
[null,{"$f":"B24","v":"N2O"},{"$f":"C24","v":0},0,0,0,0,0,0,0,0,0,0,0,0,0,0,0,{"$f":"S24","v":0},0,0,0,0,0,0,0,0,0,0,0,0,0,0]
[null,{"$f":"B35","v":"HFC, PFC, SF6 and NF3 Emissions"},{"$f":"C35","v":0},0,0,0,0,0,0,0,0,0,0,0,0,0,0,0,{"$f":"S35","v":0},0,0,0,0,0,0,0,0,0,0,0,0,0,0]
[]
[]
[]
[null,{"$f":"\"GHG Emissions by Gas \"&GasPieYear","v":"GHG Emissions by Gas 2018"},{"$f":"GasPieYear","v":2018}]
[null,"Gross CO2",{"$f":"HLOOKUP($C$172,$C$164:$AG$168,2,FALSE)","v":0}]
[null,"CH4",{"$f":"HLOOKUP($C$172,$C$164:$AG$168,3,FALSE)","v":0}]
[null,"N2O",{"$f":"HLOOKUP($C$172,$C$164:$AG$168,4,FALSE)","v":0}]
[null,"HFC, PFC, and SF6",{"$f":"HLOOKUP($C$172,$C$164:$AG$168,5,FALSE)","v":0}]

{"sheet":"Gas Intensity","index":14,"n_rows":16,"n_cols":33,"rows_kept":16,"cut":false,"hidden":false,"merged":[[0,0,0,4]]}
[{"$f":"\"Summary of GHG Emissions by Population in \"&StateName","v":"Summary of GHG Emissions by Population in Select a State . . ."}]
[]
[]
[]
[null,"Emissions Per Capita  (MTCO2E)",1990,1991,1992,1993,1994,1995,1996,1997,1998,1999,2000,2001,2002,2003,2004,2005,2006,2007,2008,2009,2010,2011,2012,2013,2014,2015,2016,2017,2018,2019,2020]
[null,"Gross Emissions Intensity",{"$f":"IF(ISERROR(('Summary by Gas'!C38/VLOOKUP(StateID,Population!$A$3:$AF$54,'Gas Intensity'!C5-1988,FALSE))*1000),0,('Summary by Gas'!C38/VLOOKUP(StateID,Population!$A$3:$AF$54,'Gas Intensity'!C5-1988,FALSE))*1000)","v":0},{"$f":"IF(ISERROR(('Summary by Gas'!D38/VLOOKUP(StateID,Population!$A$3:$AF$54,'Gas Intensity'!D5-1988,FALSE))*1000),0,('Summary by Gas'!D38/VLOOKUP(StateID,Population!$A$3:$AF$54,'Gas Intensity'!D5-1988,FALSE))*1000)","v":0},{"$f":"IF(ISERROR(('Summary by Gas'!E38/VLOOKUP(StateID,Population!$A$3:$AF$54,'Gas Intensity'!E5-1988,FALSE))*1000),0,('Summary by Gas'!E38/VLOOKUP(StateID,Population!$A$3:$AF$54,'Gas Intensity'!E5-1988,FALSE))*1000)","v":0},{"$f":"IF(ISERROR(('Summary by Gas'!F38/VLOOKUP(StateID,Population!$A$3:$AF$54,'Gas Intensity'!F5-1988,FALSE))*1000),0,('Summary by Gas'!F38/VLOOKUP(StateID,Population!$A$3:$AF$54,'Gas Intensity'!F5-1988,FALSE))*1000)","v":0},{"$f":"IF(ISERROR(('Summary by Gas'!G38/VLOOKUP(StateID,Population!$A$3:$AF$54,'Gas Intensity'!G5-1988,FALSE))*1000),0,('Summary by Gas'!G38/VLOOKUP(StateID,Population!$A$3:$AF$54,'Gas Intensity'!G5-1988,FALSE))*1000)","v":0},{"$f":"IF(ISERROR(('Summary by Gas'!H38/VLOOKUP(StateID,Population!$A$3:$AF$54,'Gas Intensity'!H5-1988,FALSE))*1000),0,('Summary by Gas'!H38/VLOOKUP(StateID,Population!$A$3:$AF$54,'Gas Intensity'!H5-1988,FALSE))*1000)","v":0},{"$f":"IF(ISERROR(('Summary by Gas'!I38/VLOOKUP(StateID,Population!$A$3:$AF$54,'Gas Intensity'!I5-1988,FALSE))*1000),0,('Summary by Gas'!I38/VLOOKUP(StateID,Population!$A$3:$AF$54,'Gas Intensity'!I5-1988,FALSE))*1000)","v":0},{"$f":"IF(ISERROR(('Summary by Gas'!J38/VLOOKUP(StateID,Population!$A$3:$AF$54,'Gas Intensity'!J5-1988,FALSE))*1000),0,('Summary by Gas'!J38/VLOOKUP(StateID,Population!$A$3:$AF$54,'Gas Intensity'!J5-1988,FALSE))*1000)","v":0},{"$f":"IF(ISERROR(('Summary by Gas'!K38/VLOOKUP(StateID,Population!$A$3:$AF$54,'Gas Intensity'!K5-1988,FALSE))*1000),0,('Summary by Gas'!K38/VLOOKUP(StateID,Population!$A$3:$AF$54,'Gas Intensity'!K5-1988,FALSE))*1000)","v":0},{"$f":"IF(ISERROR(('Summary by Gas'!L38/VLOOKUP(StateID,Population!$A$3:$AF$54,'Gas Intensity'!L5-1988,FALSE))*1000),0,('Summary by Gas'!L38/VLOOKUP(StateID,Population!$A$3:$AF$54,'Gas Intensity'!L5-1988,FALSE))*1000)","v":0},{"$f":"IF(ISERROR(('Summary by Gas'!M38/VLOOKUP(StateID,Population!$A$3:$AF$54,'Gas Intensity'!M5-1988,FALSE))*1000),0,('Summary by Gas'!M38/VLOOKUP(StateID,Population!$A$3:$AF$54,'Gas Intensity'!M5-1988,FALSE))*1000)","v":0},{"$f":"IF(ISERROR(('Summary by Gas'!N38/VLOOKUP(StateID,Population!$A$3:$AF$54,'Gas Intensity'!N5-1988,FALSE))*1000),0,('Summary by Gas'!N38/VLOOKUP(StateID,Population!$A$3:$AF$54,'Gas Intensity'!N5-1988,FALSE))*1000)","v":0},{"$f":"IF(ISERROR(('Summary by Gas'!O38/VLOOKUP(StateID,Population!$A$3:$AF$54,'Gas Intensity'!O5-1988,FALSE))*1000),0,('Summary by Gas'!O38/VLOOKUP(StateID,Population!$A$3:$AF$54,'Gas Intensity'!O5-1988,FALSE))*1000)","v":0},{"$f":"IF(ISERROR(('Summary by Gas'!P38/VLOOKUP(StateID,Population!$A$3:$AF$54,'Gas Intensity'!P5-1988,FALSE))*1000),0,('Summary by Gas'!P38/VLOOKUP(StateID,Population!$A$3:$AF$54,'Gas Intensity'!P5-1988,FALSE))*1000)","v":0},{"$f":"IF(ISERROR(('Summary by Gas'!Q38/VLOOKUP(StateID,Population!$A$3:$AF$54,'Gas Intensity'!Q5-1988,FALSE))*1000),0,('Summary by Gas'!Q38/VLOOKUP(StateID,Population!$A$3:$AF$54,'Gas Intensity'!Q5-1988,FALSE))*1000)","v":0},{"$f":"IF(ISERROR(('Summary by Gas'!R38/VLOOKUP(StateID,Population!$A$3:$AF$54,'Gas Intensity'!R5-1988,FALSE))*1000),0,('Summary by Gas'!R38/VLOOKUP(StateID,Population!$A$3:$AF$54,'Gas Intensity'!R5-1988,FALSE))*1000)","v":0},{"$f":"IF(ISERROR(('Summary by Gas'!S38/VLOOKUP(StateID,Population!$A$3:$AF$54,'Gas Intensity'!S5-1988,FALSE))*1000),0,('Summary by Gas'!S38/VLOOKUP(StateID,Population!$A$3:$AF$54,'Gas Intensity'!S5-1988,FALSE))*1000)","v":0},{"$f":"IF(ISERROR(('Summary by Gas'!T38/VLOOKUP(StateID,Population!$A$3:$AF$54,'Gas Intensity'!T5-1988,FALSE))*1000),0,('Summary by Gas'!T38/VLOOKUP(StateID,Population!$A$3:$AF$54,'Gas Intensity'!T5-1988,FALSE))*1000)","v":0},{"$f":"IF(ISERROR(('Summary by Gas'!U38/VLOOKUP(StateID,Population!$A$3:$AF$54,'Gas Intensity'!U5-1988,FALSE))*1000),0,('Summary by Gas'!U38/VLOOKUP(StateID,Population!$A$3:$AF$54,'Gas Intensity'!U5-1988,FALSE))*1000)","v":0},{"$f":"IF(ISERROR(('Summary by Gas'!V38/VLOOKUP(StateID,Population!$A$3:$AF$54,'Gas Intensity'!V5-1988,FALSE))*1000),0,('Summary by Gas'!V38/VLOOKUP(StateID,Population!$A$3:$AF$54,'Gas Intensity'!V5-1988,FALSE))*1000)","v":0},{"$f":"IF(ISERROR(('Summary by Gas'!W38/VLOOKUP(StateID,Population!$A$3:$AF$54,'Gas Intensity'!W5-1988,FALSE))*1000),0,('Summary by Gas'!W38/VLOOKUP(StateID,Population!$A$3:$AF$54,'Gas Intensity'!W5-1988,FALSE))*1000)","v":0},{"$f":"IF(ISERROR(('Summary by Gas'!X38/VLOOKUP(StateID,Population!$A$3:$AF$54,'Gas Intensity'!X5-1988,FALSE))*1000),0,('Summary by Gas'!X38/VLOOKUP(StateID,Population!$A$3:$AF$54,'Gas Intensity'!X5-1988,FALSE))*1000)","v":0},{"$f":"IF(ISERROR(('Summary by Gas'!Y38/VLOOKUP(StateID,Population!$A$3:$AF$54,'Gas Intensity'!Y5-1988,FALSE))*1000),0,('Summary by Gas'!Y38/VLOOKUP(StateID,Population!$A$3:$AF$54,'Gas Intensity'!Y5-1988,FALSE))*1000)","v":0},{"$f":"IF(ISERROR(('Summary by Gas'!Z38/VLOOKUP(StateID,Population!$A$3:$AF$54,'Gas Intensity'!Z5-1988,FALSE))*1000),0,('Summary by Gas'!Z38/VLOOKUP(StateID,Population!$A$3:$AF$54,'Gas Intensity'!Z5-1988,FALSE))*1000)","v":0},{"$f":"IF(ISERROR(('Summary by Gas'!AA38/VLOOKUP(StateID,Population!$A$3:$AF$54,'Gas Intensity'!AA5-1988,FALSE))*1000),0,('Summary by Gas'!AA38/VLOOKUP(StateID,Population!$A$3:$AF$54,'Gas Intensity'!AA5-1988,FALSE))*1000)","v":0},{"$f":"IF(ISERROR(('Summary by Gas'!AB38/VLOOKUP(StateID,Population!$A$3:$AF$54,'Gas Intensity'!AB5-1988,FALSE))*1000),0,('Summary by Gas'!AB38/VLOOKUP(StateID,Population!$A$3:$AF$54,'Gas Intensity'!AB5-1988,FALSE))*1000)","v":0},{"$f":"IF(ISERROR(('Summary by Gas'!AC38/VLOOKUP(StateID,Population!$A$3:$AF$54,'Gas Intensity'!AC5-1988,FALSE))*1000),0,('Summary by Gas'!AC38/VLOOKUP(StateID,Population!$A$3:$AF$54,'Gas Intensity'!AC5-1988,FALSE))*1000)","v":0},{"$f":"IF(ISERROR(('Summary by Gas'!AD38/VLOOKUP(StateID,Population!$A$3:$AF$54,'Gas Intensity'!AD5-1988,FALSE))*1000),0,('Summary by Gas'!AD38/VLOOKUP(StateID,Population!$A$3:$AF$54,'Gas Intensity'!AD5-1988,FALSE))*1000)","v":0},{"$f":"IF(ISERROR(('Summary by Gas'!AE38/VLOOKUP(StateID,Population!$A$3:$AF$54,'Gas Intensity'!AE5-1988,FALSE))*1000),0,('Summary by Gas'!AE38/VLOOKUP(StateID,Population!$A$3:$AF$54,'Gas Intensity'!AE5-1988,FALSE))*1000)","v":0},{"$f":"IF(ISERROR(('Summary by Gas'!AF38/VLOOKUP(StateID,Population!$A$3:$AF$54,'Gas Intensity'!AF5-1988,FALSE))*1000),0,('Summary by Gas'!AF38/VLOOKUP(StateID,Population!$A$3:$AF$54,'Gas Intensity'!AF5-1988,FALSE))*1000)","v":0},{"$f":"IF(ISERROR(('Summary by Gas'!AG38/VLOOKUP(StateID,Population!$A$3:$AF$54,'Gas Intensity'!AG5-1988,FALSE))*1000),0,('Summary by Gas'!AG38/VLOOKUP(StateID,Population!$A$3:$AF$54,'Gas Intensity'!AG5-1988,FALSE))*1000)","v":0}]
[null,"Net Emissions Intensity (Sources and Sinks)",{"$f":"IF(ISERROR(('Summary by Gas'!C40/VLOOKUP(StateID,Population!$A$3:$AF$54,'Gas Intensity'!C5-1988,FALSE))*1000),0,('Summary by Gas'!C40/VLOOKUP(StateID,Population!$A$3:$AF$54,'Gas Intensity'!C5-1988,FALSE))*1000)","v":0},{"$f":"IF(ISERROR(('Summary by Gas'!D40/VLOOKUP(StateID,Population!$A$3:$AF$54,'Gas Intensity'!D5-1988,FALSE))*1000),0,('Summary by Gas'!D40/VLOOKUP(StateID,Population!$A$3:$AF$54,'Gas Intensity'!D5-1988,FALSE))*1000)","v":0},{"$f":"IF(ISERROR(('Summary by Gas'!E40/VLOOKUP(StateID,Population!$A$3:$AF$54,'Gas Intensity'!E5-1988,FALSE))*1000),0,('Summary by Gas'!E40/VLOOKUP(StateID,Population!$A$3:$AF$54,'Gas Intensity'!E5-1988,FALSE))*1000)","v":0},{"$f":"IF(ISERROR(('Summary by Gas'!F40/VLOOKUP(StateID,Population!$A$3:$AF$54,'Gas Intensity'!F5-1988,FALSE))*1000),0,('Summary by Gas'!F40/VLOOKUP(StateID,Population!$A$3:$AF$54,'Gas Intensity'!F5-1988,FALSE))*1000)","v":0},{"$f":"IF(ISERROR(('Summary by Gas'!G40/VLOOKUP(StateID,Population!$A$3:$AF$54,'Gas Intensity'!G5-1988,FALSE))*1000),0,('Summary by Gas'!G40/VLOOKUP(StateID,Population!$A$3:$AF$54,'Gas Intensity'!G5-1988,FALSE))*1000)","v":0},{"$f":"IF(ISERROR(('Summary by Gas'!H40/VLOOKUP(StateID,Population!$A$3:$AF$54,'Gas Intensity'!H5-1988,FALSE))*1000),0,('Summary by Gas'!H40/VLOOKUP(StateID,Population!$A$3:$AF$54,'Gas Intensity'!H5-1988,FALSE))*1000)","v":0},{"$f":"IF(ISERROR(('Summary by Gas'!I40/VLOOKUP(StateID,Population!$A$3:$AF$54,'Gas Intensity'!I5-1988,FALSE))*1000),0,('Summary by Gas'!I40/VLOOKUP(StateID,Population!$A$3:$AF$54,'Gas Intensity'!I5-1988,FALSE))*1000)","v":0},{"$f":"IF(ISERROR(('Summary by Gas'!J40/VLOOKUP(StateID,Population!$A$3:$AF$54,'Gas Intensity'!J5-1988,FALSE))*1000),0,('Summary by Gas'!J40/VLOOKUP(StateID,Population!$A$3:$AF$54,'Gas Intensity'!J5-1988,FALSE))*1000)","v":0},{"$f":"IF(ISERROR(('Summary by Gas'!K40/VLOOKUP(StateID,Population!$A$3:$AF$54,'Gas Intensity'!K5-1988,FALSE))*1000),0,('Summary by Gas'!K40/VLOOKUP(StateID,Population!$A$3:$AF$54,'Gas Intensity'!K5-1988,FALSE))*1000)","v":0},{"$f":"IF(ISERROR(('Summary by Gas'!L40/VLOOKUP(StateID,Population!$A$3:$AF$54,'Gas Intensity'!L5-1988,FALSE))*1000),0,('Summary by Gas'!L40/VLOOKUP(StateID,Population!$A$3:$AF$54,'Gas Intensity'!L5-1988,FALSE))*1000)","v":0},{"$f":"IF(ISERROR(('Summary by Gas'!M40/VLOOKUP(StateID,Population!$A$3:$AF$54,'Gas Intensity'!M5-1988,FALSE))*1000),0,('Summary by Gas'!M40/VLOOKUP(StateID,Population!$A$3:$AF$54,'Gas Intensity'!M5-1988,FALSE))*1000)","v":0},{"$f":"IF(ISERROR(('Summary by Gas'!N40/VLOOKUP(StateID,Population!$A$3:$AF$54,'Gas Intensity'!N5-1988,FALSE))*1000),0,('Summary by Gas'!N40/VLOOKUP(StateID,Population!$A$3:$AF$54,'Gas Intensity'!N5-1988,FALSE))*1000)","v":0},{"$f":"IF(ISERROR(('Summary by Gas'!O40/VLOOKUP(StateID,Population!$A$3:$AF$54,'Gas Intensity'!O5-1988,FALSE))*1000),0,('Summary by Gas'!O40/VLOOKUP(StateID,Population!$A$3:$AF$54,'Gas Intensity'!O5-1988,FALSE))*1000)","v":0},{"$f":"IF(ISERROR(('Summary by Gas'!P40/VLOOKUP(StateID,Population!$A$3:$AF$54,'Gas Intensity'!P5-1988,FALSE))*1000),0,('Summary by Gas'!P40/VLOOKUP(StateID,Population!$A$3:$AF$54,'Gas Intensity'!P5-1988,FALSE))*1000)","v":0},{"$f":"IF(ISERROR(('Summary by Gas'!Q40/VLOOKUP(StateID,Population!$A$3:$AF$54,'Gas Intensity'!Q5-1988,FALSE))*1000),0,('Summary by Gas'!Q40/VLOOKUP(StateID,Population!$A$3:$AF$54,'Gas Intensity'!Q5-1988,FALSE))*1000)","v":0},{"$f":"IF(ISERROR(('Summary by Gas'!R40/VLOOKUP(StateID,Population!$A$3:$AF$54,'Gas Intensity'!R5-1988,FALSE))*1000),0,('Summary by Gas'!R40/VLOOKUP(StateID,Population!$A$3:$AF$54,'Gas Intensity'!R5-1988,FALSE))*1000)","v":0},{"$f":"IF(ISERROR(('Summary by Gas'!S40/VLOOKUP(StateID,Population!$A$3:$AF$54,'Gas Intensity'!S5-1988,FALSE))*1000),0,('Summary by Gas'!S40/VLOOKUP(StateID,Population!$A$3:$AF$54,'Gas Intensity'!S5-1988,FALSE))*1000)","v":0},{"$f":"IF(ISERROR(('Summary by Gas'!T40/VLOOKUP(StateID,Population!$A$3:$AF$54,'Gas Intensity'!T5-1988,FALSE))*1000),0,('Summary by Gas'!T40/VLOOKUP(StateID,Population!$A$3:$AF$54,'Gas Intensity'!T5-1988,FALSE))*1000)","v":0},{"$f":"IF(ISERROR(('Summary by Gas'!U40/VLOOKUP(StateID,Population!$A$3:$AF$54,'Gas Intensity'!U5-1988,FALSE))*1000),0,('Summary by Gas'!U40/VLOOKUP(StateID,Population!$A$3:$AF$54,'Gas Intensity'!U5-1988,FALSE))*1000)","v":0},{"$f":"IF(ISERROR(('Summary by Gas'!V40/VLOOKUP(StateID,Population!$A$3:$AF$54,'Gas Intensity'!V5-1988,FALSE))*1000),0,('Summary by Gas'!V40/VLOOKUP(StateID,Population!$A$3:$AF$54,'Gas Intensity'!V5-1988,FALSE))*1000)","v":0},{"$f":"IF(ISERROR(('Summary by Gas'!W40/VLOOKUP(StateID,Population!$A$3:$AF$54,'Gas Intensity'!W5-1988,FALSE))*1000),0,('Summary by Gas'!W40/VLOOKUP(StateID,Population!$A$3:$AF$54,'Gas Intensity'!W5-1988,FALSE))*1000)","v":0},{"$f":"IF(ISERROR(('Summary by Gas'!X40/VLOOKUP(StateID,Population!$A$3:$AF$54,'Gas Intensity'!X5-1988,FALSE))*1000),0,('Summary by Gas'!X40/VLOOKUP(StateID,Population!$A$3:$AF$54,'Gas Intensity'!X5-1988,FALSE))*1000)","v":0},{"$f":"IF(ISERROR(('Summary by Gas'!Y40/VLOOKUP(StateID,Population!$A$3:$AF$54,'Gas Intensity'!Y5-1988,FALSE))*1000),0,('Summary by Gas'!Y40/VLOOKUP(StateID,Population!$A$3:$AF$54,'Gas Intensity'!Y5-1988,FALSE))*1000)","v":0},{"$f":"IF(ISERROR(('Summary by Gas'!Z40/VLOOKUP(StateID,Population!$A$3:$AF$54,'Gas Intensity'!Z5-1988,FALSE))*1000),0,('Summary by Gas'!Z40/VLOOKUP(StateID,Population!$A$3:$AF$54,'Gas Intensity'!Z5-1988,FALSE))*1000)","v":0},{"$f":"IF(ISERROR(('Summary by Gas'!AA40/VLOOKUP(StateID,Population!$A$3:$AF$54,'Gas Intensity'!AA5-1988,FALSE))*1000),0,('Summary by Gas'!AA40/VLOOKUP(StateID,Population!$A$3:$AF$54,'Gas Intensity'!AA5-1988,FALSE))*1000)","v":0},{"$f":"IF(ISERROR(('Summary by Gas'!AB40/VLOOKUP(StateID,Population!$A$3:$AF$54,'Gas Intensity'!AB5-1988,FALSE))*1000),0,('Summary by Gas'!AB40/VLOOKUP(StateID,Population!$A$3:$AF$54,'Gas Intensity'!AB5-1988,FALSE))*1000)","v":0},{"$f":"IF(ISERROR(('Summary by Gas'!AC40/VLOOKUP(StateID,Population!$A$3:$AF$54,'Gas Intensity'!AC5-1988,FALSE))*1000),0,('Summary by Gas'!AC40/VLOOKUP(StateID,Population!$A$3:$AF$54,'Gas Intensity'!AC5-1988,FALSE))*1000)","v":0},{"$f":"IF(ISERROR(('Summary by Gas'!AD40/VLOOKUP(StateID,Population!$A$3:$AF$54,'Gas Intensity'!AD5-1988,FALSE))*1000),0,('Summary by Gas'!AD40/VLOOKUP(StateID,Population!$A$3:$AF$54,'Gas Intensity'!AD5-1988,FALSE))*1000)","v":0},{"$f":"IF(ISERROR(('Summary by Gas'!AE40/VLOOKUP(StateID,Population!$A$3:$AF$54,'Gas Intensity'!AE5-1988,FALSE))*1000),0,('Summary by Gas'!AE40/VLOOKUP(StateID,Population!$A$3:$AF$54,'Gas Intensity'!AE5-1988,FALSE))*1000)","v":0},{"$f":"IF(ISERROR(('Summary by Gas'!AF40/VLOOKUP(StateID,Population!$A$3:$AF$54,'Gas Intensity'!AF5-1988,FALSE))*1000),0,('Summary by Gas'!AF40/VLOOKUP(StateID,Population!$A$3:$AF$54,'Gas Intensity'!AF5-1988,FALSE))*1000)","v":0},{"$f":"IF(ISERROR(('Summary by Gas'!AG40/VLOOKUP(StateID,Population!$A$3:$AF$54,'Gas Intensity'!AG5-1988,FALSE))*1000),0,('Summary by Gas'!AG40/VLOOKUP(StateID,Population!$A$3:$AF$54,'Gas Intensity'!AG5-1988,FALSE))*1000)","v":0}]
[null,null,1,{"$f":"IF(D5<=Factors!$C$21,C8+1,0)","v":2},{"$f":"IF(E5<=Factors!$C$21,D8+1,0)","v":3},{"$f":"IF(F5<=Factors!$C$21,E8+1,0)","v":4},{"$f":"IF(G5<=Factors!$C$21,F8+1,0)","v":5},{"$f":"IF(H5<=Factors!$C$21,G8+1,0)","v":6},{"$f":"IF(I5<=Factors!$C$21,H8+1,0)","v":7},{"$f":"IF(J5<=Factors!$C$21,I8+1,0)","v":8},{"$f":"IF(K5<=Factors!$C$21,J8+1,0)","v":9},{"$f":"IF(L5<=Factors!$C$21,K8+1,0)","v":10},{"$f":"IF(M5<=Factors!$C$21,L8+1,0)","v":11},{"$f":"IF(N5<=Factors!$C$21,M8+1,0)","v":12},{"$f":"IF(O5<=Factors!$C$21,N8+1,0)","v":13},{"$f":"IF(P5<=Factors!$C$21,O8+1,0)","v":14},{"$f":"IF(Q5<=Factors!$C$21,P8+1,0)","v":15},{"$f":"IF(R5<=Factors!$C$21,Q8+1,0)","v":16},{"$f":"IF(S5<=Factors!$C$21,R8+1,0)","v":17},{"$f":"IF(T5<=Factors!$C$21,S8+1,0)","v":18},{"$f":"IF(U5<=Factors!$C$21,T8+1,0)","v":19},{"$f":"IF(V5<=Factors!$C$21,U8+1,0)","v":20},{"$f":"IF(W5<=Factors!$C$21,V8+1,0)","v":21},{"$f":"IF(X5<=Factors!$C$21,W8+1,0)","v":22},{"$f":"IF(Y5<=Factors!$C$21,X8+1,0)","v":23},{"$f":"IF(Z5<=Factors!$C$21,Y8+1,0)","v":24},{"$f":"IF(AA5<=Factors!$C$21,Z8+1,0)","v":25},{"$f":"IF(AB5<=Factors!$C$21,AA8+1,0)","v":26},{"$f":"IF(AC5<=Factors!$C$21,AB8+1,0)","v":27},{"$f":"IF(AD5<=Factors!$C$21,AC8+1,0)","v":28},{"$f":"IF(AE5<=Factors!$C$21,AD8+1,0)","v":29},{"$f":"IF(AF5<=Factors!$C$21,AE8+1,0)","v":0},{"$f":"IF(AG5<=Factors!$C$21,AF8+1,0)","v":0}]
[]
[null,"Emissions Per GSP (Gross State Product)  (MTCO2E)",1990,1991,1992,1993,1994,1995,1996,1997,1998,1999,2000,2001,2002,2003,2004,2005,2006,2007,2008,2009,2010,2011,2012,2013,2014,2015,2016,2017,2018,2019,2020]
[null,"Gross Emissions Intensity",{"$f":"IF(ISERROR(('Summary by Gas'!C38/VLOOKUP(StateID,'GSP from BEA'!$A$3:$AF$54,'Gas Intensity'!C10-1988,FALSE))*1000000),0,('Summary by Gas'!C38/VLOOKUP(StateID,'GSP from BEA'!$A$3:$AF$54,'Gas Intensity'!C10-1988,FALSE))*1000000)","v":0},{"$f":"IF(ISERROR(('Summary by Gas'!D38/VLOOKUP(StateID,'GSP from BEA'!$A$3:$AF$54,'Gas Intensity'!D10-1988,FALSE))*1000000),0,('Summary by Gas'!D38/VLOOKUP(StateID,'GSP from BEA'!$A$3:$AF$54,'Gas Intensity'!D10-1988,FALSE))*1000000)","v":0},{"$f":"IF(ISERROR(('Summary by Gas'!E38/VLOOKUP(StateID,'GSP from BEA'!$A$3:$AF$54,'Gas Intensity'!E10-1988,FALSE))*1000000),0,('Summary by Gas'!E38/VLOOKUP(StateID,'GSP from BEA'!$A$3:$AF$54,'Gas Intensity'!E10-1988,FALSE))*1000000)","v":0},{"$f":"IF(ISERROR(('Summary by Gas'!F38/VLOOKUP(StateID,'GSP from BEA'!$A$3:$AF$54,'Gas Intensity'!F10-1988,FALSE))*1000000),0,('Summary by Gas'!F38/VLOOKUP(StateID,'GSP from BEA'!$A$3:$AF$54,'Gas Intensity'!F10-1988,FALSE))*1000000)","v":0},{"$f":"IF(ISERROR(('Summary by Gas'!G38/VLOOKUP(StateID,'GSP from BEA'!$A$3:$AF$54,'Gas Intensity'!G10-1988,FALSE))*1000000),0,('Summary by Gas'!G38/VLOOKUP(StateID,'GSP from BEA'!$A$3:$AF$54,'Gas Intensity'!G10-1988,FALSE))*1000000)","v":0},{"$f":"IF(ISERROR(('Summary by Gas'!H38/VLOOKUP(StateID,'GSP from BEA'!$A$3:$AF$54,'Gas Intensity'!H10-1988,FALSE))*1000000),0,('Summary by Gas'!H38/VLOOKUP(StateID,'GSP from BEA'!$A$3:$AF$54,'Gas Intensity'!H10-1988,FALSE))*1000000)","v":0},{"$f":"IF(ISERROR(('Summary by Gas'!I38/VLOOKUP(StateID,'GSP from BEA'!$A$3:$AF$54,'Gas Intensity'!I10-1988,FALSE))*1000000),0,('Summary by Gas'!I38/VLOOKUP(StateID,'GSP from BEA'!$A$3:$AF$54,'Gas Intensity'!I10-1988,FALSE))*1000000)","v":0},{"$f":"IF(ISERROR(('Summary by Gas'!J38/VLOOKUP(StateID,'GSP from BEA'!$A$3:$AF$54,'Gas Intensity'!J10-1988,FALSE))*1000000),0,('Summary by Gas'!J38/VLOOKUP(StateID,'GSP from BEA'!$A$3:$AF$54,'Gas Intensity'!J10-1988,FALSE))*1000000)","v":0},{"$f":"IF(ISERROR(('Summary by Gas'!K38/VLOOKUP(StateID,'GSP from BEA'!$A$3:$AF$54,'Gas Intensity'!K10-1988,FALSE))*1000000),0,('Summary by Gas'!K38/VLOOKUP(StateID,'GSP from BEA'!$A$3:$AF$54,'Gas Intensity'!K10-1988,FALSE))*1000000)","v":0},{"$f":"IF(ISERROR(('Summary by Gas'!L38/VLOOKUP(StateID,'GSP from BEA'!$A$3:$AF$54,'Gas Intensity'!L10-1988,FALSE))*1000000),0,('Summary by Gas'!L38/VLOOKUP(StateID,'GSP from BEA'!$A$3:$AF$54,'Gas Intensity'!L10-1988,FALSE))*1000000)","v":0},{"$f":"IF(ISERROR(('Summary by Gas'!M38/VLOOKUP(StateID,'GSP from BEA'!$A$3:$AF$54,'Gas Intensity'!M10-1988,FALSE))*1000000),0,('Summary by Gas'!M38/VLOOKUP(StateID,'GSP from BEA'!$A$3:$AF$54,'Gas Intensity'!M10-1988,FALSE))*1000000)","v":0},{"$f":"IF(ISERROR(('Summary by Gas'!N38/VLOOKUP(StateID,'GSP from BEA'!$A$3:$AF$54,'Gas Intensity'!N10-1988,FALSE))*1000000),0,('Summary by Gas'!N38/VLOOKUP(StateID,'GSP from BEA'!$A$3:$AF$54,'Gas Intensity'!N10-1988,FALSE))*1000000)","v":0},{"$f":"IF(ISERROR(('Summary by Gas'!O38/VLOOKUP(StateID,'GSP from BEA'!$A$3:$AF$54,'Gas Intensity'!O10-1988,FALSE))*1000000),0,('Summary by Gas'!O38/VLOOKUP(StateID,'GSP from BEA'!$A$3:$AF$54,'Gas Intensity'!O10-1988,FALSE))*1000000)","v":0},{"$f":"IF(ISERROR(('Summary by Gas'!P38/VLOOKUP(StateID,'GSP from BEA'!$A$3:$AF$54,'Gas Intensity'!P10-1988,FALSE))*1000000),0,('Summary by Gas'!P38/VLOOKUP(StateID,'GSP from BEA'!$A$3:$AF$54,'Gas Intensity'!P10-1988,FALSE))*1000000)","v":0},{"$f":"IF(ISERROR(('Summary by Gas'!Q38/VLOOKUP(StateID,'GSP from BEA'!$A$3:$AF$54,'Gas Intensity'!Q10-1988,FALSE))*1000000),0,('Summary by Gas'!Q38/VLOOKUP(StateID,'GSP from BEA'!$A$3:$AF$54,'Gas Intensity'!Q10-1988,FALSE))*1000000)","v":0},{"$f":"IF(ISERROR(('Summary by Gas'!R38/VLOOKUP(StateID,'GSP from BEA'!$A$3:$AF$54,'Gas Intensity'!R10-1988,FALSE))*1000000),0,('Summary by Gas'!R38/VLOOKUP(StateID,'GSP from BEA'!$A$3:$AF$54,'Gas Intensity'!R10-1988,FALSE))*1000000)","v":0},{"$f":"IF(ISERROR(('Summary by Gas'!S38/VLOOKUP(StateID,'GSP from BEA'!$A$3:$AF$54,'Gas Intensity'!S10-1988,FALSE))*1000000),0,('Summary by Gas'!S38/VLOOKUP(StateID,'GSP from BEA'!$A$3:$AF$54,'Gas Intensity'!S10-1988,FALSE))*1000000)","v":0},{"$f":"IF(ISERROR(('Summary by Gas'!T38/VLOOKUP(StateID,'GSP from BEA'!$A$3:$AF$54,'Gas Intensity'!T10-1988,FALSE))*1000000),0,('Summary by Gas'!T38/VLOOKUP(StateID,'GSP from BEA'!$A$3:$AF$54,'Gas Intensity'!T10-1988,FALSE))*1000000)","v":0},{"$f":"IF(ISERROR(('Summary by Gas'!U38/VLOOKUP(StateID,'GSP from BEA'!$A$3:$AF$54,'Gas Intensity'!U10-1988,FALSE))*1000000),0,('Summary by Gas'!U38/VLOOKUP(StateID,'GSP from BEA'!$A$3:$AF$54,'Gas Intensity'!U10-1988,FALSE))*1000000)","v":0},{"$f":"IF(ISERROR(('Summary by Gas'!V38/VLOOKUP(StateID,'GSP from BEA'!$A$3:$AF$54,'Gas Intensity'!V10-1988,FALSE))*1000000),0,('Summary by Gas'!V38/VLOOKUP(StateID,'GSP from BEA'!$A$3:$AF$54,'Gas Intensity'!V10-1988,FALSE))*1000000)","v":0},{"$f":"IF(ISERROR(('Summary by Gas'!W38/VLOOKUP(StateID,'GSP from BEA'!$A$3:$AF$54,'Gas Intensity'!W10-1988,FALSE))*1000000),0,('Summary by Gas'!W38/VLOOKUP(StateID,'GSP from BEA'!$A$3:$AF$54,'Gas Intensity'!W10-1988,FALSE))*1000000)","v":0},{"$f":"IF(ISERROR(('Summary by Gas'!X38/VLOOKUP(StateID,'GSP from BEA'!$A$3:$AF$54,'Gas Intensity'!X10-1988,FALSE))*1000000),0,('Summary by Gas'!X38/VLOOKUP(StateID,'GSP from BEA'!$A$3:$AF$54,'Gas Intensity'!X10-1988,FALSE))*1000000)","v":0},{"$f":"IF(ISERROR(('Summary by Gas'!Y38/VLOOKUP(StateID,'GSP from BEA'!$A$3:$AF$54,'Gas Intensity'!Y10-1988,FALSE))*1000000),0,('Summary by Gas'!Y38/VLOOKUP(StateID,'GSP from BEA'!$A$3:$AF$54,'Gas Intensity'!Y10-1988,FALSE))*1000000)","v":0},{"$f":"IF(ISERROR(('Summary by Gas'!Z38/VLOOKUP(StateID,'GSP from BEA'!$A$3:$AF$54,'Gas Intensity'!Z10-1988,FALSE))*1000000),0,('Summary by Gas'!Z38/VLOOKUP(StateID,'GSP from BEA'!$A$3:$AF$54,'Gas Intensity'!Z10-1988,FALSE))*1000000)","v":0},{"$f":"IF(ISERROR(('Summary by Gas'!AA38/VLOOKUP(StateID,'GSP from BEA'!$A$3:$AF$54,'Gas Intensity'!AA10-1988,FALSE))*1000000),0,('Summary by Gas'!AA38/VLOOKUP(StateID,'GSP from BEA'!$A$3:$AF$54,'Gas Intensity'!AA10-1988,FALSE))*1000000)","v":0},{"$f":"IF(ISERROR(('Summary by Gas'!AB38/VLOOKUP(StateID,'GSP from BEA'!$A$3:$AF$54,'Gas Intensity'!AB10-1988,FALSE))*1000000),0,('Summary by Gas'!AB38/VLOOKUP(StateID,'GSP from BEA'!$A$3:$AF$54,'Gas Intensity'!AB10-1988,FALSE))*1000000)","v":0},{"$f":"IF(ISERROR(('Summary by Gas'!AC38/VLOOKUP(StateID,'GSP from BEA'!$A$3:$AF$54,'Gas Intensity'!AC10-1988,FALSE))*1000000),0,('Summary by Gas'!AC38/VLOOKUP(StateID,'GSP from BEA'!$A$3:$AF$54,'Gas Intensity'!AC10-1988,FALSE))*1000000)","v":0},{"$f":"IF(ISERROR(('Summary by Gas'!AD38/VLOOKUP(StateID,'GSP from BEA'!$A$3:$AF$54,'Gas Intensity'!AD10-1988,FALSE))*1000000),0,('Summary by Gas'!AD38/VLOOKUP(StateID,'GSP from BEA'!$A$3:$AF$54,'Gas Intensity'!AD10-1988,FALSE))*1000000)","v":0},{"$f":"IF(ISERROR(('Summary by Gas'!AE38/VLOOKUP(StateID,'GSP from BEA'!$A$3:$AF$54,'Gas Intensity'!AE10-1988,FALSE))*1000000),0,('Summary by Gas'!AE38/VLOOKUP(StateID,'GSP from BEA'!$A$3:$AF$54,'Gas Intensity'!AE10-1988,FALSE))*1000000)","v":0},{"$f":"IF(ISERROR(('Summary by Gas'!AF38/VLOOKUP(StateID,'GSP from BEA'!$A$3:$AF$54,'Gas Intensity'!AF10-1988,FALSE))*1000000),0,('Summary by Gas'!AF38/VLOOKUP(StateID,'GSP from BEA'!$A$3:$AF$54,'Gas Intensity'!AF10-1988,FALSE))*1000000)","v":0},{"$f":"IF(ISERROR(('Summary by Gas'!AG38/VLOOKUP(StateID,'GSP from BEA'!$A$3:$AF$54,'Gas Intensity'!AG10-1988,FALSE))*1000000),0,('Summary by Gas'!AG38/VLOOKUP(StateID,'GSP from BEA'!$A$3:$AF$54,'Gas Intensity'!AG10-1988,FALSE))*1000000)","v":0}]
[null,"Net Emissions Intensity (Sources and Sinks)",{"$f":"IF(ISERROR('Summary by Gas'!C40/VLOOKUP(StateID,'GSP from BEA'!$A$3:$AF$54,'Gas Intensity'!C10-1988,FALSE)*1000000),0,'Summary by Gas'!C40/VLOOKUP(StateID,'GSP from BEA'!$A$3:$AF$54,'Gas Intensity'!C10-1988,FALSE)*1000000)","v":0},{"$f":"IF(ISERROR('Summary by Gas'!D40/VLOOKUP(StateID,'GSP from BEA'!$A$3:$AF$54,'Gas Intensity'!D10-1988,FALSE)*1000000),0,'Summary by Gas'!D40/VLOOKUP(StateID,'GSP from BEA'!$A$3:$AF$54,'Gas Intensity'!D10-1988,FALSE)*1000000)","v":0},{"$f":"IF(ISERROR('Summary by Gas'!E40/VLOOKUP(StateID,'GSP from BEA'!$A$3:$AF$54,'Gas Intensity'!E10-1988,FALSE)*1000000),0,'Summary by Gas'!E40/VLOOKUP(StateID,'GSP from BEA'!$A$3:$AF$54,'Gas Intensity'!E10-1988,FALSE)*1000000)","v":0},{"$f":"IF(ISERROR('Summary by Gas'!F40/VLOOKUP(StateID,'GSP from BEA'!$A$3:$AF$54,'Gas Intensity'!F10-1988,FALSE)*1000000),0,'Summary by Gas'!F40/VLOOKUP(StateID,'GSP from BEA'!$A$3:$AF$54,'Gas Intensity'!F10-1988,FALSE)*1000000)","v":0},{"$f":"IF(ISERROR('Summary by Gas'!G40/VLOOKUP(StateID,'GSP from BEA'!$A$3:$AF$54,'Gas Intensity'!G10-1988,FALSE)*1000000),0,'Summary by Gas'!G40/VLOOKUP(StateID,'GSP from BEA'!$A$3:$AF$54,'Gas Intensity'!G10-1988,FALSE)*1000000)","v":0},{"$f":"IF(ISERROR('Summary by Gas'!H40/VLOOKUP(StateID,'GSP from BEA'!$A$3:$AF$54,'Gas Intensity'!H10-1988,FALSE)*1000000),0,'Summary by Gas'!H40/VLOOKUP(StateID,'GSP from BEA'!$A$3:$AF$54,'Gas Intensity'!H10-1988,FALSE)*1000000)","v":0},{"$f":"IF(ISERROR('Summary by Gas'!I40/VLOOKUP(StateID,'GSP from BEA'!$A$3:$AF$54,'Gas Intensity'!I10-1988,FALSE)*1000000),0,'Summary by Gas'!I40/VLOOKUP(StateID,'GSP from BEA'!$A$3:$AF$54,'Gas Intensity'!I10-1988,FALSE)*1000000)","v":0},{"$f":"IF(ISERROR('Summary by Gas'!J40/VLOOKUP(StateID,'GSP from BEA'!$A$3:$AF$54,'Gas Intensity'!J10-1988,FALSE)*1000000),0,'Summary by Gas'!J40/VLOOKUP(StateID,'GSP from BEA'!$A$3:$AF$54,'Gas Intensity'!J10-1988,FALSE)*1000000)","v":0},{"$f":"IF(ISERROR('Summary by Gas'!K40/VLOOKUP(StateID,'GSP from BEA'!$A$3:$AF$54,'Gas Intensity'!K10-1988,FALSE)*1000000),0,'Summary by Gas'!K40/VLOOKUP(StateID,'GSP from BEA'!$A$3:$AF$54,'Gas Intensity'!K10-1988,FALSE)*1000000)","v":0},{"$f":"IF(ISERROR('Summary by Gas'!L40/VLOOKUP(StateID,'GSP from BEA'!$A$3:$AF$54,'Gas Intensity'!L10-1988,FALSE)*1000000),0,'Summary by Gas'!L40/VLOOKUP(StateID,'GSP from BEA'!$A$3:$AF$54,'Gas Intensity'!L10-1988,FALSE)*1000000)","v":0},{"$f":"IF(ISERROR('Summary by Gas'!M40/VLOOKUP(StateID,'GSP from BEA'!$A$3:$AF$54,'Gas Intensity'!M10-1988,FALSE)*1000000),0,'Summary by Gas'!M40/VLOOKUP(StateID,'GSP from BEA'!$A$3:$AF$54,'Gas Intensity'!M10-1988,FALSE)*1000000)","v":0},{"$f":"IF(ISERROR('Summary by Gas'!N40/VLOOKUP(StateID,'GSP from BEA'!$A$3:$AF$54,'Gas Intensity'!N10-1988,FALSE)*1000000),0,'Summary by Gas'!N40/VLOOKUP(StateID,'GSP from BEA'!$A$3:$AF$54,'Gas Intensity'!N10-1988,FALSE)*1000000)","v":0},{"$f":"IF(ISERROR('Summary by Gas'!O40/VLOOKUP(StateID,'GSP from BEA'!$A$3:$AF$54,'Gas Intensity'!O10-1988,FALSE)*1000000),0,'Summary by Gas'!O40/VLOOKUP(StateID,'GSP from BEA'!$A$3:$AF$54,'Gas Intensity'!O10-1988,FALSE)*1000000)","v":0},{"$f":"IF(ISERROR('Summary by Gas'!P40/VLOOKUP(StateID,'GSP from BEA'!$A$3:$AF$54,'Gas Intensity'!P10-1988,FALSE)*1000000),0,'Summary by Gas'!P40/VLOOKUP(StateID,'GSP from BEA'!$A$3:$AF$54,'Gas Intensity'!P10-1988,FALSE)*1000000)","v":0},{"$f":"IF(ISERROR('Summary by Gas'!Q40/VLOOKUP(StateID,'GSP from BEA'!$A$3:$AF$54,'Gas Intensity'!Q10-1988,FALSE)*1000000),0,'Summary by Gas'!Q40/VLOOKUP(StateID,'GSP from BEA'!$A$3:$AF$54,'Gas Intensity'!Q10-1988,FALSE)*1000000)","v":0},{"$f":"IF(ISERROR('Summary by Gas'!R40/VLOOKUP(StateID,'GSP from BEA'!$A$3:$AF$54,'Gas Intensity'!R10-1988,FALSE)*1000000),0,'Summary by Gas'!R40/VLOOKUP(StateID,'GSP from BEA'!$A$3:$AF$54,'Gas Intensity'!R10-1988,FALSE)*1000000)","v":0},{"$f":"IF(ISERROR('Summary by Gas'!S40/VLOOKUP(StateID,'GSP from BEA'!$A$3:$AF$54,'Gas Intensity'!S10-1988,FALSE)*1000000),0,'Summary by Gas'!S40/VLOOKUP(StateID,'GSP from BEA'!$A$3:$AF$54,'Gas Intensity'!S10-1988,FALSE)*1000000)","v":0},{"$f":"IF(ISERROR('Summary by Gas'!T40/VLOOKUP(StateID,'GSP from BEA'!$A$3:$AF$54,'Gas Intensity'!T10-1988,FALSE)*1000000),0,'Summary by Gas'!T40/VLOOKUP(StateID,'GSP from BEA'!$A$3:$AF$54,'Gas Intensity'!T10-1988,FALSE)*1000000)","v":0},{"$f":"IF(ISERROR('Summary by Gas'!U40/VLOOKUP(StateID,'GSP from BEA'!$A$3:$AF$54,'Gas Intensity'!U10-1988,FALSE)*1000000),0,'Summary by Gas'!U40/VLOOKUP(StateID,'GSP from BEA'!$A$3:$AF$54,'Gas Intensity'!U10-1988,FALSE)*1000000)","v":0},{"$f":"IF(ISERROR('Summary by Gas'!V40/VLOOKUP(StateID,'GSP from BEA'!$A$3:$AF$54,'Gas Intensity'!V10-1988,FALSE)*1000000),0,'Summary by Gas'!V40/VLOOKUP(StateID,'GSP from BEA'!$A$3:$AF$54,'Gas Intensity'!V10-1988,FALSE)*1000000)","v":0},{"$f":"IF(ISERROR('Summary by Gas'!W40/VLOOKUP(StateID,'GSP from BEA'!$A$3:$AF$54,'Gas Intensity'!W10-1988,FALSE)*1000000),0,'Summary by Gas'!W40/VLOOKUP(StateID,'GSP from BEA'!$A$3:$AF$54,'Gas Intensity'!W10-1988,FALSE)*1000000)","v":0},{"$f":"IF(ISERROR('Summary by Gas'!X40/VLOOKUP(StateID,'GSP from BEA'!$A$3:$AF$54,'Gas Intensity'!X10-1988,FALSE)*1000000),0,'Summary by Gas'!X40/VLOOKUP(StateID,'GSP from BEA'!$A$3:$AF$54,'Gas Intensity'!X10-1988,FALSE)*1000000)","v":0},{"$f":"IF(ISERROR('Summary by Gas'!Y40/VLOOKUP(StateID,'GSP from BEA'!$A$3:$AF$54,'Gas Intensity'!Y10-1988,FALSE)*1000000),0,'Summary by Gas'!Y40/VLOOKUP(StateID,'GSP from BEA'!$A$3:$AF$54,'Gas Intensity'!Y10-1988,FALSE)*1000000)","v":0},{"$f":"IF(ISERROR('Summary by Gas'!Z40/VLOOKUP(StateID,'GSP from BEA'!$A$3:$AF$54,'Gas Intensity'!Z10-1988,FALSE)*1000000),0,'Summary by Gas'!Z40/VLOOKUP(StateID,'GSP from BEA'!$A$3:$AF$54,'Gas Intensity'!Z10-1988,FALSE)*1000000)","v":0},{"$f":"IF(ISERROR('Summary by Gas'!AA40/VLOOKUP(StateID,'GSP from BEA'!$A$3:$AF$54,'Gas Intensity'!AA10-1988,FALSE)*1000000),0,'Summary by Gas'!AA40/VLOOKUP(StateID,'GSP from BEA'!$A$3:$AF$54,'Gas Intensity'!AA10-1988,FALSE)*1000000)","v":0},{"$f":"IF(ISERROR('Summary by Gas'!AB40/VLOOKUP(StateID,'GSP from BEA'!$A$3:$AF$54,'Gas Intensity'!AB10-1988,FALSE)*1000000),0,'Summary by Gas'!AB40/VLOOKUP(StateID,'GSP from BEA'!$A$3:$AF$54,'Gas Intensity'!AB10-1988,FALSE)*1000000)","v":0},{"$f":"IF(ISERROR('Summary by Gas'!AC40/VLOOKUP(StateID,'GSP from BEA'!$A$3:$AF$54,'Gas Intensity'!AC10-1988,FALSE)*1000000),0,'Summary by Gas'!AC40/VLOOKUP(StateID,'GSP from BEA'!$A$3:$AF$54,'Gas Intensity'!AC10-1988,FALSE)*1000000)","v":0},{"$f":"IF(ISERROR('Summary by Gas'!AD40/VLOOKUP(StateID,'GSP from BEA'!$A$3:$AF$54,'Gas Intensity'!AD10-1988,FALSE)*1000000),0,'Summary by Gas'!AD40/VLOOKUP(StateID,'GSP from BEA'!$A$3:$AF$54,'Gas Intensity'!AD10-1988,FALSE)*1000000)","v":0},{"$f":"IF(ISERROR('Summary by Gas'!AE40/VLOOKUP(StateID,'GSP from BEA'!$A$3:$AF$54,'Gas Intensity'!AE10-1988,FALSE)*1000000),0,'Summary by Gas'!AE40/VLOOKUP(StateID,'GSP from BEA'!$A$3:$AF$54,'Gas Intensity'!AE10-1988,FALSE)*1000000)","v":0},{"$f":"IF(ISERROR('Summary by Gas'!AF40/VLOOKUP(StateID,'GSP from BEA'!$A$3:$AF$54,'Gas Intensity'!AF10-1988,FALSE)*1000000),0,'Summary by Gas'!AF40/VLOOKUP(StateID,'GSP from BEA'!$A$3:$AF$54,'Gas Intensity'!AF10-1988,FALSE)*1000000)","v":0},{"$f":"IF(ISERROR('Summary by Gas'!AG40/VLOOKUP(StateID,'GSP from BEA'!$A$3:$AF$54,'Gas Intensity'!AG10-1988,FALSE)*1000000),0,'Summary by Gas'!AG40/VLOOKUP(StateID,'GSP from BEA'!$A$3:$AF$54,'Gas Intensity'!AG10-1988,FALSE)*1000000)","v":0}]
[]
[]
[null,null,null,null,null,null,null,null,null,null,null,null,null,null,null,null,null,null,null,null,null,{"$f":"\"Gross GHG Emissions Per Capita, 1990-\"&Factors!C21","v":"Gross GHG Emissions Per Capita, 1990-2018"}]
[null,null,null,null,null,null,null,null,null,null,null,null,null,null,null,null,null,null,null,null,null,{"$f":"\"Gross GHG Emissions Per GSP, 1990-\"&Factors!C21","v":"Gross GHG Emissions Per GSP, 1990-2018"}]

{"sheet":"Population","index":15,"n_rows":59,"n_cols":32,"rows_kept":59,"cut":false,"hidden":false,"merged":[]}
[null,"1990-1999: U.S. Census Data Archives"]
[null,"000 people","Source: U.S. Census American FactFinder https://factfinder.census.gov/"]
["State",1990,1991,1992,1993,1994,1995,1996,1997,1998,1999,2000,2001,2002,2003,2004,2005,2006,2007,2008,2009,2010,2011,2012,2013,2014,2015,2016,2017,2018,2019,2020]
["AL",4048.5079999999998,4091.0250000000001,4139.2690000000002,4193.1139999999996,4232.9650000000001,4262.7309999999998,4290.4030000000002,4320.2809999999999,4351.0370000000003,4369.8620000000001,4451.6869999999999,4462.8320000000003,4469.9059999999999,4486.598,4506.5739999999996,4537.299,4597.6880000000001,4637.9040000000005,4677.4639999999999,4708.7079999999996,4785.4369999999999,4799.0690000000004,4815.5879999999997,4830.0810000000001,4841.799,4852.3469999999998,4863.5249999999996,4874.4859999999999,4887.6809999999996,4903.1850000000004,4728.915]
["AK",553.12,569.27300000000002,587.07299999999998,596.99300000000005,600.62400000000002,601.34500000000003,604.91800000000001,608.846,615.20500000000004,619.5,627.428,633.16,642.39099999999996,650.42600000000004,660.97500000000002,668.625,677.32500000000005,682.29700000000003,688.125,698.47299999999996,713.91,722.12800000000004,730.44299999999998,737.06799999999998,736.28300000000002,737.49800000000005,741.45600000000002,739.7,735.13900000000001,731.54499999999996,774.42100000000005]
["AZ",3679.056,3762.3939999999998,3867.3330000000001,3993.39,4147.5609999999997,4306.9080000000004,4432.308,4552.2070000000003,4667.277,4778.3320000000003,5166.8100000000004,5303.6319999999996,5449.1949999999997,5585.5119999999997,5750.4750000000004,5961.2389999999996,6192.1,6362.241,6499.3770000000004,6595.7780000000002,6407.1719999999996,6472.643,6554.9780000000001,6632.7640000000001,6730.4129999999996,6829.6760000000004,6941.0720000000001,7044.0079999999998,7158.0240000000003,7278.7169999999996,8456.4480000000003]
["AR",2354.3429999999998,2370.6660000000002,2394.098,2423.7429999999999,2450.605,2480.1210000000001,2504.8580000000002,2524.0070000000001,2538.2020000000002,2551.373,2678.2170000000001,2689.6010000000001,2701.8890000000001,2717.9090000000001,2740.1909999999998,2768.9180000000001,2815.0970000000002,2842.194,2867.7640000000001,2889.45,2921.9639999999999,2940.6669999999999,2952.1640000000002,2959.4,2967.3919999999998,2978.0479999999998,2989.9180000000001,3001.3449999999998,3009.7330000000002,3017.8040000000001,3060.2190000000001]
["CA",29950.111000000001,30414.114000000001,30875.919999999998,31147.207999999999,31317.179,31493.525000000001,31780.829000000002,32217.707999999999,32682.794000000002,33145.120999999999,33998.767,34507.03,34916.495000000003,35307.398000000001,35629.665999999997,35885.415000000001,35979.207999999999,36226.122000000003,36580.370999999999,36961.663999999997,37319.502,37638.368999999999,37948.800000000003,38260.786999999997,38596.972000000002,38918.044999999998,39167.116999999998,39358.497000000003,39461.588000000003,39512.222999999998,42206.743000000002]
["CO",3303.8620000000001,3367.567,3459.9949999999999,3560.884,3653.91,3738.0610000000001,3812.7159999999999,3891.2930000000001,3968.9670000000001,4056.1329999999998,4327.7879999999996,4431.9179999999997,4503.1559999999999,4548.3389999999999,4600.05,4662.7340000000004,4753.0439999999999,4842.259,4935.2129999999997,5024.7479999999996,5047.3490000000002,5121.1080000000002,5192.6469999999999,5269.0349999999999,5350.1009999999997,5450.6229999999996,5539.2150000000001,5611.8850000000002,5691.2870000000003,5758.7359999999999,5278.8670000000002]
["CT",3289.056,3288.64,3274.9969999999998,3272.3249999999998,3268.346,3265.2930000000001,3267.03,3268.5140000000001,3272.5630000000001,3282.0309999999999,3411.7139999999999,3428.2080000000001,3448.261,3467.9319999999998,3475.3510000000001,3478.7139999999999,3485.1619999999998,3488.6329999999998,3502.9319999999998,3518.288,3579.114,3588.2829999999999,3594.547,3594.8409999999999,3594.5239999999999,3587.1219999999998,3578.1410000000001,3573.297,3571.52,3565.2869999999998,3675.65]
["DE",669.06299999999999,680.495,690.15800000000002,699.47500000000002,708.41600000000005,718.26499999999999,727.09,735.024,744.06600000000003,753.53800000000001,786.404,794.49800000000005,803.774,814.26199999999994,825.68200000000002,838.51900000000001,853.02200000000005,864.89599999999996,876.21100000000001,885.12199999999996,899.59299999999996,907.38099999999997,915.17899999999997,923.57600000000002,932.48699999999997,941.25199999999995,948.92100000000005,956.82299999999998,965.47900000000004,973.76400000000001,963.20899999999995]
["DC",603.81399999999996,593.23900000000003,584.18299999999999,576.35799999999995,564.98199999999997,551.27300000000002,538.27300000000002,528.75199999999995,521.42600000000004,519,571.72299999999996,577.678,579.11199999999997,577.37099999999998,579.52099999999996,582.04899999999998,583.97799999999995,586.40899999999999,590.07399999999996,599.65700000000004,605.226,619.79999999999995,634.92399999999998,650.58100000000002,662.32799999999997,675.4,685.81500000000005,694.90599999999995,701.54700000000003,705.74900000000002,480.54]
["FL",13018.365,13289.496999999999,13504.775,13713.593000000001,13961.798000000001,14185.403,14426.911,14683.35,14908.23,15111.244000000001,16047.245999999999,16340.734,16652.679,16937.337,17313.811000000002,17702.475999999999,18088.505000000001,18277.887999999999,18423.878000000001,18537.969000000001,18845.537,19053.237000000001,19297.822,19545.620999999999,19845.911,20209.042000000001,20613.476999999999,20963.613000000001,21244.316999999999,21477.737000000001,23406.525000000001]
["GA",6506.5309999999999,6621.2790000000005,6759.4740000000002,6894.0919999999996,7045.9,7188.5379999999996,7332.2250000000004,7486.0940000000001,7636.5219999999999,7788.24,8230.0529999999999,8418.5920000000006,8583.6740000000009,8732.9240000000009,8910.741,9093.9580000000005,9330.0859999999993,9533.7610000000004,9697.8379999999997,9829.2109999999993,9711.8809999999994,9802.4310000000005,9901.43,9972.4789999999994,10067.278,10178.447,10301.89,10410.33,10511.130999999999,10617.423000000001,10843.753000000001]
["HI",1112.703,1131.412,1149.9259999999999,1161.508,1173.903,1180.49,1184.434,1189.3219999999999,1190.472,1185.4970000000001,1211.479,1217.9549999999999,1227.3910000000001,1238.3330000000001,1251.5319999999999,1264.4680000000001,1275.5989999999999,1276.8320000000001,1287.481,1295.1780000000001,1363.963,1379.329,1394.8040000000001,1408.2429999999999,1414.538,1422.0519999999999,1427.559,1424.393,1420.5930000000001,1415.8720000000001,1412.373]
["ID",1011.8819999999999,1038.915,1066.49,1101.204,1135.4590000000001,1165,1187.7059999999999,1210.6379999999999,1230.923,1251.7,1299.4739999999999,1320.732,1341.4079999999999,1363.01,1390.329,1424.127,1464.413,1499.2449999999999,1527.5060000000001,1545.8009999999999,1570.7460000000001,1583.91,1595.3240000000001,1611.2059999999999,1631.1120000000001,1651.059,1682.38,1717.7149999999999,1750.5360000000001,1787.0650000000001,1741.3330000000001]
["IL",11446.978999999999,11535.973,11635.197,11725.984,11804.986000000001,11884.934999999999,11953.003000000001,12011.509,12069.773999999999,12128.37,12437.888000000001,12510.596,12565.227999999999,12611.047,12665.718000000001,12704.063,12718.011,12779.416999999999,12842.954,12910.409,12840.503000000001,12867.454,12882.51,12895.129000000001,12884.493,12858.913,12820.527,12778.828,12723.071,12671.821,13236.72]
["IN",5555.0969999999998,5602.0619999999999,5648.6490000000003,5701.9650000000001,5745.6260000000002,5791.8190000000004,5834.9080000000004,5872.37,5907.6170000000002,5942.9009999999998,6091.3919999999998,6123.942,6146.9740000000002,6178.8280000000004,6210.8010000000004,6248.5690000000004,6301.7,6346.1130000000003,6388.3090000000002,6423.1130000000003,6490.4319999999998,6516.5280000000002,6537.7030000000004,6568.7129999999997,6593.6440000000002,6608.4219999999996,6634.3040000000001,6658.0780000000004,6695.4970000000003,6732.2190000000001,6627.0079999999998]
["IA",2779.7689999999998,2791.2269999999999,2806.9229999999998,2820.5250000000001,2829.422,2840.86,2848.473,2854.3960000000002,2861.0250000000001,2869.413,2928.0459999999998,2929.2939999999999,2929.395,2933.4070000000002,2942.739,2951.7750000000001,2964.3910000000001,2978.7190000000001,2993.9870000000001,3007.8560000000002,3050.7449999999999,3066.3359999999998,3076.19,3092.9969999999998,3109.35,3120.96,3131.3710000000001,3141.55,3148.6179999999999,3155.07,3020.4960000000001]
["KS",2480.683,2495.2089999999998,2526.0419999999999,2547.605,2569.1179999999999,2586.942,2598.2660000000001,2616.3389999999999,2638.6669999999999,2654.0520000000001,2692.681,2701.346,2712.5610000000001,2722.07,2731.069,2742.2040000000002,2755.7,2775.5859999999998,2797.375,2818.7469999999998,2858.19,2869.2249999999999,2885.2570000000001,2893.212,2900.4749999999999,2909.011,2910.8440000000001,2908.7179999999998,2911.3589999999999,2913.3139999999999,2890.5659999999998]
["KY",3692.5839999999998,3714.6860000000001,3756.3580000000002,3792.288,3823.2150000000001,3855.248,3881.0509999999999,3907.8159999999998,3934.31,3960.8249999999998,4048.8310000000001,4066.442,4086.7539999999999,4110.9219999999996,4135.567,4165.9579999999996,4219.3739999999998,4256.2780000000002,4287.9309999999996,4314.1130000000003,4348.1809999999996,4369.8209999999999,4386.3459999999995,4404.6589999999997,4414.3490000000002,4425.9759999999997,4438.1819999999998,4452.268,4461.1530000000002,4467.6729999999998,4424.4309999999996]
["LA",4219.1790000000001,4240.95,4270.8490000000002,4284.7489999999998,4306.5,4327.9780000000001,4338.7629999999999,4351.3900000000003,4362.7579999999998,4372.0349999999999,4468.8789999999999,4460.3950000000004,4465.2150000000001,4473.558,4487.83,4495.6270000000004,4240.3270000000002,4376.1220000000003,4451.5129999999999,4492.076,4544.5320000000002,4575.625,4600.9719999999998,4624.527,4644.0129999999999,4664.6279999999997,4678.1350000000002,4670.5600000000004,4659.6899999999996,4648.7939999999999,4719.16]
["ME",1231.296,1235.4390000000001,1235.748,1238.2560000000001,1237.6869999999999,1237.4380000000001,1241.4359999999999,1245.2149999999999,1247.5540000000001,1253.04,1277.1790000000001,1284.663,1293.6669999999999,1302.729,1307.904,1311.0440000000001,1314.963,1317.308,1319.691,1318.3009999999999,1327.6289999999999,1328.2840000000001,1327.729,1328.009,1330.5129999999999,1328.2619999999999,1331.317,1334.6120000000001,1339.057,1344.212,1408.665]
["MD",4797.4309999999996,4856.1760000000004,4902.5450000000001,4942.5039999999999,4985.4110000000001,5023.6499999999996,5057.1419999999998,5092.9139999999998,5130.0720000000001,5171.634,5310.451,5375.6589999999997,5439.3270000000002,5495.009,5538.9889999999996,5575.5519999999997,5612.1959999999999,5634.2420000000002,5658.6549999999997,5699.4780000000001,5788.6450000000004,5839.4189999999999,5886.9920000000002,5923.1880000000001,5957.2830000000004,5985.5619999999999,6003.3230000000003,6023.8680000000004,6035.8019999999997,6045.68,6497.6260000000002]
["MA",6018.6639999999998,5998.652,5993.4740000000002,6010.884,6031.3519999999999,6062.335,6085.393,6115.4759999999997,6144.4070000000002,6175.1689999999999,6362.5829999999996,6407.2690000000002,6433.0429999999997,6441.44,6437.4139999999998,6434.3429999999998,6466.3990000000003,6499.2749999999996,6543.5950000000003,6593.5870000000004,6566.3069999999998,6613.5829999999996,6663.0050000000001,6713.3149999999996,6762.5959999999995,6794.2280000000001,6823.6080000000002,6859.7889999999998,6882.6350000000002,6892.5029999999997,6855.5460000000003]
["MI",9310.4619999999995,9395.0220000000008,9470.3230000000003,9529.24,9584.4809999999998,9659.8709999999992,9739.1839999999993,9785.4500000000007,9820.2309999999998,9863.7749999999996,9955.1460000000006,10004.341,10037.303,10065.880999999999,10090.280000000001,10093.266,10082.438,10050.847,10002.486000000001,9969.7270000000008,9877.51,9882.4120000000003,9897.1450000000004,9913.0650000000005,9929.848,9931.7150000000001,9950.5709999999999,9973.1139999999996,9984.0720000000001,9986.857,10695.993]
["MN",4387.2830000000004,4427.4290000000001,4471.5029999999997,4521.7089999999998,4566.0280000000002,4605.4449999999997,4647.723,4687.7259999999997,4726.4110000000001,4775.5079999999998,4933.7870000000003,4982.3389999999999,5016.643,5046.7079999999996,5078.0140000000001,5104.8900000000003,5148.3459999999995,5191.2060000000001,5230.567,5266.2139999999999,5310.8280000000004,5346.143,5376.643,5413.4790000000003,5451.0789999999997,5482.0320000000002,5522.7439999999997,5566.23,5606.2489999999998,5639.6319999999996,5900.7690000000002]
["MS",2577.4259999999999,2591.23,2610.1930000000002,2635.5740000000001,2663.45,2690.788,2709.9250000000002,2731.826,2751.335,2768.6190000000001,2848.2930000000001,2853.0610000000001,2858.0129999999999,2866.7109999999998,2884.596,2898.2089999999998,2897.15,2921.723,2940.212,2951.9960000000001,2970.5479999999998,2978.7310000000002,2983.8159999999998,2988.7109999999998,2990.4679999999998,2988.471,2987.9380000000001,2988.51,2981.02,2976.1489999999999,3044.8119999999999]
["MO",5126.37,5157.7700000000004,5193.6859999999997,5237.7569999999996,5281.2060000000001,5324.61,5367.8879999999999,5407.1130000000003,5437.5619999999999,5468.3379999999997,5605.8680000000004,5641.9939999999997,5675.6409999999996,5704.6390000000001,5742.65,5785.13,5861.5720000000001,5909.8239999999996,5956.335,5987.58,5995.9740000000002,6010.2749999999996,6024.3670000000002,6040.7150000000001,6056.2020000000002,6071.732,6087.1350000000002,6106.67,6121.6229999999996,6137.4279999999999,6199.8819999999996]
["MT",799.82399999999996,807.83699999999999,822.43600000000004,839.87599999999998,854.923,868.52200000000005,876.65599999999995,878.70600000000002,879.53300000000002,882.779,903.28300000000002,905.85400000000004,909.85900000000004,916.75400000000002,925.96900000000005,934.88800000000003,946.23,957.22500000000002,968.03499999999997,974.98900000000003,990.697,997.31600000000003,1003.783,1013.569,1021.869,1030.4749999999999,1040.8589999999999,1052.482,1060.665,1068.778,1022.735]
["NE",1580.664,1590.8050000000001,1602.4059999999999,1612.1489999999999,1621.5509999999999,1635.1420000000001,1647.6569999999999,1656.0419999999999,1660.7719999999999,1666.028,1713.194,1717.7049999999999,1724.2360000000001,1732.873,1741.45,1751.069,1760.4349999999999,1769.912,1781.9490000000001,1796.6189999999999,1829.5419999999999,1840.672,1853.3030000000001,1865.279,1879.3209999999999,1891.277,1905.616,1915.9469999999999,1925.614,1934.4079999999999,1802.6780000000001]
["NV",1218.6289999999999,1285.046,1330.694,1380.1969999999999,1456.3879999999999,1525.777,1596.4760000000001,1675.5809999999999,1743.7719999999999,1809.2529999999999,2018.2439999999999,2093.973,2164.518,2233.83,2323.875,2401.6709999999998,2493.4050000000002,2567.752,2615.7719999999999,2643.085,2702.4050000000002,2712.73,2743.9960000000001,2775.97,2817.6280000000002,2866.9389999999999,2917.5630000000001,2969.9050000000002,3027.3409999999999,3080.1559999999999,3452.2829999999999]
["NH",1111.8309999999999,1107.0550000000001,1112.7660000000001,1122.191,1133.0540000000001,1145.604,1160.768,1173.239,1185.8230000000001,1201.134,1240.3610000000001,1256.625,1270.701,1281.26,1292.0640000000001,1300.53,1311.894,1317.3430000000001,1321.8720000000001,1324.575,1316.7619999999999,1320.202,1324.232,1326.6220000000001,1333.3409999999999,1336.35,1342.307,1348.787,1353.4649999999999,1359.711,1524.751]
["NJ",7757.1580000000004,7784.2690000000002,7827.77,7874.8909999999996,7918.7960000000003,7965.5230000000001,8009.6239999999998,8054.1779999999999,8095.5420000000004,8143.4120000000003,8430.9130000000005,8490.9419999999991,8547.41,8589.5619999999999,8620.77,8634.6569999999992,8623.7209999999995,8636.0429999999997,8663.3979999999992,8707.7389999999996,8799.4459999999999,8828.1170000000002,8844.9419999999991,8856.9719999999998,8864.5249999999996,8867.9490000000005,8870.8269999999993,8885.5249999999996,8886.0249999999996,8882.19,9461.6350000000002]
["NM",1519.933,1547.115,1580.75,1614.9369999999999,1653.329,1682.4169999999999,1706.1510000000001,1722.9390000000001,1733.5350000000001,1739.8440000000001,1820.704,1828.33,1848.9860000000001,1867.9090000000001,1889.2660000000001,1912.884,1942.6079999999999,1968.731,1986.7629999999999,2009.671,2064.5520000000001,2080.4499999999998,2087.3090000000002,2092.2730000000001,2089.5680000000002,2089.2910000000002,2091.63,2091.7840000000001,2092.741,2096.8290000000002,2084.3409999999999]
["NY",18002.855,18029.531999999999,18082.031999999999,18140.894,18156.651999999998,18150.928,18143.805,18143.184000000001,18159.174999999999,18196.600999999999,18998.429,19088.22,19161.573,19230.877,19301.113000000001,19336.376,19356.563999999998,19422.776999999998,19467.789000000001,19541.453000000001,19399.878000000001,19499.241000000002,19572.932000000001,19624.447,19651.048999999999,19654.666000000001,19633.428,19589.572,19530.350999999999,19453.561000000002,19576.919999999998]
["NC",6656.9870000000001,6748.1350000000002,6831.85,6947.4120000000003,7060.9589999999998,7185.4030000000002,7307.6580000000004,7428.6719999999996,7545.8280000000004,7650.7889999999998,8078.8239999999996,8199.9130000000005,8311.2630000000008,8409.66,8523.1990000000005,8661.0609999999997,8866.9770000000008,9064.0740000000005,9247.134,9380.884,9574.3230000000003,9657.5920000000006,9749.4760000000006,9843.3359999999993,9932.8870000000006,10031.646000000001,10154.788,10268.233,10381.615,10488.084000000001,10709.289000000001]
["ND",637.36400000000003,634.19899999999996,635.42700000000002,637.22900000000004,639.76199999999994,641.548,642.85799999999995,640.94500000000005,637.80799999999999,633.66600000000005,641.18299999999999,636.21100000000001,633.52099999999996,632.68899999999996,636.19600000000003,635.22199999999998,636.77099999999996,638.202,641.42100000000005,646.84400000000005,674.71500000000003,685.22500000000002,701.17600000000004,722.03599999999994,737.40099999999995,754.06600000000003,754.43399999999997,754.94200000000001,758.08,762.06200000000001,630.11199999999997]
["OH",10861.837,10933.683000000001,11007.609,11070.385,11111.450999999999,11155.493,11187.031999999999,11212.498,11237.752,11256.654,11363.718999999999,11391.298000000001,11410.582,11430.306,11445.094999999999,11450.954,11492.495000000001,11520.815000000001,11528.072,11542.645,11539.335999999999,11544.663,11548.923000000001,11576.683999999999,11602.7,11617.527,11634.37,11659.65,11676.341,11689.1,11644.058000000001]
["OK",3147.105,3166.471,3204.174,3228.8290000000002,3246.1190000000001,3265.547,3289.634,3314.259,3339.4780000000001,3358.0439999999999,3453.8609999999999,3463.3870000000002,3482.9459999999999,3496.1570000000002,3511.96,3530.087,3574.3339999999998,3612.1860000000001,3644.0250000000001,3687.05,3759.944,3788.3789999999999,3818.8139999999999,3853.2139999999999,3878.1869999999999,3909.5,3926.3310000000001,3931.3159999999998,3940.2350000000001,3956.971,3735.69]
["OR",2858.547,2918.7449999999999,2973.9340000000002,3034.49,3087.1419999999998,3141.4209999999998,3195.087,3243.2539999999999,3282.0549999999998,3316.154,3430.828,3470.7159999999999,3517.982,3551.877,3576.2620000000002,3621.9389999999999,3677.5450000000001,3732.9569999999999,3782.991,3825.6570000000002,3837.491,3872.0360000000001,3899.0010000000002,3922.4679999999998,3963.2440000000001,4015.7919999999999,4089.9760000000001,4143.625,4181.8860000000004,4217.7370000000001,4260.393]
["PA",11895.603999999999,11943.16,11980.819,12022.128000000001,12042.545,12044.78,12038.008,12015.888000000001,12002.329,11994.016,12285.040999999999,12284.522000000001,12298.775,12317.647000000001,12335.652,12351.880999999999,12471.142,12522.531000000001,12566.368,12604.767,12711.16,12745.815000000001,12767.118,12776.308999999999,12788.313,12784.825999999999,12782.275,12787.641,12800.922,12801.989,12787.353999999999]
["RI",1004.649,1003.99,1000.571,997.85199999999998,993.41200000000003,989.20299999999997,987.85799999999995,986.96600000000001,987.70399999999995,990.81899999999996,1050.7249999999999,1058.0650000000001,1065.9369999999999,1071.3019999999999,1071.095,1064.4390000000001,1060.1959999999999,1055.009,1053.502,1053.2090000000001,1053.9590000000001,1053.6489999999999,1054.6210000000001,1055.0809999999999,1055.9359999999999,1056.0650000000001,1056.77,1055.673,1058.287,1059.3610000000001,1154.23]
["SC",3499.0639999999999,3559.47,3600.576,3634.5070000000001,3666.4560000000001,3699.9430000000002,3738.9740000000002,3790.0659999999998,3839.578,3885.7359999999999,4023.3960000000002,4061.8440000000001,4102.2110000000002,4143.42,4196.799,4249.3850000000002,4339.3990000000003,4424.232,4503.28,4561.2420000000002,4635.6490000000003,4671.9939999999997,4717.3540000000003,4764.08,4823.6170000000002,4891.9380000000001,4957.9679999999998,5021.268,5084.1559999999999,5148.7139999999999,4822.5770000000002]
["SD",696.66700000000003,701.44500000000005,708.69799999999998,716.25800000000004,723.03800000000001,728.25099999999998,730.69899999999996,730.85500000000002,730.78899999999999,733.13300000000004,755.65700000000004,758.70500000000004,761.70899999999995,766.44,773.53899999999999,779.31500000000005,788.51900000000001,797.03499999999997,804.53200000000004,812.38300000000004,816.16600000000005,823.57899999999995,833.56600000000003,842.31600000000003,849.12900000000002,853.98800000000006,862.99599999999998,872.86800000000005,878.69799999999998,884.65899999999999,801.93899999999996]
["TN",4890.6260000000002,4946.8860000000004,5013.9989999999998,5085.6660000000002,5163.0159999999996,5241.1679999999997,5313.576,5378.433,5432.6790000000001,5483.5349999999999,5703.0940000000001,5753.4970000000003,5799.0929999999998,5849.5630000000001,5906.9359999999997,5983.2110000000002,6089.4530000000004,6172.8620000000001,6240.4560000000001,6296.2539999999999,6355.3109999999997,6399.2910000000002,6453.8980000000001,6494.34,6541.223,6591.17,6646.01,6708.799,6771.6310000000003,6829.174,6780.67]
["TX",17044.714,17339.903999999999,17650.478999999999,17996.763999999999,18338.319,18679.705999999998,19006.240000000002,19355.427,19712.388999999999,20044.141,20946.048999999999,21333.928,21713.397000000001,22062.118999999999,22424.883999999998,22811.128000000001,23369.024000000001,23837.701000000001,24304.29,24782.302,25241.971000000001,25645.629000000001,26084.481,26480.266,26964.332999999999,27470.056,27914.41,28295.273000000001,28628.666000000001,28995.881000000001,28634.896000000001]
["UT",1729.722,1771.941,1821.498,1875.9929999999999,1930.4359999999999,1976.7739999999999,2022.2529999999999,2065.3969999999999,2100.5619999999999,2129.8359999999998,2244.21,2291.0659999999998,2334.462,2380.462,2439.8519999999999,2501.2620000000002,2583.7240000000002,2663.7959999999998,2727.3429999999998,2784.5720000000001,2775.3319999999999,2814.384,2853.375,2897.64,2936.8789999999999,2981.835,3041.8679999999999,3101.0419999999999,3153.55,3205.9580000000001,2990.0940000000001]
["VT",564.52599999999995,567.14099999999996,570.11500000000001,574.00400000000002,578.9,582.827,586.35199999999998,588.66499999999996,590.57899999999995,593.74,609.87599999999998,612.13400000000001,614.99400000000003,616.702,618.43200000000002,619.28200000000004,619.98500000000001,620.46,621.04899999999998,621.76,625.87900000000002,627.04899999999998,626.09,626.21,625.21400000000006,625.21600000000001,623.65700000000004,624.34400000000005,624.35799999999995,623.98900000000003,690.68600000000004]
["VA",6213.5259999999998,6283.8530000000001,6383.3149999999996,6464.7950000000001,6536.7709999999997,6601.3919999999998,6665.491,6732.8779999999997,6789.2250000000004,6872.9120000000003,7104.3540000000003,7188.2510000000002,7276.7849999999999,7363.3,7454.6880000000001,7546.7250000000004,7646.9960000000001,7719.7489999999998,7795.424,7882.59,8023.6989999999996,8101.1549999999997,8185.08,8252.4269999999997,8310.9930000000004,8361.8080000000009,8410.1059999999998,8463.5869999999995,8501.2860000000001,8535.5190000000002,8917.3950000000004]
["WA",4900.78,5013.4430000000002,5139.0110000000004,5247.7039999999997,5334.8959999999997,5431.0240000000003,5509.9629999999997,5604.1049999999996,5687.8320000000003,5756.3609999999999,5911.1040000000003,5987.1809999999996,6055.6130000000003,6110.2020000000002,6179.6450000000004,6254.5789999999997,6372.2430000000004,6464.9790000000003,6566.0730000000003,6664.1949999999997,6742.83,6826.6270000000004,6897.058,6963.9849999999997,7054.6549999999997,7163.6570000000002,7294.7709999999997,7423.3620000000001,7523.8689999999997,7614.893,7432.1360000000004]
["WV",1792.481,1798.212,1805.462,1816.1790000000001,1818.49,1820.56,1818.9829999999999,1815.588,1811.6880000000001,1806.9280000000001,1806.9770000000001,1798.54,1799.3920000000001,1802.287,1803.3119999999999,1804.02,1807.2370000000001,1811.1980000000001,1814.873,1819.777,1854.239,1856.3009999999999,1856.8720000000001,1853.914,1849.489,1842.05,1831.0229999999999,1817.0039999999999,1804.2909999999999,1792.1469999999999,1801.1120000000001]
["WI",4902.2650000000003,4952.6750000000002,5004.6360000000004,5055.3180000000002,5095.5039999999999,5137.0039999999999,5173.8280000000004,5200.2349999999997,5222.1239999999998,5250.4459999999999,5374.1329999999998,5408.0609999999997,5444.6379999999999,5474.36,5508.7889999999998,5538.8059999999996,5571.68,5601.5709999999999,5627.61,5654.7740000000003,5690.4750000000004,5705.2879999999996,5719.96,5736.7539999999999,5751.5249999999996,5760.94,5772.6279999999997,5790.1859999999997,5807.4059999999999,5822.4340000000002,6004.9539999999997]
["WY",453.40100000000001,457.73899999999998,463.49099999999999,469.03300000000002,474.98200000000003,478.447,480.08499999999998,480.03100000000001,480.04500000000002,479.60199999999998,493.96300000000002,492.92399999999998,496.96899999999999,499.05599999999998,502.81599999999997,506.00700000000001,512.84100000000001,523.41399999999999,532.98099999999999,544.27,564.48699999999997,567.29899999999998,576.30499999999995,582.12199999999996,582.53099999999995,585.61300000000006,584.21500000000003,578.93100000000004,577.601,578.75900000000001,530.94799999999998]
[]
["USA",{"$f":"SUM(B4:B55)","v":249464.39600000001},{"$f":"SUM(C4:C55)","v":252153.09199999995},{"$f":"SUM(D4:D55)","v":255029.69899999996},257782.60799999998,260327.02100000004,262803.27599999995,265228.57200000004,267783.60699999996,270248.00299999997,272690.81300000002,282171.93599999999,285039.8029999999,287726.647,290210.91400000005,292892.12699999998,295560.549,298593.21200000006,301579.8949999999,304374.84600000002,307006.55000000005,309321.66600000003,311556.87400000001,313830.99000000005,315993.71500000003,318301.00800000003,320635.16300000006,322941.31100000005,324985.53899999999,326687.50099999999,328239.52299999993,335804.54599999997]
[]
[]
[null,null,null,null,null,null,"Source: US Census American FactFinder https://factfinder.census.gov/"]

{"sheet":"GSP from BEA","index":16,"n_rows":57,"n_cols":32,"rows_kept":57,"cut":false,"hidden":false,"merged":[[56,0,56,23]]}
["Source: U.S. Department of Commerce, Bureau of Economic Analysis 1997-2019. Annual Gross Domestic Product (GDP) by State in current dollars <https://apps.bea.gov/itable/iTable.cfm?ReqID=70>"]
["Gross Domestic Product by State (millions of current dollars)"]
["State",1990,1991,1992,1993,1994,1995,1996,1997,1998,1999,2000,2001,2002,2003,2004,2005,2006,2007,2008,2009,2010,2011,2012,2013,2014,2015,2016,2017,2018,2019,2020]
["AL",71610,76043.3,81260.100000000006,84562.8,90098.5,95819.1,100145.9,104087.4,109404.3,115030.9,119242.4,122449.3,127792.3,133739.20000000001,146524.70000000001,155970.4,163853.6,169678.4,172686.8,168348,174753,181349.8,186299,191481,194211,200402.7,203829.8,210364.4,221735.5,230968.2]
["AK",25039.5,22282.5,22752.799999999999,23284.2,23604.7,25448.799999999999,26736.9,25744.799999999999,24170.400000000001,24732.6,26778.3,28420.400000000001,29605.3,31799.7,34970.699999999997,39774.800000000003,44435.3,48972.6,54752.4,49585.9,52882.5,56259.9,57670.1,56622.8,55523.4,50641.599999999999,49363.4,51803.1,54734.1,55406.1]
["AZ",70631.7,73358.3,82682.2,89299.8,100374.2,109905.7,119530.2,132418,143392.4,155344.5,164611.6,171474.2,179413.3,192751.2,205420.79999999999,228231.2,248230.7,262322,259366.7,243929.4,248210,257947.8,268288.8,275199.09999999998,284430,297141.2,311091,327495.8,348297.1,366189.9]
["AR",38679.800000000003,41571.699999999997,45017.8,47566,51415.9,54611.8,57976.4,59865.599999999999,62442.5,66816.7,68770,70601.399999999994,73950.399999999994,78218.8,84624.5,89610,94384.5,96948.2,98955.3,97058.9,101690,106085.4,108745.2,114251.5,117336.7,118761.2,120374.8,123383.1,128418.9,133180.9]
["CA",773460,790045.6,807358.4,826446.9,861360,911576.8,964185.5,1070523.6000000001,1147841.6000000001,1247093,1366561,1384111.2,1436430.9,1527294,1632216.9,1753866.2,1874737.3,1955856,1990678.2,1920061.8,1974614.5,2050056.8,2144497.2999999998,2262771.2000000002,2395162.2999999998,2553772.2000000002,2657797.6,2819110.7,2997732.8,3137469]
["CO",75570.5,79766.2,87302.1,95658.7,104506.8,112707.9,121081,136675.29999999999,150381.70000000001,164226.79999999999,180605.5,187571.9,190962.8,196483.7,203980.2,219907.9,231205.9,246043.5,255566.8,248593.6,255140.5,264431.59999999998,273519.5,288305.2,306571.09999999998,318554.90000000002,329368.3,350004.4,371749.6,390283.9]
["CT",100169,101474.7,105758.8,107680,113115.1,123212.2,129111.3,138648.79999999999,145495.4,152338.1,165898.70000000001,173127.2,176208.2,181339.7,198662.39999999999,208766.2,222889.1,237542.7,240910.9,236393.2,237653.4,236523.7,243801,246632,248865.2,260072.6,263696.40000000002,268310.5,275726.90000000002,285640.40000000002]
["DE",19928.3,21746,22907.1,23508.6,25637.9,27720.9,29156.5,32967.699999999997,36783.199999999997,40363.599999999999,43389.4,46448.3,45757.9,47761.599999999999,51449.4,52154.1,55067.4,56278.5,54787.5,56871.199999999997,57447.4,60357.4,61975.8,60666.1,66891,70969.399999999994,69549.7,70774.8,73481.3,75415.5]
["DC",39688.400000000001,41430,43186.5,45356.2,46654.8,47093.9,47822.9,52451.9,54879.8,58832.1,61095.5,65565.899999999994,70054.7,74090.3,80471.3,85304.9,88517.2,93970,99478.5,100894.6,106120.3,110076.2,112736.5,114891,119841,125211.9,129826.1,134042.70000000001,140660.9,146194.29999999999]
["FL",256589.3,267669.09999999998,284672.59999999998,304403,327167.40000000002,346951.2,370912.5,401723,430064.2,458318.6,489488.1,516689.6,548540.30000000005,583725.69999999995,635525.5,696741.1,744464.2,768661,750501.6,724582.2,737791.1,746787.5,769309.1,800704.1,839484.1,895146.2,938774.2,985665.4,1039236.4,1093350.7]
["GA",140646.1,147759.79999999999,160061.79999999999,171658.9,187995.6,203397.1,219989,242596.2,264894.90000000002,288994.3,307611.59999999998,318753,326929.59999999998,340410.6,364255.2,386785,402144.6,415131.9,412911.9,407024.5,416883.8,429574,444132.2,460585.1,485816.7,513565.6,539525.1,566473.6,592153.4,616333.30000000005]
["HI",32534.3,34356.699999999997,36129.5,36732.400000000001,37394.9,37763.1,38124.6,37654.9,37624.400000000001,39250.400000000001,41500.199999999997,42894.3,45447.1,48929.1,53761.8,58667.9,62365,65233.5,66864.7,65692,68196.899999999994,70482.600000000006,73582.7,75788.3,77854.3,82710,85843.8,89428.9,93797.9,97281.7]
["ID",18004.2,18851.7,20631.599999999999,23099.8,25455.5,27762.400000000001,28914.6,29439,30983.9,34138.199999999997,37992.800000000003,37384.1,38715.300000000003,40341.800000000003,43739,47962.9,50976.3,53852.1,55546,53775,55170.7,56488.1,57764.4,61017.7,63521.8,66004.3,69029.399999999994,72723.199999999997,77052,80911]
["IL",279019.09999999998,288473.5,306236.3,320078.90000000002,347971.5,364450.7,383504.1,415770.7,436166.7,459322.1,487212.7,502260.3,514063.8,529455.4,558748.4,586693.9,621859.9,647862.1,646366.6,644690.1,662637.80000000005,688288.9,720702.3,739627.9,765347.7,792999.4,806315.5,826817.8,865310.4,897123.5]
["IN",110859.6,114637,124714.3,132108.20000000001,143335.20000000001,150403.9,158350.1,170545.3,184582.1,193100.6,203052.9,204581.1,212430.3,223495.3,236935.8,243738.3,255054.6,269053.59999999998,272845.59999999998,261238.3,280120.7,288749.09999999998,297552.7,308681.7,324934.5,330032.2,338126.1,351105.6,366800.5,377104.3]
["IA",56121.5,57944.2,61870.3,63385.5,70161,73136.600000000006,78819.199999999997,82572.2,84546.9,87662.3,93028.6,94770.8,98976.1,105073.5,116652.5,122224,126884.2,136977,136553.60000000001,136251.20000000001,141482,147227,157250.79999999999,160299.79999999999,171561,178472.6,179546.6,181846.3,189701.6,194788.7]
["KS",51873.7,53980.7,56901.7,58953.2,63304.1,65281.9,69616.100000000006,74664.600000000006,78478.8,81853,85853.2,88380.4,90949.3,94603.5,97676.4,103936.6,112650.3,122453.3,127682.4,124340.7,127744.8,135315.29999999999,140477.79999999999,143220.70000000001,148225.60000000001,152374.1,156857.4,161219.6,168318,173142.5]
["KY",68412.100000000006,71679.199999999997,77531.399999999994,81618.100000000006,87645.7,91914.7,96616.8,104584,109656.2,115258.5,114293.2,117430.8,122193.1,126970.6,134194.1,142649,151006.79999999999,154531.70000000001,158099,155779.70000000001,164605.5,169940.7,176302.3,182359.2,186523,191923.3,195342.2,200715.4,208087.5,214671.2]
["LA",95177.1,96043.199999999997,90889.7,95866.4,105118.9,112875.7,118807.2,116494.7,120429.3,125989.9,132809.9,137845.1,139537.9,154361.60000000001,169873.2,197566.5,205799.5,206641.1,215068.9,206884.9,225677,228987.5,233623.1,228967.4,238679.5,234299.1,227226.7,239204.3,257287.8,263856.8]
["ME",23256.1,23378.6,24329.4,25201.9,26543.5,28152.6,29255.9,30630.6,32166.6,34382.1,36841,38500.800000000003,40183.699999999997,41838.5,44526.3,45874.8,47921.1,49148.6,49973.8,50556.5,51710.7,51866.7,52874,53719,55795.4,57525.7,59753.9,62040.3,64856,67518.600000000006]
["MD",112834.8,115427.6,119535.3,125515.4,133311.29999999999,139070.1,145023.1,159335.79999999999,169980.1,180207,192106.3,205449.8,218299.3,228690,246762,265929.5,279468.3,287872.8,296435.40000000002,302507.3,316451.5,328058.40000000002,334821.59999999998,341255.3,352046.7,367096.5,384889.1,394258.6,412584.2,428338.6]
["MA",159504.9,160727.6,167434.9,173527.4,185710.2,196408.7,210630.5,237316.4,249154.2,264779.40000000002,289926.5,296834.09999999998,303967.09999999998,315299.8,330669.90000000002,345586,361266,379877.2,388583.2,391265.1,409762.5,425593.2,444329.8,454345.7,473279,502858,519407.6,540786,569488,595558.69999999995]
["MI",193102.7,197717.2,212056.8,226368,251483.9,256614.9,270319.7,299843.20000000001,312611,337561.2,351572.7,348529,362271.1,373839.3,381228.9,394229,395451,403735.8,386053.9,365591.7,386625.9,401105.4,418857.4,432717.6,449127.7,474301.4,491774.2,505561.2,527095.80000000005,541550.6]
["MN",102756.6,106102.5,114517.8,117947.4,128167.2,135124.1,145880.29999999999,155921.9,166292.70000000001,174650,189964.79999999999,194646.5,202766,215155.9,230282,242862.7,249735,258827.2,264688,259958.7,271821.2,283807.3,294296.59999999998,306153,319778.7,329493.2,339100.1,351416.8,368852.4,380854.9]
["MS",38757,40862.1,44011.8,47340.3,51601.599999999999,54984.3,57460.1,58339.9,60992.3,63827.199999999997,65645.899999999994,67028.600000000006,68865.8,73332.2,77214.399999999994,80995.7,85869,91057.600000000006,96843.6,93205.6,95208.4,96371.6,99614.6,101638.1,104146,105883.4,107096.6,110223.4,114834.2,118779.9]
["MO",103565.7,109161.60000000001,115288.4,118905.60000000001,130566.7,140059.79999999999,148256.79999999999,163151.9,169368.7,177360.5,187296.8,191199,196597.6,204009.5,214218.1,223497.1,231771.5,240158.8,250581.1,251780,258544.1,260093.5,268761.5,277851.09999999998,284712.5,294794.59999999998,297582.59999999998,304946.2,318921,332082.09999999998]
["MT",13241.9,13875.2,14936.9,16054.4,17062.099999999999,17519.3,18118.7,19307.099999999999,20444.900000000001,20829.900000000001,21885.200000000001,22851.7,23880.5,25637.599999999999,27939.200000000001,30529.7,32933.300000000003,36074.1,36862.5,35983.9,38054.6,40579.300000000003,42005.8,43141,44495.7,46152.9,45457.9,47559.1,50326.6,52169.1]
["NE",33734.300000000003,35613.300000000003,38213.599999999999,39353.4,43504.3,45111.3,49006.9,49886,51829.3,53689.3,56503.7,59467,61604.4,66415.600000000006,70288.800000000003,73959,78150,83122.8,85200.6,86830.3,91812.800000000003,99613.4,102269,107604.3,111161.7,115328,116193.8,120517.4,123977.9,127036.5]
["NV",30980,32785.599999999999,36051.599999999999,40039.1,45172.800000000003,49249.3,54418.6,60593.4,65315,71534.899999999994,76627.100000000006,80426.600000000006,84733.5,90778.8,104420.6,117856.1,127575.7,131599.79999999999,129372.4,121109.5,123598.1,126657.1,128043,130621.4,135153.20000000001,144232.4,151215.1,158847.6,169309.9,177614.6]
["NH",23767.8,24762.6,26331.8,27362.1,29190.1,31875.5,34560.6,38214.9,40557.800000000003,41880,45225.5,46629.7,48678.5,51378.400000000001,54126.7,56352.1,59411.6,60732.7,60918.7,61937.4,64151.6,65430.5,67689.2,70181.899999999994,72340.100000000006,76033.3,78477.899999999994,80900.2,84463.9,88595]
["NJ",214357,221915,230774.5,240389.4,251572.6,263468,278191.09999999998,307895.7,319946.2,336649.9,362006.9,373755.6,388337.7,405198.5,422889.1,440773.8,464458.9,480539,495121.8,486512.8,495149,499114.9,519745.8,533686.69999999995,546686.5,569679.5,582427.5,595324.5,622002.80000000005,644841.4]
["NM",26600.3,30295.3,32638.400000000001,36876.1,41684.5,42145.9,44532.1,52511.1,50682.3,53092.800000000003,55232.9,55986.2,58055.5,62895.9,69740.7,73684.2,77426.100000000006,80572.800000000003,83724.2,82017.399999999994,83989.2,86625,87601.600000000006,88411.199999999997,92480.7,90969,91043.6,94267.1,100296.8,104001.5]
["NY",493191.9,497336,519703.9,537504.19999999995,555321.80000000005,582656.30000000005,620153.4,718322.5,745223.7,793721.1,838660.3,877149.3,886792.7,905280.6,955192,1015046.3,1071393.1000000001,1108896,1099234.3999999999,1152812.1000000001,1213946.8999999999,1236061.3999999999,1322447.8999999999,1355581.4,1427495.2,1487754.1,1539555.2,1604133.6,1668866.2,1731910.4]
["NC",139658.4,146367.5,159337,168005.7,181287.8,193466.7,203815,233924.3,245907.3,264063.5,275694.2,288683.5,298110,309318.2,328037.59999999998,352394.5,383522.3,396347.6,413363.3,406477.4,415206.40000000002,427205.6,439571,455521.6,475994.6,503628.79999999999,519122.1,538401.6,563690.5,587711]
["ND",11509.1,11691.3,12896.2,13049.3,14303.8,14841.9,16491,15730.3,16792.7,16983.7,17976.099999999999,18919.599999999999,20209,22077.4,23167.8,24417.3,26120,28679.7,31722.1,32002.5,35426.300000000003,41179.199999999997,51345.1,53881.7,58650,55012.2,50833.1,52472.3,56082.3,57036.800000000003]
["OH",227412.9,233975.4,250649.60000000001,259611.6,281924.7,297538.2,311120.09999999998,343467.2,361629.1,376034.8,391137.8,395622.5,411967,424915.5,445541.1,465809.3,477180.4,490965,495742.6,480322,497208.2,525388.4,540819.30000000005,561045.5,593355.1,610772.30000000005,622835.19999999995,645326,675905.2,698458.2]
["OK",57804.800000000003,59632.1,62208.5,65552.100000000006,68250.7,70859.399999999994,76316.3,79096,81209.100000000006,84062.9,90792.7,96767,99163,105243.3,113148.7,124563.3,137083.6,144893.29999999999,159660,145736.4,152911.4,165035.6,173483.7,182618.4,195023.2,185936.7,178913.2,188368.1,202554.1,206058.1]
["OR",56565.599999999999,59441,63392.3,69408.5,75393.100000000006,81553.7,93306.4,100888.6,105111.5,107546.3,117258.3,117274.7,121229.5,127211.6,136238.5,143662.6,155153.29999999999,161512,165189.1,160640.70000000001,163827.6,170621.3,174493.1,179382.7,188880.2,203158.9,215050.4,226618.9,239782.8,251604.5]
["PA",245280.8,255162.7,269849.2,281703.7,296601.59999999998,312989.40000000002,325000.7,356146.1,372738.5,389715.7,407652.8,424965.2,436985.5,455106.8,481738.9,505584.6,526396.30000000005,560753.4,582240.19999999995,577379.80000000005,599312.80000000005,618987.69999999995,641317.30000000005,663900.80000000005,691187.5,711205.4,726163.9,744290.1,783167.8,813513.6]
["RI",21663.9,21737.8,22665.200000000001,23566.400000000001,24353.7,25549.8,26453.7,28929.9,30719.9,32295.5,34516.400000000001,35992.1,38132.1,40272.800000000003,43245.599999999999,45162.400000000001,47711.8,47845.599999999999,47107.8,47901.4,49571.8,50175.9,51642,53209.9,54427.3,56759.4,57693.9,58506.3,60587.6,63541.1]
["SC",65156.9,68000.3,71848,76158.3,82061.5,87247.7,90754.8,97393,103642.6,110251.8,115246.8,119301.4,124160.1,130337.4,135160.1,142616.6,150659.1,159362.5,161804.70000000001,159835.6,163856.79999999999,170087.2,175374.8,183014.9,191938.2,203920.9,212987.4,223111.1,233929.9,246308.9]
["SD",12770.3,13736.1,14885.5,16104.5,17329.599999999999,18053.8,19418.7,19000,20184.7,21050.799999999999,22690.7,23512.799999999999,26337.5,27445,29628.9,30659.4,31898.6,34701.599999999999,36668.5,36193.1,37484.400000000001,41541.5,43444.6,44814.9,46046.5,47752.3,48606.1,49738.7,52014.9,53305.7]
["TN",94086.7,101208.4,111660.4,119567.6,129895.2,137061.20000000001,143162.6,154412.9,167308.4,175819.8,181629.5,185774.7,195289.2,203833.7,218020.6,228099.4,240193.9,244252.4,251609,250544.4,255935.8,267659.09999999998,283721.8,292803.90000000002,303809,322663.59999999998,335025.7,345949.8,364104.9,380137.9]
["TX",378943.1,393573.9,416401.3,443775.4,475989.7,507725.3,551512.5,610256.5,645696.9,681335.4,738871,773006.7,787257.8,829764.4,906321,986401.3,1085294.8999999999,1178583.1000000001,1237394.8999999999,1163401.3,1237196.8,1331220.6000000001,1411378.7,1502249.8,1572818.4,1568457,1565632.2,1665631.8,1802511.2,1886956.1]
["UT",31249.3,33501,35602.300000000003,38631.4,42591.1,46746.400000000001,52016,57699.7,62291.4,66022.600000000006,70291.8,73226,75998.8,79149.100000000006,85701.9,94194.9,106124.2,114652.7,115985.4,113332.9,117960.5,124539.4,128721,134252.1,141259.70000000001,149371.6,157883.29999999999,167254.6,178137.60000000001,188501.4]
["VT",11673.6,11732.6,12538.3,13026.9,13689.2,13891.4,14672.4,15415,16073.1,17159.3,18311.900000000001,19274.099999999999,20163.3,21130.1,22666,23509.3,24309.8,24696.799999999999,25678,25867.8,27108.400000000001,28135.1,28887.4,29098.799999999999,29701.3,30729.599999999999,31659,32209.8,33256.300000000003,34785.1]
["VA",144970.6,151092.6,158990.20000000001,167688.4,177057.3,186235.6,197756.4,217251.9,233095.5,249798.3,266886.40000000002,284001.90000000002,293275.90000000002,309981.2,332250.59999999998,360299.8,379129.4,392917.3,399032.1,408918.7,422902,432392.7,444950,455070,463477.6,484216.6,493877.9,509372.8,532892.5,554211]
["WA",118640.2,125895,134469,142499.70000000001,150805.20000000001,155068.6,166539.79999999999,193897.60000000001,210205,230554.9,237831.8,239425.7,248189.1,258262.8,270115.20000000001,296100.7,317167.2,346442.8,355677.8,353632,365551.9,379539,400863.3,419345,442201.3,470329.3,491358.2,524814.6,565831,599607.69999999995]
["WV",27754.3,29092.1,30410.3,31881.4,34592.1,36148.699999999997,37224.199999999997,38839.699999999997,40086.1,41831,42606.9,43977.599999999999,45433.7,46667.9,49271.7,53259,56530,58635.8,62066.7,62957.8,65274.1,68524.899999999994,69399,71037.600000000006,71919.199999999997,70281,69721.399999999994,73162.899999999994,77437.600000000006,78189.5]
["WI",100235.8,104773.9,112972.1,120023.9,129436.7,135311.29999999999,143443.79999999999,153240.70000000001,162523,172258.1,180539,187939.3,194813.1,203134.7,215138.9,225697.9,235708.6,243766.7,244759.9,245539,254354.1,263881.59999999998,274343.90000000002,282384.59999999998,293884.59999999998,305816.5,313532.40000000002,321987.7,336294,347306.1]
["WY",12705.5,12977.4,13178.7,13790.6,14070.4,14608.1,15752.2,14724.3,14928.2,15710.9,17205.400000000001,18660.7,19115.599999999999,21027.5,23186.7,27177.599999999999,32405.1,36602.5,42540.4,36042.199999999997,37401.199999999997,39370.699999999997,38431.699999999997,38922.5,39436.1,37721.5,35740.300000000003,37453.599999999999,39118.5,39646.199999999997]
[]
["USA*",5651746.7000000002,5842664.7000000002,6167644.2000000002,6467697.5,6912843.5,7299371.5,7749965.4000000004,8577552,9062817,9630663,10252347,10581822,10936418,11458246,12213730,13036637,13814609,14451860,14712845,14448932,14992052,15542582,16197007,16784851,17527258,18224780,18715040,19519424,20580223,21427690]
["* The difference between the United States and sum-of-states reflects overseas activity, economic activity taking place outside the borders of the United States by the military and associated federal civilian support staff."]

{"sheet":"Factors","index":17,"n_rows":55,"n_cols":11,"rows_kept":55,"cut":false,"hidden":false,"merged":[]}
[]
[]
[null,null,null,null,null,null,null,null,1,{"$f":"VLOOKUP(StateChoice,$I$4:$K$55,2,FALSE)","v":"Select a State . . ."},{"$f":"VLOOKUP(StateChoice,$I$4:$K$55,3,FALSE)","v":"XX"}]
[null,null,null,null,null,null,null,null,1,"Select a State . . .","XX"]
[null,null,null,null,null,null,null,null,2,"Alabama","AL"]
[null,"CH4 GWP",25,null,null,null,null,null,3,"Alaska","AK"]
[null,"N2O GWP",298,null,null,null,null,null,4,"Arizona","AZ"]
[null,null,null,null,null,null,null,null,5,"Arkansas","AR"]
[null,null,null,null,null,null,null,null,6,"California","CA"]
[null,null,null,null,null,null,null,null,7,"Colorado","CO"]
[null,"CO2 / C",{"$f":"44/12","v":3.6666666666666665},null,null,null,null,null,8,"Connecticut","CT"]
[null,"C / CO2",{"$f":"12/44","v":0.27272727272727271},null,null,null,null,null,9,"Delaware","DE"]
[null,null,null,null,null,null,null,null,10,"District of Columbia","DC"]
[null,null,null,null,null,null,null,null,11,"Florida","FL"]
[null,"Multiplier",1,null,null,null,null,null,12,"Georgia","GA"]
[null,"Units","MMTCO2E",null,null,null,null,null,13,"Hawaii","HI"]
[null,null,null,null,null,null,null,null,14,"Idaho","ID"]
[null,null,null,null,null,null,null,null,15,"Illinois","IL"]
[null,"VersionNumber",1,null,null,null,null,null,16,"Indiana","IN"]
[null,"VersionDate","2020-10-06",null,null,null,null,null,17,"Iowa","IA"]
[null,"Year",2018,null,null,null,null,null,18,"Kansas","KS"]
[null,null,null,null,null,null,null,null,19,"Kentucky","KY"]
[null,null,null,null,null,null,null,null,20,"Louisiana","LA"]
[null,null,null,null,null,null,null,null,21,"Maine","ME"]
[null,null,null,null,null,null,null,null,22,"Maryland","MD"]
[null,null,null,null,null,null,null,null,23,"Massachusetts","MA"]
[null,null,null,null,null,null,null,null,24,"Michigan","MI"]
[null,null,null,null,null,null,null,null,25,"Minnesota","MN"]
[null,null,null,null,null,null,null,null,26,"Mississippi","MS"]
[null,null,null,null,null,null,null,null,27,"Missouri","MO"]
[null,null,null,null,null,null,null,null,28,"Montana","MT"]
[null,null,null,null,null,null,null,null,29,"Nebraska","NE"]
[null,null,null,null,null,null,null,null,30,"Nevada","NV"]
[null,null,null,null,null,null,null,null,31,"New Hampshire","NH"]
[null,null,null,null,null,null,null,null,32,"New Jersey","NJ"]
[null,null,null,null,null,null,null,null,33,"New Mexico","NM"]
[null,null,null,null,null,null,null,null,34,"New York","NY"]
[null,null,null,null,null,null,null,null,35,"North Carolina","NC"]
[null,null,null,null,null,null,null,null,36,"North Dakota","ND"]
[null,null,null,null,null,null,null,null,37,"Ohio","OH"]
[null,null,null,null,null,null,null,null,38,"Oklahoma","OK"]
[null,null,null,null,null,null,null,null,39,"Oregon","OR"]
[null,null,null,null,null,null,null,null,40,"Pennsylvania","PA"]
[null,null,null,null,null,null,null,null,41,"Rhode Island","RI"]
[null,null,null,null,null,null,null,null,42,"South Carolina","SC"]
[null,null,null,null,null,null,null,null,43,"South Dakota","SD"]
[null,null,null,null,null,null,null,null,44,"Tennessee","TN"]
[null,null,null,null,null,null,null,null,45,"Texas","TX"]
[null,null,null,null,null,null,null,null,46,"Utah","UT"]
[null,null,null,null,null,null,null,null,47,"Vermont","VT"]
[null,null,null,null,null,null,null,null,48,"Virginia","VA"]
[null,null,null,null,null,null,null,null,49,"Washington","WA"]
[null,null,null,null,null,null,null,null,50,"West Virginia","WV"]
[null,null,null,null,null,null,null,null,51,"Wisconsin","WI"]
[null,null,null,null,null,null,null,null,52,"Wyoming","WY"]

{"sheet":"Notes","index":18,"n_rows":4,"n_cols":26,"rows_kept":4,"cut":false,"hidden":false,"merged":[]}
[null,null,null,null,null,null,null,null,null,null,null,null,null,null,null,null,null,null,null,null,null,null,null,null,null,"Wastewater"]
[null,null,null,null,null,null,null,null,null,null,null,null,null,null,null,null,null,null,null,null,null,null,null,null,null,"$B$4"]
["Notes and Comments"]
["Use this sheet to keep a record of data sources, edits, or any other useful notes about the use of this tool."]